216.244.66.229 - - [05/Jul/2025:07:47:37 +0000] "GET /robots.txt HTTP/1.1" 404 - "-" "Mozilla/5.0 (compatible; DotBot/1.2; +https://opensiteexplorer.org/dotbot; help@moz.com)"
216.244.66.229 - - [05/Jul/2025:07:47:37 +0000] "GET /robots.txt HTTP/1.1" 404 - "-" "Mozilla/5.0 (compatible; DotBot/1.2; +https://opensiteexplorer.org/dotbot; help@moz.com)"
114.119.152.177 - - [05/Jul/2025:07:49:27 +0000] "GET /tmp/webalizer/ctry_usage_202102.png HTTP/1.1" 200 4285 "http://wrightimagegroup.org/tmp/webalizer/usage_202102.html" "Mozilla/5.0 (Linux; Android 7.0;) AppleWebKit/537.36 (KHTML, like Gecko) Mobile Safari/537.36 (compatible; PetalBot;+https://webmaster.petalsearch.com/site/petalbot)"
114.119.149.89 - - [05/Jul/2025:07:50:51 +0000] "GET /tmp/awstats/awstats092020.wrightimagegroup.com.txt HTTP/1.1" 200 13685 "http://wrightimagegroup.org/tmp/awstats/?C=S%3BO%3DA" "Mozilla/5.0 (Linux; Android 7.0;) AppleWebKit/537.36 (KHTML, like Gecko) Mobile Safari/537.36 (compatible; PetalBot;+https://webmaster.petalsearch.com/site/petalbot)"
51.222.253.3 - - [05/Jul/2025:07:52:37 +0000] "GET /tmp/webalizer/usage_202409.html HTTP/1.1" 304 - "-" "Mozilla/5.0 (compatible; AhrefsBot/7.0; +http://ahrefs.com/robot/)"
114.119.146.18 - - [05/Jul/2025:07:53:05 +0000] "GET /tmp/awstats/awstats062020.wrightimagegroup.com.txt HTTP/1.1" 200 11219 "http://wrightimagegroup.org/tmp/awstats/?C=S%3BO%3DA" "Mozilla/5.0 (Linux; Android 7.0;) AppleWebKit/537.36 (KHTML, like Gecko) Mobile Safari/537.36 (compatible; PetalBot;+https://webmaster.petalsearch.com/site/petalbot)"
51.222.253.17 - - [05/Jul/2025:07:57:30 +0000] "GET /tmp/analog/ssl/wrightimagegroup.wrightimagegroup.com/4.html HTTP/1.1" 304 - "-" "Mozilla/5.0 (compatible; AhrefsBot/7.0; +http://ahrefs.com/robot/)"
51.222.253.7 - - [05/Jul/2025:07:58:28 +0000] "GET /tmp/webalizer/usage_202406.html HTTP/1.1" 304 - "-" "Mozilla/5.0 (compatible; AhrefsBot/7.0; +http://ahrefs.com/robot/)"
216.244.66.230 - - [05/Jul/2025:08:05:55 +0000] "GET /robots.txt HTTP/1.1" 404 - "-" "Mozilla/5.0 (compatible; DotBot/1.2; +https://opensiteexplorer.org/dotbot; help@moz.com)"
51.222.253.13 - - [05/Jul/2025:08:06:22 +0000] "GET /tmp/webalizer/usage_202504.html HTTP/1.1" 304 - "-" "Mozilla/5.0 (compatible; AhrefsBot/7.0; +http://ahrefs.com/robot/)"
216.244.66.229 - - [05/Jul/2025:08:08:33 +0000] "GET /.htpasswds/?C=N;O%3DD HTTP/1.1" 200 680 "-" "Mozilla/5.0 (compatible; DotBot/1.2; +https://opensiteexplorer.org/dotbot; help@moz.com)"
216.244.66.229 - - [05/Jul/2025:08:08:37 +0000] "GET /mail/?C=D%3BO%3DA HTTP/1.1" 200 2864 "-" "Mozilla/5.0 (compatible; DotBot/1.2; +https://opensiteexplorer.org/dotbot; help@moz.com)"
216.244.66.229 - - [05/Jul/2025:08:08:41 +0000] "GET /mail/?C=N;O%3DA HTTP/1.1" 200 2864 "-" "Mozilla/5.0 (compatible; DotBot/1.2; +https://opensiteexplorer.org/dotbot; help@moz.com)"
216.244.66.229 - - [05/Jul/2025:08:09:17 +0000] "GET /mail/wrightimagegroup.com/?C=D;O=D HTTP/1.1" 200 710 "-" "Mozilla/5.0 (compatible; DotBot/1.2; +https://opensiteexplorer.org/dotbot; help@moz.com)"
51.222.253.5 - - [05/Jul/2025:08:09:40 +0000] "GET /tmp/cpbandwidth/?C=M;O=A HTTP/1.1" 200 911 "-" "Mozilla/5.0 (compatible; AhrefsBot/7.0; +http://ahrefs.com/robot/)"
216.244.66.229 - - [05/Jul/2025:08:09:43 +0000] "GET /ssl/certs/?C=D;O%3DA HTTP/1.1" 200 682 "-" "Mozilla/5.0 (compatible; DotBot/1.2; +https://opensiteexplorer.org/dotbot; help@moz.com)"
216.244.66.229 - - [05/Jul/2025:08:09:45 +0000] "GET /tmp/analog/?C=S;O%3DD HTTP/1.1" 200 5841 "-" "Mozilla/5.0 (compatible; DotBot/1.2; +https://opensiteexplorer.org/dotbot; help@moz.com)"
216.244.66.229 - - [05/Jul/2025:08:10:21 +0000] "GET /?locale=bg HTTP/1.1" 200 2800 "-" "Mozilla/5.0 (compatible; DotBot/1.2; +https://opensiteexplorer.org/dotbot; help@moz.com)"
51.222.253.10 - - [05/Jul/2025:08:15:02 +0000] "GET /ssl/keys/?C=D;O=A HTTP/1.1" 200 696 "-" "Mozilla/5.0 (compatible; AhrefsBot/7.0; +http://ahrefs.com/robot/)"
216.244.66.229 - - [05/Jul/2025:08:17:51 +0000] "GET /?%27+print%289347655345-4954366%29+%27 HTTP/1.1" 200 2800 "-" "Mozilla/5.0 (compatible; DotBot/1.2; +https://opensiteexplorer.org/dotbot; help@moz.com)"
51.222.253.5 - - [05/Jul/2025:08:20:36 +0000] "GET /ssl/keys/?C=M;O=A HTTP/1.1" 200 696 "-" "Mozilla/5.0 (compatible; AhrefsBot/7.0; +http://ahrefs.com/robot/)"
216.244.66.230 - - [05/Jul/2025:08:20:43 +0000] "GET /mail/tmp/?C=S%3BO%3DA HTTP/1.1" 200 697 "-" "Mozilla/5.0 (compatible; DotBot/1.2; +https://opensiteexplorer.org/dotbot; help@moz.com)"
114.119.132.85 - - [05/Jul/2025:08:22:46 +0000] "GET /tmp/awstats/awstats112016.triumphofflight.org.wrightimagegroup.com.txt HTTP/1.1" 200 6797 "http://wrightimagegroup.org/tmp/awstats/?C=S%3BO%3DA" "Mozilla/5.0 (Linux; Android 7.0;) AppleWebKit/537.36 (KHTML, like Gecko) Mobile Safari/537.36 (compatible; PetalBot;+https://webmaster.petalsearch.com/site/petalbot)"
51.222.253.11 - - [05/Jul/2025:08:26:01 +0000] "GET /tmp/analog/ssl/?C=M;O=A HTTP/1.1" 200 1109 "-" "Mozilla/5.0 (compatible; AhrefsBot/7.0; +http://ahrefs.com/robot/)"
51.222.253.3 - - [05/Jul/2025:08:30:59 +0000] "GET /ssl/keys/?C=S;O=A HTTP/1.1" 200 696 "-" "Mozilla/5.0 (compatible; AhrefsBot/7.0; +http://ahrefs.com/robot/)"
54.36.148.128 - - [05/Jul/2025:08:33:47 +0000] "GET /robots.txt HTTP/1.1" 404 - "-" "Mozilla/5.0 (compatible; AhrefsBot/7.0; +http://ahrefs.com/robot/)"
51.222.253.18 - - [05/Jul/2025:08:33:48 +0000] "GET /tmp/analog/10.html HTTP/1.1" 304 - "-" "Mozilla/5.0 (compatible; AhrefsBot/7.0; +http://ahrefs.com/robot/)"
216.244.66.229 - - [05/Jul/2025:08:34:04 +0000] "GET /robots.txt HTTP/1.1" 404 - "-" "Mozilla/5.0 (compatible; DotBot/1.2; +https://opensiteexplorer.org/dotbot; help@moz.com)"
51.222.253.9 - - [05/Jul/2025:08:36:02 +0000] "GET /tmp/cpbandwidth/?C=S;O=A HTTP/1.1" 200 911 "-" "Mozilla/5.0 (compatible; AhrefsBot/7.0; +http://ahrefs.com/robot/)"
34.225.243.131 - - [05/Jul/2025:08:38:44 +0000] "GET /tmp/analog/cache HTTP/1.1" 200 205730 "-" "Mozilla/5.0 AppleWebKit/537.36 (KHTML, like Gecko; compatible; Amazonbot/0.1; +https://developer.amazon.com/support/amazonbot) Chrome/119.0.6045.214 Safari/537.36"
51.222.253.12 - - [05/Jul/2025:08:42:40 +0000] "GET /tmp/analog/6.html HTTP/1.1" 304 - "-" "Mozilla/5.0 (compatible; AhrefsBot/7.0; +http://ahrefs.com/robot/)"
51.222.253.16 - - [05/Jul/2025:08:51:08 +0000] "GET /tmp/analog/4.html HTTP/1.1" 304 - "-" "Mozilla/5.0 (compatible; AhrefsBot/7.0; +http://ahrefs.com/robot/)"
216.244.66.230 - - [05/Jul/2025:08:51:21 +0000] "GET /robots.txt HTTP/1.1" 404 - "-" "Mozilla/5.0 (compatible; DotBot/1.2; +https://opensiteexplorer.org/dotbot; help@moz.com)"
216.244.66.229 - - [05/Jul/2025:08:54:57 +0000] "GET /etc/?C=S%3BO%3DA HTTP/1.1" 200 1206 "-" "Mozilla/5.0 (compatible; DotBot/1.2; +https://opensiteexplorer.org/dotbot; help@moz.com)"
216.244.66.229 - - [05/Jul/2025:08:55:02 +0000] "GET /logs/?C=M;O%3DA HTTP/1.1" 200 3284 "-" "Mozilla/5.0 (compatible; DotBot/1.2; +https://opensiteexplorer.org/dotbot; help@moz.com)"
216.244.66.229 - - [05/Jul/2025:08:55:07 +0000] "GET /ssl/?C=S;O%3DD HTTP/1.1" 200 1540 "-" "Mozilla/5.0 (compatible; DotBot/1.2; +https://opensiteexplorer.org/dotbot; help@moz.com)"
216.244.66.229 - - [05/Jul/2025:08:56:08 +0000] "GET /.cpaddons/moderation/?C=N;O%3DD HTTP/1.1" 200 710 "-" "Mozilla/5.0 (compatible; DotBot/1.2; +https://opensiteexplorer.org/dotbot; help@moz.com)"
216.244.66.229 - - [05/Jul/2025:08:56:10 +0000] "GET /public_ftp/incoming/?C=S;O%3DA HTTP/1.1" 200 709 "-" "Mozilla/5.0 (compatible; DotBot/1.2; +https://opensiteexplorer.org/dotbot; help@moz.com)"
216.244.66.229 - - [05/Jul/2025:08:56:16 +0000] "GET /ssl/csrs/?C=D;O%3DA HTTP/1.1" 200 680 "-" "Mozilla/5.0 (compatible; DotBot/1.2; +https://opensiteexplorer.org/dotbot; help@moz.com)"
114.119.140.169 - - [05/Jul/2025:08:58:43 +0000] "GET /tmp/webalizer/usage_202305.html HTTP/1.1" 200 106272 "http://wrightimagegroup.org/tmp/webalizer/usage_202305.html" "Mozilla/5.0 (Linux; Android 7.0;) AppleWebKit/537.36 (KHTML, like Gecko) Mobile Safari/537.36 (compatible; PetalBot;+https://webmaster.petalsearch.com/site/petalbot)"
51.222.253.6 - - [05/Jul/2025:08:59:46 +0000] "GET /tmp/analog/2.html HTTP/1.1" 304 - "-" "Mozilla/5.0 (compatible; AhrefsBot/7.0; +http://ahrefs.com/robot/)"
114.119.144.41 - - [05/Jul/2025:09:00:07 +0000] "GET /tmp/awstats/awstats092020.wrightimagegroup.wrightimagegroup.com.txt HTTP/1.1" 200 19132 "http://wrightimagegroup.org/tmp/awstats/?C=S%3BO%3DA" "Mozilla/5.0 (Linux; Android 7.0;) AppleWebKit/537.36 (KHTML, like Gecko) Mobile Safari/537.36 (compatible; PetalBot;+https://webmaster.petalsearch.com/site/petalbot)"
216.244.66.229 - - [05/Jul/2025:09:00:12 +0000] "GET /tmp/analog/ssl/wrightimagegroup.com/?C=D;O%3DA HTTP/1.1" 200 5132 "-" "Mozilla/5.0 (compatible; DotBot/1.2; +https://opensiteexplorer.org/dotbot; help@moz.com)"
66.249.73.68 - - [05/Jul/2025:09:04:45 +0000] "GET /access-logs/ HTTP/1.1" 200 1699 "-" "Mozilla/5.0 (Linux; Android 6.0.1; Nexus 5X Build/MMB29P) AppleWebKit/537.36 (KHTML, like Gecko) Chrome/137.0.7151.103 Mobile Safari/537.36 (compatible; Googlebot/2.1; +http://www.google.com/bot.html)"
51.222.253.4 - - [05/Jul/2025:09:07:25 +0000] "GET /tmp/analog/6.html HTTP/1.1" 304 - "-" "Mozilla/5.0 (compatible; AhrefsBot/7.0; +http://ahrefs.com/robot/)"
51.222.253.9 - - [05/Jul/2025:09:09:12 +0000] "GET /?C=D;O=A HTTP/1.1" 200 2812 "-" "Mozilla/5.0 (compatible; AhrefsBot/7.0; +http://ahrefs.com/robot/)"
114.119.140.169 - - [05/Jul/2025:09:14:44 +0000] "GET /tmp/awstats/ssl/awstats022022.wrightimagegroup.com.txt HTTP/1.1" 200 8622 "http://wrightimagegroup.org/tmp/awstats/ssl/?C=M%3BO%3DA" "Mozilla/5.0 (Linux; Android 7.0;) AppleWebKit/537.36 (KHTML, like Gecko) Mobile Safari/537.36 (compatible; PetalBot;+https://webmaster.petalsearch.com/site/petalbot)"
51.222.253.15 - - [05/Jul/2025:09:15:26 +0000] "GET /?C=M;O=A HTTP/1.1" 200 2812 "-" "Mozilla/5.0 (compatible; AhrefsBot/7.0; +http://ahrefs.com/robot/)"
51.222.253.19 - - [05/Jul/2025:09:15:48 +0000] "GET /tmp/analog/ssl/wrightimagegroup.wrightimagegroup.com/4.html HTTP/1.1" 304 - "-" "Mozilla/5.0 (compatible; AhrefsBot/7.0; +http://ahrefs.com/robot/)"
216.244.66.230 - - [05/Jul/2025:09:19:49 +0000] "GET /triumphofflight.com/?C=M;O%3DD HTTP/1.1" 200 890 "-" "Mozilla/5.0 (compatible; DotBot/1.2; +https://opensiteexplorer.org/dotbot; help@moz.com)"
216.244.66.229 - - [05/Jul/2025:09:22:11 +0000] "GET /robots.txt HTTP/1.1" 404 - "-" "Mozilla/5.0 (compatible; DotBot/1.2; +https://opensiteexplorer.org/dotbot; help@moz.com)"
216.244.66.229 - - [05/Jul/2025:09:22:12 +0000] "GET /robots.txt HTTP/1.1" 404 - "-" "Mozilla/5.0 (compatible; DotBot/1.2; +https://opensiteexplorer.org/dotbot; help@moz.com)"
51.222.253.4 - - [05/Jul/2025:09:22:49 +0000] "GET /?C=S;O=A HTTP/1.1" 200 2812 "-" "Mozilla/5.0 (compatible; AhrefsBot/7.0; +http://ahrefs.com/robot/)"
51.222.253.19 - - [05/Jul/2025:09:31:25 +0000] "GET /mail/new/?C=D;O=A HTTP/1.1" 200 697 "-" "Mozilla/5.0 (compatible; AhrefsBot/7.0; +http://ahrefs.com/robot/)"
114.119.135.202 - - [05/Jul/2025:09:33:18 +0000] "GET /tmp/awstats/awstats052018.wrightimagegroup.wrightimagegroup.com.txt HTTP/1.1" 200 9140 "http://www.wrightimagegroup.org/tmp/awstats/?C=S%3BO%3DD" "Mozilla/5.0 (Linux; Android 7.0;) AppleWebKit/537.36 (KHTML, like Gecko) Mobile Safari/537.36 (compatible; PetalBot;+https://webmaster.petalsearch.com/site/petalbot)"
51.222.253.7 - - [05/Jul/2025:09:39:33 +0000] "GET /tmp/webalizer/usage_202504.html HTTP/1.1" 304 - "-" "Mozilla/5.0 (compatible; AhrefsBot/7.0; +http://ahrefs.com/robot/)"
51.222.253.3 - - [05/Jul/2025:09:40:49 +0000] "GET /tmp/analog/ssl/wrightimagegroup.com/4.html HTTP/1.1" 304 - "-" "Mozilla/5.0 (compatible; AhrefsBot/7.0; +http://ahrefs.com/robot/)"
216.244.66.229 - - [05/Jul/2025:09:45:07 +0000] "GET /www/triumphofflight.org/cgi-bin/?C=N;O=A HTTP/1.1" 200 746 "-" "Mozilla/5.0 (compatible; DotBot/1.2; +https://opensiteexplorer.org/dotbot; help@moz.com)"
216.244.66.229 - - [05/Jul/2025:09:46:13 +0000] "GET /tmp/awstats/ssl/awstats012024.wrightimagegroup.com.txt HTTP/1.1" 200 27665 "-" "Mozilla/5.0 (compatible; DotBot/1.2; +https://opensiteexplorer.org/dotbot; help@moz.com)"
216.244.66.229 - - [05/Jul/2025:09:46:51 +0000] "GET /ssl/keys/?C=N;O%3DA HTTP/1.1" 200 680 "-" "Mozilla/5.0 (compatible; DotBot/1.2; +https://opensiteexplorer.org/dotbot; help@moz.com)"
216.244.66.229 - - [05/Jul/2025:09:48:24 +0000] "GET /www/triumphofflight.org/cgi-bin/?C=S;O=D HTTP/1.1" 200 746 "-" "Mozilla/5.0 (compatible; DotBot/1.2; +https://opensiteexplorer.org/dotbot; help@moz.com)"
216.244.66.229 - - [05/Jul/2025:09:49:06 +0000] "GET /tmp/awstats/ssl/?C=D;O%3DA HTTP/1.1" 200 29837 "-" "Mozilla/5.0 (compatible; DotBot/1.2; +https://opensiteexplorer.org/dotbot; help@moz.com)"
114.119.132.85 - - [05/Jul/2025:09:51:30 +0000] "GET /tmp/webalizer/usage_202105.html HTTP/1.1" 200 88922 "http://www.wrightimagegroup.org/tmp/webalizer/usage_202105.html" "Mozilla/5.0 (Linux; Android 7.0;) AppleWebKit/537.36 (KHTML, like Gecko) Mobile Safari/537.36 (compatible; PetalBot;+https://webmaster.petalsearch.com/site/petalbot)"
114.119.144.41 - - [05/Jul/2025:09:52:54 +0000] "GET /tmp/awstats/ssl/awstats052021.wrightimagegroup.wrightimagegroup.com.txt HTTP/1.1" 200 17739 "http://www.wrightimagegroup.org/tmp/awstats/ssl/?C=M%3BO%3DA" "Mozilla/5.0 (Linux; Android 7.0;) AppleWebKit/537.36 (KHTML, like Gecko) Mobile Safari/537.36 (compatible; PetalBot;+https://webmaster.petalsearch.com/site/petalbot)"
114.119.146.18 - - [05/Jul/2025:09:54:17 +0000] "GET /tmp/awstats/awstats112021.wrightimagegroup.com.txt HTTP/1.1" 200 22992 "http://www.wrightimagegroup.org/tmp/awstats/?C=S%3BO%3DD" "Mozilla/5.0 (Linux; Android 7.0;) AppleWebKit/537.36 (KHTML, like Gecko) Mobile Safari/537.36 (compatible; PetalBot;+https://webmaster.petalsearch.com/site/petalbot)"
114.119.135.202 - - [05/Jul/2025:09:55:41 +0000] "GET /tmp/awstats/awstats092017.wrightimagegroup.wrightimagegroup.com.txt HTTP/1.1" 200 7412 "http://www.wrightimagegroup.org/tmp/awstats/?C=S%3BO%3DD" "Mozilla/5.0 (Linux; Android 7.0;) AppleWebKit/537.36 (KHTML, like Gecko) Mobile Safari/537.36 (compatible; PetalBot;+https://webmaster.petalsearch.com/site/petalbot)"
51.222.253.7 - - [05/Jul/2025:09:57:23 +0000] "GET /tmp/analog/ssl/wrightimagegroup.wrightimagegroup.com/4.html HTTP/1.1" 304 - "-" "Mozilla/5.0 (compatible; AhrefsBot/7.0; +http://ahrefs.com/robot/)"
114.119.149.89 - - [05/Jul/2025:09:58:06 +0000] "GET /tmp/awstats/awstats032016.triumphofflight.org.wrightimagegroup.com.txt HTTP/1.1" 200 6604 "http://www.wrightimagegroup.org/tmp/awstats/?C=S%3BO%3DD" "Mozilla/5.0 (Linux; Android 7.0;) AppleWebKit/537.36 (KHTML, like Gecko) Mobile Safari/537.36 (compatible; PetalBot;+https://webmaster.petalsearch.com/site/petalbot)"
114.119.135.202 - - [05/Jul/2025:10:01:01 +0000] "GET /tmp/awstats/awstats012022.wrightimagegroup.com.txt HTTP/1.1" 200 16408 "http://www.wrightimagegroup.org/tmp/awstats/?C=S%3BO%3DD" "Mozilla/5.0 (Linux; Android 7.0;) AppleWebKit/537.36 (KHTML, like Gecko) Mobile Safari/537.36 (compatible; PetalBot;+https://webmaster.petalsearch.com/site/petalbot)"
51.222.253.18 - - [05/Jul/2025:10:01:39 +0000] "GET /tmp/webalizer/usage_202410.html HTTP/1.1" 304 - "-" "Mozilla/5.0 (compatible; AhrefsBot/7.0; +http://ahrefs.com/robot/)"
114.119.144.41 - - [05/Jul/2025:10:01:52 +0000] "GET /tmp/awstats/ssl/awstats122023.wrightimagegroup.wrightimagegroup.com.txt HTTP/1.1" 200 32200 "http://wrightimagegroup.org/tmp/awstats/ssl/?C=M%3BO%3DA" "Mozilla/5.0 (Linux; Android 7.0;) AppleWebKit/537.36 (KHTML, like Gecko) Mobile Safari/537.36 (compatible; PetalBot;+https://webmaster.petalsearch.com/site/petalbot)"
114.119.152.177 - - [05/Jul/2025:10:01:54 +0000] "GET /tmp/awstats/awstats062024.wrightimagegroup.com.txt HTTP/1.1" 200 22027 "http://www.wrightimagegroup.org/tmp/awstats/?C=S%3BO%3DD" "Mozilla/5.0 (Linux; Android 7.0;) AppleWebKit/537.36 (KHTML, like Gecko) Mobile Safari/537.36 (compatible; PetalBot;+https://webmaster.petalsearch.com/site/petalbot)"
114.119.140.169 - - [05/Jul/2025:10:04:06 +0000] "GET /tmp/awstats/ssl/awstats042023.wrightimagegroup.wrightimagegroup.com.txt HTTP/1.1" 200 36833 "http://wrightimagegroup.org/tmp/awstats/ssl/?C=M%3BO%3DA" "Mozilla/5.0 (Linux; Android 7.0;) AppleWebKit/537.36 (KHTML, like Gecko) Mobile Safari/537.36 (compatible; PetalBot;+https://webmaster.petalsearch.com/site/petalbot)"
114.119.135.202 - - [05/Jul/2025:10:04:42 +0000] "GET /tmp/awstats/ssl/awstats082023.wrightimagegroup.wrightimagegroup.com.txt HTTP/1.1" 200 50318 "http://wrightimagegroup.org/tmp/awstats/ssl/?C=M%3BO%3DA" "Mozilla/5.0 (Linux; Android 7.0;) AppleWebKit/537.36 (KHTML, like Gecko) Mobile Safari/537.36 (compatible; PetalBot;+https://webmaster.petalsearch.com/site/petalbot)"
51.222.253.5 - - [05/Jul/2025:10:05:22 +0000] "GET /tmp/webalizer/usage_202504.html HTTP/1.1" 304 - "-" "Mozilla/5.0 (compatible; AhrefsBot/7.0; +http://ahrefs.com/robot/)"
114.119.152.177 - - [05/Jul/2025:10:06:11 +0000] "GET /tmp/awstats/awstats062024.wrightimagegroup.com.txt HTTP/1.1" 200 22027 "http://wrightimagegroup.org/tmp/awstats/?C=S%3BO%3DA" "Mozilla/5.0 (Linux; Android 7.0;) AppleWebKit/537.36 (KHTML, like Gecko) Mobile Safari/537.36 (compatible; PetalBot;+https://webmaster.petalsearch.com/site/petalbot)"
51.222.253.7 - - [05/Jul/2025:10:06:53 +0000] "GET /tmp/webalizer/usage_202502.html HTTP/1.1" 304 - "-" "Mozilla/5.0 (compatible; AhrefsBot/7.0; +http://ahrefs.com/robot/)"
114.119.152.177 - - [05/Jul/2025:10:07:29 +0000] "GET /tmp/analog/org.png HTTP/1.1" 200 3539 "http://wrightimagegroup.org/tmp/analog/12.html" "Mozilla/5.0 (Linux; Android 7.0;) AppleWebKit/537.36 (KHTML, like Gecko) Mobile Safari/537.36 (compatible; PetalBot;+https://webmaster.petalsearch.com/site/petalbot)"
114.119.146.18 - - [05/Jul/2025:10:08:52 +0000] "GET /tmp/awstats/awstats102019.triumphofflight.org.wrightimagegroup.com.txt HTTP/1.1" 200 5913 "http://www.wrightimagegroup.org/tmp/awstats/?C=S%3BO%3DD" "Mozilla/5.0 (Linux; Android 7.0;) AppleWebKit/537.36 (KHTML, like Gecko) Mobile Safari/537.36 (compatible; PetalBot;+https://webmaster.petalsearch.com/site/petalbot)"
216.244.66.229 - - [05/Jul/2025:10:10:11 +0000] "GET /robots.txt HTTP/1.1" 404 - "-" "Mozilla/5.0 (compatible; DotBot/1.2; +https://opensiteexplorer.org/dotbot; help@moz.com)"
114.119.146.18 - - [05/Jul/2025:10:10:16 +0000] "GET /tmp/awstats/ssl/awstats112022.wrightimagegroup.com.txt HTTP/1.1" 200 15517 "http://www.wrightimagegroup.org/tmp/awstats/ssl/?C=M%3BO%3DA" "Mozilla/5.0 (Linux; Android 7.0;) AppleWebKit/537.36 (KHTML, like Gecko) Mobile Safari/537.36 (compatible; PetalBot;+https://webmaster.petalsearch.com/site/petalbot)"
114.119.144.41 - - [05/Jul/2025:10:11:39 +0000] "GET /tmp/awstats/awstats112023.wrightimagegroup.wrightimagegroup.com.txt HTTP/1.1" 200 85282 "http://wrightimagegroup.org/tmp/awstats/?C=S%3BO%3DA" "Mozilla/5.0 (Linux; Android 7.0;) AppleWebKit/537.36 (KHTML, like Gecko) Mobile Safari/537.36 (compatible; PetalBot;+https://webmaster.petalsearch.com/site/petalbot)"
51.222.253.11 - - [05/Jul/2025:10:12:23 +0000] "GET /tmp/webalizer/usage_202412.html HTTP/1.1" 304 - "-" "Mozilla/5.0 (compatible; AhrefsBot/7.0; +http://ahrefs.com/robot/)"
114.119.140.169 - - [05/Jul/2025:10:13:03 +0000] "GET /tmp/awstats/awstats112024.wrightimagegroup.com.txt HTTP/1.1" 200 34194 "http://www.wrightimagegroup.org/tmp/awstats/?C=S%3BO%3DD" "Mozilla/5.0 (Linux; Android 7.0;) AppleWebKit/537.36 (KHTML, like Gecko) Mobile Safari/537.36 (compatible; PetalBot;+https://webmaster.petalsearch.com/site/petalbot)"
51.222.253.10 - - [05/Jul/2025:10:13:33 +0000] "GET /tmp/analog/ssl/wrightimagegroup.com/4.html HTTP/1.1" 304 - "-" "Mozilla/5.0 (compatible; AhrefsBot/7.0; +http://ahrefs.com/robot/)"
51.222.253.1 - - [05/Jul/2025:10:16:42 +0000] "GET /tmp/webalizer/usage_202504.html HTTP/1.1" 304 - "-" "Mozilla/5.0 (compatible; AhrefsBot/7.0; +http://ahrefs.com/robot/)"
101.33.55.204 - - [05/Jul/2025:10:16:57 +0000] "GET / HTTP/1.1" 200 2795 "-" "Mozilla/5.0 (iPhone; CPU iPhone OS 13_2_3 like Mac OS X) AppleWebKit/605.1.15 (KHTML, like Gecko) Version/13.0.3 Mobile/15E148 Safari/604.1"
51.222.253.19 - - [05/Jul/2025:10:21:11 +0000] "GET /tmp/webalizer/usage_202501.html HTTP/1.1" 304 - "-" "Mozilla/5.0 (compatible; AhrefsBot/7.0; +http://ahrefs.com/robot/)"
43.135.183.82 - - [05/Jul/2025:10:21:57 +0000] "GET / HTTP/1.1" 200 2812 "-" "Mozilla/5.0 (iPhone; CPU iPhone OS 13_2_3 like Mac OS X) AppleWebKit/605.1.15 (KHTML, like Gecko) Version/13.0.3 Mobile/15E148 Safari/604.1"
216.244.66.230 - - [05/Jul/2025:10:22:38 +0000] "GET /robots.txt HTTP/1.1" 404 - "-" "Mozilla/5.0 (compatible; DotBot/1.2; +https://opensiteexplorer.org/dotbot; help@moz.com)"
51.222.253.11 - - [05/Jul/2025:10:26:22 +0000] "GET /tmp/webalizer/usage_202503.html HTTP/1.1" 304 - "-" "Mozilla/5.0 (compatible; AhrefsBot/7.0; +http://ahrefs.com/robot/)"
216.244.66.229 - - [05/Jul/2025:10:30:05 +0000] "GET /tmp/awstats/ssl/awstats062022.wrightimagegroup.com.txt HTTP/1.1" 200 14960 "-" "Mozilla/5.0 (compatible; DotBot/1.2; +https://opensiteexplorer.org/dotbot; help@moz.com)"
216.244.66.229 - - [05/Jul/2025:10:30:48 +0000] "GET /tmp/awstats/ssl/awstats092022.wrightimagegroup.wrightimagegroup.com.txt HTTP/1.1" 200 43041 "-" "Mozilla/5.0 (compatible; DotBot/1.2; +https://opensiteexplorer.org/dotbot; help@moz.com)"
51.222.253.12 - - [05/Jul/2025:10:31:23 +0000] "GET /tmp/analog/1.html HTTP/1.1" 304 - "-" "Mozilla/5.0 (compatible; AhrefsBot/7.0; +http://ahrefs.com/robot/)"
51.222.253.1 - - [05/Jul/2025:10:36:56 +0000] "GET /tmp/analog/10.html HTTP/1.1" 304 - "-" "Mozilla/5.0 (compatible; AhrefsBot/7.0; +http://ahrefs.com/robot/)"
51.222.253.3 - - [05/Jul/2025:10:37:31 +0000] "GET /tmp/analog/10.html HTTP/1.1" 304 - "-" "Mozilla/5.0 (compatible; AhrefsBot/7.0; +http://ahrefs.com/robot/)"
114.119.146.18 - - [05/Jul/2025:10:40:47 +0000] "GET /tmp/awstats/ssl/awstats022021.wrightimagegroup.wrightimagegroup.com.txt HTTP/1.1" 200 11748 "http://www.wrightimagegroup.org/tmp/awstats/ssl/?C=M%3BO%3DA" "Mozilla/5.0 (Linux; Android 7.0;) AppleWebKit/537.36 (KHTML, like Gecko) Mobile Safari/537.36 (compatible; PetalBot;+https://webmaster.petalsearch.com/site/petalbot)"
51.222.253.3 - - [05/Jul/2025:10:42:00 +0000] "GET /tmp/analog/11.html HTTP/1.1" 304 - "-" "Mozilla/5.0 (compatible; AhrefsBot/7.0; +http://ahrefs.com/robot/)"
114.119.132.85 - - [05/Jul/2025:10:42:11 +0000] "GET /tmp/awstats/awstats102020.wrightimagegroup.com.txt HTTP/1.1" 200 20468 "http://www.wrightimagegroup.org/tmp/awstats/?C=S%3BO%3DD" "Mozilla/5.0 (Linux; Android 7.0;) AppleWebKit/537.36 (KHTML, like Gecko) Mobile Safari/537.36 (compatible; PetalBot;+https://webmaster.petalsearch.com/site/petalbot)"
114.119.152.177 - - [05/Jul/2025:10:43:34 +0000] "GET /tmp/awstats/awstats072020.wrightimagegroup.com.txt HTTP/1.1" 200 13871 "http://www.wrightimagegroup.org/tmp/awstats/?C=S%3BO%3DD" "Mozilla/5.0 (Linux; Android 7.0;) AppleWebKit/537.36 (KHTML, like Gecko) Mobile Safari/537.36 (compatible; PetalBot;+https://webmaster.petalsearch.com/site/petalbot)"
216.244.66.230 - - [05/Jul/2025:10:44:27 +0000] "GET /mail/cur/?C=N%3BO%3DD HTTP/1.1" 200 697 "-" "Mozilla/5.0 (compatible; DotBot/1.2; +https://opensiteexplorer.org/dotbot; help@moz.com)"
66.249.73.66 - - [05/Jul/2025:10:44:47 +0000] "GET /robots.txt HTTP/1.1" 404 - "-" "Mozilla/5.0 (compatible; Googlebot/2.1; +http://www.google.com/bot.html)"
66.249.73.66 - - [05/Jul/2025:10:44:47 +0000] "GET /home.aspx HTTP/1.1" 404 - "-" "Mozilla/5.0 (Linux; Android 6.0.1; Nexus 5X Build/MMB29P) AppleWebKit/537.36 (KHTML, like Gecko) Chrome/137.0.7151.103 Mobile Safari/537.36 (compatible; Googlebot/2.1; +http://www.google.com/bot.html)"
114.119.146.18 - - [05/Jul/2025:10:44:58 +0000] "GET /tmp/awstats/awstats112019.wrightimagegroup.com.txt HTTP/1.1" 200 8374 "http://wrightimagegroup.org/tmp/awstats/?C=S%3BO%3DA" "Mozilla/5.0 (Linux; Android 7.0;) AppleWebKit/537.36 (KHTML, like Gecko) Mobile Safari/537.36 (compatible; PetalBot;+https://webmaster.petalsearch.com/site/petalbot)"
114.119.152.177 - - [05/Jul/2025:10:46:21 +0000] "GET /etc/cacheid HTTP/1.1" 200 10 "http://wrightimagegroup.org/etc/?C=D%3BO%3DA" "Mozilla/5.0 (Linux; Android 7.0;) AppleWebKit/537.36 (KHTML, like Gecko) Mobile Safari/537.36 (compatible; PetalBot;+https://webmaster.petalsearch.com/site/petalbot)"
51.222.253.3 - - [05/Jul/2025:10:47:27 +0000] "GET /tmp/analog/12.html HTTP/1.1" 304 - "-" "Mozilla/5.0 (compatible; AhrefsBot/7.0; +http://ahrefs.com/robot/)"
51.222.253.10 - - [05/Jul/2025:10:48:05 +0000] "GET /tmp/analog/11.html HTTP/1.1" 304 - "-" "Mozilla/5.0 (compatible; AhrefsBot/7.0; +http://ahrefs.com/robot/)"
51.222.253.14 - - [05/Jul/2025:10:52:25 +0000] "GET /tmp/analog/2.html HTTP/1.1" 304 - "-" "Mozilla/5.0 (compatible; AhrefsBot/7.0; +http://ahrefs.com/robot/)"
132.232.165.4 - - [05/Jul/2025:10:52:57 +0000] "GET / HTTP/1.1" 200 2799 "-" "Mozilla/5.0 (iPhone; CPU iPhone OS 13_2_3 like Mac OS X) AppleWebKit/605.1.15 (KHTML, like Gecko) Version/13.0.3 Mobile/15E148 Safari/604.1"
51.222.253.2 - - [05/Jul/2025:10:56:36 +0000] "GET /tmp/analog/3.html HTTP/1.1" 304 - "-" "Mozilla/5.0 (compatible; AhrefsBot/7.0; +http://ahrefs.com/robot/)"
51.222.253.8 - - [05/Jul/2025:10:56:41 +0000] "GET /tmp/analog/1.html HTTP/1.1" 304 - "-" "Mozilla/5.0 (compatible; AhrefsBot/7.0; +http://ahrefs.com/robot/)"
51.222.253.15 - - [05/Jul/2025:11:01:33 +0000] "GET /tmp/analog/4.html HTTP/1.1" 304 - "-" "Mozilla/5.0 (compatible; AhrefsBot/7.0; +http://ahrefs.com/robot/)"
51.222.253.1 - - [05/Jul/2025:11:04:33 +0000] "GET /tmp/analog/6.html HTTP/1.1" 304 - "-" "Mozilla/5.0 (compatible; AhrefsBot/7.0; +http://ahrefs.com/robot/)"
51.222.253.13 - - [05/Jul/2025:11:06:11 +0000] "GET /tmp/analog/5.html HTTP/1.1" 304 - "-" "Mozilla/5.0 (compatible; AhrefsBot/7.0; +http://ahrefs.com/robot/)"
216.244.66.230 - - [05/Jul/2025:11:06:22 +0000] "GET /robots.txt HTTP/1.1" 404 - "-" "Mozilla/5.0 (compatible; DotBot/1.2; +https://opensiteexplorer.org/dotbot; help@moz.com)"
114.119.140.169 - - [05/Jul/2025:11:08:45 +0000] "GET /tmp/awstats/ssl/awstats022023.wrightimagegroup.com.txt HTTP/1.1" 200 20886 "http://wrightimagegroup.org/tmp/awstats/ssl/?C=M%3BO%3DA" "Mozilla/5.0 (Linux; Android 7.0;) AppleWebKit/537.36 (KHTML, like Gecko) Mobile Safari/537.36 (compatible; PetalBot;+https://webmaster.petalsearch.com/site/petalbot)"
114.119.132.85 - - [05/Jul/2025:11:10:09 +0000] "GET /tmp/awstats/awstats072022.wrightimagegroup.com.txt HTTP/1.1" 200 22338 "http://wrightimagegroup.org/tmp/awstats/?C=S%3BO%3DA" "Mozilla/5.0 (Linux; Android 7.0;) AppleWebKit/537.36 (KHTML, like Gecko) Mobile Safari/537.36 (compatible; PetalBot;+https://webmaster.petalsearch.com/site/petalbot)"
216.244.66.229 - - [05/Jul/2025:11:10:24 +0000] "GET /robots.txt HTTP/1.1" 404 - "-" "Mozilla/5.0 (compatible; DotBot/1.2; +https://opensiteexplorer.org/dotbot; help@moz.com)"
51.222.253.5 - - [05/Jul/2025:11:10:48 +0000] "GET /tmp/analog/6.html HTTP/1.1" 304 - "-" "Mozilla/5.0 (compatible; AhrefsBot/7.0; +http://ahrefs.com/robot/)"
51.222.253.13 - - [05/Jul/2025:11:12:29 +0000] "GET /tmp/analog/4.html HTTP/1.1" 304 - "-" "Mozilla/5.0 (compatible; AhrefsBot/7.0; +http://ahrefs.com/robot/)"
51.222.253.12 - - [05/Jul/2025:11:15:13 +0000] "GET /tmp/analog/7.html HTTP/1.1" 304 - "-" "Mozilla/5.0 (compatible; AhrefsBot/7.0; +http://ahrefs.com/robot/)"
216.244.66.230 - - [05/Jul/2025:11:15:48 +0000] "GET /?C=D;O%3DD HTTP/1.1" 200 2816 "-" "Mozilla/5.0 (compatible; DotBot/1.2; +https://opensiteexplorer.org/dotbot; help@moz.com)"
43.159.149.216 - - [05/Jul/2025:11:15:53 +0000] "GET / HTTP/1.1" 200 2816 "-" "Mozilla/5.0 (iPhone; CPU iPhone OS 13_2_3 like Mac OS X) AppleWebKit/605.1.15 (KHTML, like Gecko) Version/13.0.3 Mobile/15E148 Safari/604.1"
51.222.253.11 - - [05/Jul/2025:11:20:26 +0000] "GET /tmp/analog/8.html HTTP/1.1" 304 - "-" "Mozilla/5.0 (compatible; AhrefsBot/7.0; +http://ahrefs.com/robot/)"
51.222.253.20 - - [05/Jul/2025:11:25:23 +0000] "GET /tmp/analog/9.html HTTP/1.1" 304 - "-" "Mozilla/5.0 (compatible; AhrefsBot/7.0; +http://ahrefs.com/robot/)"
216.244.66.229 - - [05/Jul/2025:11:28:06 +0000] "GET /public_ftp/?C=S;O%3DA HTTP/1.1" 200 852 "-" "Mozilla/5.0 (compatible; DotBot/1.2; +https://opensiteexplorer.org/dotbot; help@moz.com)"
51.222.253.7 - - [05/Jul/2025:11:29:20 +0000] "GET /logs/?C=N;O=A HTTP/1.1" 200 3279 "-" "Mozilla/5.0 (compatible; AhrefsBot/7.0; +http://ahrefs.com/robot/)"
51.222.253.4 - - [05/Jul/2025:11:30:25 +0000] "GET /tmp/webalizer/usage_202411.html HTTP/1.1" 304 - "-" "Mozilla/5.0 (compatible; AhrefsBot/7.0; +http://ahrefs.com/robot/)"
216.244.66.229 - - [05/Jul/2025:11:31:14 +0000] "GET /tmp/awstats/ssl/awstats052021.wrightimagegroup.com.txt HTTP/1.1" 200 8742 "-" "Mozilla/5.0 (compatible; DotBot/1.2; +https://opensiteexplorer.org/dotbot; help@moz.com)"
216.244.66.229 - - [05/Jul/2025:11:31:18 +0000] "GET /tmp/awstats/ssl/awstats102023.wrightimagegroup.com.txt HTTP/1.1" 200 14309 "-" "Mozilla/5.0 (compatible; DotBot/1.2; +https://opensiteexplorer.org/dotbot; help@moz.com)"
216.244.66.229 - - [05/Jul/2025:11:32:33 +0000] "GET /mail/cur/?C=S;O%3DD HTTP/1.1" 200 676 "-" "Mozilla/5.0 (compatible; DotBot/1.2; +https://opensiteexplorer.org/dotbot; help@moz.com)"
216.244.66.229 - - [05/Jul/2025:11:32:36 +0000] "GET /mail/tmp/?C=N;O%3DD HTTP/1.1" 200 676 "-" "Mozilla/5.0 (compatible; DotBot/1.2; +https://opensiteexplorer.org/dotbot; help@moz.com)"
51.222.253.7 - - [05/Jul/2025:11:35:59 +0000] "GET /tmp/webalizer/usage_202407.html HTTP/1.1" 304 - "-" "Mozilla/5.0 (compatible; AhrefsBot/7.0; +http://ahrefs.com/robot/)"
51.222.253.15 - - [05/Jul/2025:11:41:11 +0000] "GET /tmp/webalizer/usage_202408.html HTTP/1.1" 304 - "-" "Mozilla/5.0 (compatible; AhrefsBot/7.0; +http://ahrefs.com/robot/)"
51.222.253.6 - - [05/Jul/2025:11:44:17 +0000] "GET /tmp/awstats/?C=D;O=A HTTP/1.1" 200 56351 "-" "Mozilla/5.0 (compatible; AhrefsBot/7.0; +http://ahrefs.com/robot/)"
44.207.69.106 - - [05/Jul/2025:11:45:00 +0000] "GET /?locale=ar HTTP/1.1" 200 2795 "-" "Mozilla/5.0 AppleWebKit/537.36 (KHTML, like Gecko; compatible; Amazonbot/0.1; +https://developer.amazon.com/support/amazonbot) Chrome/119.0.6045.214 Safari/537.36"
18.205.91.101 - - [05/Jul/2025:11:45:04 +0000] "GET /?locale=it HTTP/1.1" 200 2799 "-" "Mozilla/5.0 AppleWebKit/537.36 (KHTML, like Gecko; compatible; Amazonbot/0.1; +https://developer.amazon.com/support/amazonbot) Chrome/119.0.6045.214 Safari/537.36"
51.222.253.3 - - [05/Jul/2025:11:45:45 +0000] "GET /tmp/webalizer/usage_202409.html HTTP/1.1" 304 - "-" "Mozilla/5.0 (compatible; AhrefsBot/7.0; +http://ahrefs.com/robot/)"
51.222.253.13 - - [05/Jul/2025:11:50:20 +0000] "GET /tmp/webalizer/usage_202406.html HTTP/1.1" 304 - "-" "Mozilla/5.0 (compatible; AhrefsBot/7.0; +http://ahrefs.com/robot/)"
51.222.253.7 - - [05/Jul/2025:11:53:18 +0000] "GET /tmp/analog/ssl/wrightimagegroup.wrightimagegroup.com/4.html HTTP/1.1" 304 - "-" "Mozilla/5.0 (compatible; AhrefsBot/7.0; +http://ahrefs.com/robot/)"
51.222.253.19 - - [05/Jul/2025:11:54:28 +0000] "GET /tmp/analog/ssl/?C=S;O=A HTTP/1.1" 200 1109 "-" "Mozilla/5.0 (compatible; AhrefsBot/7.0; +http://ahrefs.com/robot/)"
216.244.66.229 - - [05/Jul/2025:11:57:19 +0000] "GET /robots.txt HTTP/1.1" 404 - "-" "Mozilla/5.0 (compatible; DotBot/1.2; +https://opensiteexplorer.org/dotbot; help@moz.com)"
216.244.66.229 - - [05/Jul/2025:11:57:19 +0000] "GET /robots.txt HTTP/1.1" 404 - "-" "Mozilla/5.0 (compatible; DotBot/1.2; +https://opensiteexplorer.org/dotbot; help@moz.com)"
216.244.66.229 - - [05/Jul/2025:11:57:19 +0000] "GET /robots.txt HTTP/1.1" 404 - "-" "Mozilla/5.0 (compatible; DotBot/1.2; +https://opensiteexplorer.org/dotbot; help@moz.com)"
51.222.253.6 - - [05/Jul/2025:11:58:03 +0000] "GET /tmp/awstats/ssl/ HTTP/1.1" 200 29849 "-" "Mozilla/5.0 (compatible; AhrefsBot/7.0; +http://ahrefs.com/robot/)"
51.222.253.18 - - [05/Jul/2025:12:03:23 +0000] "GET /mail/new/?C=M;O=A HTTP/1.1" 200 697 "-" "Mozilla/5.0 (compatible; AhrefsBot/7.0; +http://ahrefs.com/robot/)"
154.118.231.30 - - [05/Jul/2025:12:03:45 +0000] "GET /tmp/webalizer/usage_202312.html HTTP/1.1" 200 103709 "-" "Mozilla/5.0 (X11; Linux x86_64) AppleWebKit/537.36 (KHTML, like Gecko) Chrome/114.0.0.0 Safari/537.36 OPR/89.0.4447.51"
154.118.231.30 - - [05/Jul/2025:12:03:50 +0000] "GET / HTTP/1.1" 200 2812 "https://xn--kr-qia.com" "Mozilla/4.0 \xd0\xba\xd1\x80\xd0\xb0\xd0\xba\xd0\xb5\xd0\xbd \xd0\xbe\xd0\xb1\xd0\xbc\xd0\xb5\xd0\xbd\xd0\xbd\xd0\xb8\xd0\xba \xd0\xa0\xd0\xbe\xd1\x81\xd1\x81\xd0\xb8\xd1\x8f (Windows NT 5.1; U; en) Presto/2.10.229 Version/11.60"
154.118.231.30 - - [05/Jul/2025:12:03:51 +0000] "GET /tmp/webalizer/usage_202312.html HTTP/1.1" 200 103709 "-" "Mozilla/4.0 \xd0\xba\xd1\x80\xd0\xb0\xd0\xba\xd0\xb5\xd0\xbd \xd0\xbe\xd0\xb1\xd0\xbc\xd0\xb5\xd0\xbd\xd0\xbd\xd0\xb8\xd0\xba \xd0\xa0\xd0\xbe\xd1\x81\xd1\x81\xd0\xb8\xd1\x8f (Windows NT 5.1; U; en) Presto/2.10.229 Version/11.60"
154.118.231.30 - - [05/Jul/2025:12:03:54 +0000] "GET /tmp/webalizer/usage_202507.html HTTP/1.1" 200 85685 "-" "Mozilla/4.0 \xd0\xba\xd1\x80\xd0\xb0\xd0\xba\xd0\xb5\xd0\xbd \xd0\xbe\xd0\xb1\xd0\xbc\xd0\xb5\xd0\xbd\xd0\xbd\xd0\xb8\xd0\xba \xd0\xa0\xd0\xbe\xd1\x81\xd1\x81\xd0\xb8\xd1\x8f (Windows NT 5.1; U; en) Presto/2.10.229 Version/11.60"
154.118.231.30 - - [05/Jul/2025:12:05:01 +0000] "GET /tmp/webalizer/usage_202507.html HTTP/1.1" 200 85685 "-" "Mozilla/5.0 (X11; Linux x86_64) AppleWebKit/537.36 (KHTML, like Gecko) Chrome/114.0.0.0 Safari/537.36"
216.244.66.229 - - [05/Jul/2025:12:07:36 +0000] "GET /.cpaddons/?C=N;O=A HTTP/1.1" 200 857 "-" "Mozilla/5.0 (compatible; DotBot/1.2; +https://opensiteexplorer.org/dotbot; help@moz.com)"
54.236.79.74 - - [05/Jul/2025:12:08:08 +0000] "GET / HTTP/1.1" 200 2812 "-" "python-requests/2.32.4"
51.222.253.10 - - [05/Jul/2025:12:08:49 +0000] "GET /mail/new/?C=S;O=A HTTP/1.1" 200 697 "-" "Mozilla/5.0 (compatible; AhrefsBot/7.0; +http://ahrefs.com/robot/)"
51.222.253.18 - - [05/Jul/2025:12:13:34 +0000] "GET /tof/cgi-bin/?C=N;O=D HTTP/1.1" 200 698 "-" "Mozilla/5.0 (compatible; AhrefsBot/7.0; +http://ahrefs.com/robot/)"
216.244.66.229 - - [05/Jul/2025:12:13:48 +0000] "GET /access-logs/?C=N;O%3DA HTTP/1.1" 200 1699 "-" "Mozilla/5.0 (compatible; DotBot/1.2; +https://opensiteexplorer.org/dotbot; help@moz.com)"
51.222.253.18 - - [05/Jul/2025:12:18:00 +0000] "GET /tmp/analog/wrightimagegroup.wrightimagegroup.com/?C=S;O=D HTTP/1.1" 200 5168 "-" "Mozilla/5.0 (compatible; AhrefsBot/7.0; +http://ahrefs.com/robot/)"
51.222.253.15 - - [05/Jul/2025:12:20:42 +0000] "GET /tmp/analog/ssl/wrightimagegroup.com/4.html HTTP/1.1" 304 - "-" "Mozilla/5.0 (compatible; AhrefsBot/7.0; +http://ahrefs.com/robot/)"
216.244.66.229 - - [05/Jul/2025:12:22:09 +0000] "GET /?C=N;O%3DA HTTP/1.1" 200 2799 "-" "Mozilla/5.0 (compatible; DotBot/1.2; +https://opensiteexplorer.org/dotbot; help@moz.com)"
51.222.253.5 - - [05/Jul/2025:12:24:16 +0000] "GET /robots.txt HTTP/1.1" 404 - "-" "Mozilla/5.0 (compatible; AhrefsBot/7.0; +http://ahrefs.com/robot/)"
51.222.253.16 - - [05/Jul/2025:12:24:17 +0000] "GET /tmp/analog/wrightimagegroup.wrightimagegroup.com/?C=M;O=D HTTP/1.1" 200 5168 "-" "Mozilla/5.0 (compatible; AhrefsBot/7.0; +http://ahrefs.com/robot/)"
51.222.253.17 - - [05/Jul/2025:12:39:39 +0000] "GET /tmp/analog/ssl/wrightimagegroup.wrightimagegroup.com/4.html HTTP/1.1" 304 - "-" "Mozilla/5.0 (compatible; AhrefsBot/7.0; +http://ahrefs.com/robot/)"
216.244.66.229 - - [05/Jul/2025:12:45:18 +0000] "GET /robots.txt HTTP/1.1" 404 - "-" "Mozilla/5.0 (compatible; DotBot/1.2; +https://opensiteexplorer.org/dotbot; help@moz.com)"
119.28.177.175 - - [05/Jul/2025:12:45:40 +0000] "GET / HTTP/1.1" 200 2799 "-" "Mozilla/5.0 (iPhone; CPU iPhone OS 13_2_3 like Mac OS X) AppleWebKit/605.1.15 (KHTML, like Gecko) Version/13.0.3 Mobile/15E148 Safari/604.1"
91.84.107.96 - - [05/Jul/2025:12:45:42 +0000] "GET /tmp/webalizer/ HTTP/1.0" 200 9929 "https://profibetonirk.ru/" "Mozilla/5.0 (Windows NT 10.0; Win64; x64) AppleWebKit/537.36 (KHTML, like Gecko) Chrome/131.0.0.0 Safari/537.36 Avast/131.0.0.0"
91.84.107.96 - - [05/Jul/2025:12:45:46 +0000] "GET /tmp/webalizer/ HTTP/1.0" 200 9929 "https://profibetonirk.ru/" "Mozilla/5.0 (Windows NT 10.0; Win64; x64) AppleWebKit/537.36 (KHTML, like Gecko) Chrome/131.0.0.0 Safari/537.36"
51.222.253.18 - - [05/Jul/2025:12:45:53 +0000] "GET /access-logs/?C=M;O=A HTTP/1.1" 200 1720 "-" "Mozilla/5.0 (compatible; AhrefsBot/7.0; +http://ahrefs.com/robot/)"
51.222.253.20 - - [05/Jul/2025:12:49:33 +0000] "GET /tmp/webalizer/usage_202504.html HTTP/1.1" 304 - "-" "Mozilla/5.0 (compatible; AhrefsBot/7.0; +http://ahrefs.com/robot/)"
51.222.253.18 - - [05/Jul/2025:12:57:55 +0000] "GET /tmp/analog/ssl/wrightimagegroup.com/4.html HTTP/1.1" 304 - "-" "Mozilla/5.0 (compatible; AhrefsBot/7.0; +http://ahrefs.com/robot/)"
51.222.253.15 - - [05/Jul/2025:13:02:03 +0000] "GET /tof/cgi-bin/?C=N;O=D HTTP/1.1" 200 702 "-" "Mozilla/5.0 (compatible; AhrefsBot/7.0; +http://ahrefs.com/robot/)"
216.244.66.229 - - [05/Jul/2025:13:02:42 +0000] "GET /access-logs/?C=N;O%3DD HTTP/1.1" 200 1699 "-" "Mozilla/5.0 (compatible; DotBot/1.2; +https://opensiteexplorer.org/dotbot; help@moz.com)"
216.244.66.229 - - [05/Jul/2025:13:02:47 +0000] "GET /ssl/?C=S;O%3DD HTTP/1.1" 200 1535 "-" "Mozilla/5.0 (compatible; DotBot/1.2; +https://opensiteexplorer.org/dotbot; help@moz.com)"
216.244.66.229 - - [05/Jul/2025:13:02:50 +0000] "GET /tmp/webalizer/usage_202407.html HTTP/1.1" 200 114385 "-" "Mozilla/5.0 (compatible; DotBot/1.2; +https://opensiteexplorer.org/dotbot; help@moz.com)"
216.244.66.229 - - [05/Jul/2025:13:04:07 +0000] "GET /tmp/awstats/ssl/awstats042022.wrightimagegroup.com.txt HTTP/1.1" 200 14278 "-" "Mozilla/5.0 (compatible; DotBot/1.2; +https://opensiteexplorer.org/dotbot; help@moz.com)"
216.244.66.229 - - [05/Jul/2025:13:04:10 +0000] "GET /tmp/awstats/ssl/awstats072020.wrightimagegroup.com.txt HTTP/1.1" 200 7313 "-" "Mozilla/5.0 (compatible; DotBot/1.2; +https://opensiteexplorer.org/dotbot; help@moz.com)"
216.244.66.229 - - [05/Jul/2025:13:04:37 +0000] "GET /mail/cur/?C=M;O%3DA HTTP/1.1" 200 676 "-" "Mozilla/5.0 (compatible; DotBot/1.2; +https://opensiteexplorer.org/dotbot; help@moz.com)"
216.244.66.229 - - [05/Jul/2025:13:04:41 +0000] "GET /tmp/awstats/ssl/awstats042021.wrightimagegroup.wrightimagegroup.com.txt HTTP/1.1" 200 13235 "-" "Mozilla/5.0 (compatible; DotBot/1.2; +https://opensiteexplorer.org/dotbot; help@moz.com)"
216.244.66.229 - - [05/Jul/2025:13:04:44 +0000] "GET /tmp/awstats/ssl/awstats062024.wrightimagegroup.wrightimagegroup.com.txt HTTP/1.1" 200 71985 "-" "Mozilla/5.0 (compatible; DotBot/1.2; +https://opensiteexplorer.org/dotbot; help@moz.com)"
51.222.253.11 - - [05/Jul/2025:13:05:44 +0000] "GET /triumphofflight.com/cgi-bin/?C=N;O=D HTTP/1.1" 200 750 "-" "Mozilla/5.0 (compatible; AhrefsBot/7.0; +http://ahrefs.com/robot/)"
51.222.253.12 - - [05/Jul/2025:13:10:11 +0000] "GET /tmp/analog/triumphofflight.org.wrightimagegroup.com/?C=S;O=D HTTP/1.1" 200 4474 "-" "Mozilla/5.0 (compatible; AhrefsBot/7.0; +http://ahrefs.com/robot/)"
51.222.253.15 - - [05/Jul/2025:13:14:25 +0000] "GET /access-logs/?C=N;O=D HTTP/1.1" 200 1716 "-" "Mozilla/5.0 (compatible; AhrefsBot/7.0; +http://ahrefs.com/robot/)"
51.222.253.17 - - [05/Jul/2025:13:18:58 +0000] "GET /cache/?C=N;O=D HTTP/1.1" 200 3999 "-" "Mozilla/5.0 (compatible; AhrefsBot/7.0; +http://ahrefs.com/robot/)"
51.222.253.9 - - [05/Jul/2025:13:23:52 +0000] "GET /tmp/analog/10.html HTTP/1.1" 304 - "-" "Mozilla/5.0 (compatible; AhrefsBot/7.0; +http://ahrefs.com/robot/)"
51.222.253.8 - - [05/Jul/2025:13:33:10 +0000] "GET /tmp/analog/11.html HTTP/1.1" 304 - "-" "Mozilla/5.0 (compatible; AhrefsBot/7.0; +http://ahrefs.com/robot/)"
51.222.253.13 - - [05/Jul/2025:13:33:31 +0000] "GET /etc/wrightimagegroup.com/?C=D;O=A HTTP/1.1" 200 728 "-" "Mozilla/5.0 (compatible; AhrefsBot/7.0; +http://ahrefs.com/robot/)"
216.244.66.229 - - [05/Jul/2025:13:34:07 +0000] "GET /robots.txt HTTP/1.1" 404 - "-" "Mozilla/5.0 (compatible; DotBot/1.2; +https://opensiteexplorer.org/dotbot; help@moz.com)"
51.222.253.19 - - [05/Jul/2025:13:43:59 +0000] "GET /tmp/analog/ssl/wrightimagegroup.wrightimagegroup.com/4.html HTTP/1.1" 304 - "-" "Mozilla/5.0 (compatible; AhrefsBot/7.0; +http://ahrefs.com/robot/)"
51.222.253.13 - - [05/Jul/2025:13:49:40 +0000] "GET /etc/wrightimagegroup.com/?C=M;O=A HTTP/1.1" 200 728 "-" "Mozilla/5.0 (compatible; AhrefsBot/7.0; +http://ahrefs.com/robot/)"
216.244.66.229 - - [05/Jul/2025:13:49:46 +0000] "GET /ssl/?C=D;O%3DD HTTP/1.1" 200 1535 "-" "Mozilla/5.0 (compatible; DotBot/1.2; +https://opensiteexplorer.org/dotbot; help@moz.com)"
216.244.66.229 - - [05/Jul/2025:13:50:23 +0000] "GET /triumphofflight.com/?C=N;O%3DD HTTP/1.1" 200 869 "-" "Mozilla/5.0 (compatible; DotBot/1.2; +https://opensiteexplorer.org/dotbot; help@moz.com)"
216.244.66.229 - - [05/Jul/2025:13:51:32 +0000] "GET /ssl/csrs/?C=M;O%3DA HTTP/1.1" 200 675 "-" "Mozilla/5.0 (compatible; DotBot/1.2; +https://opensiteexplorer.org/dotbot; help@moz.com)"
82.156.68.74 - - [05/Jul/2025:14:00:01 +0000] "GET / HTTP/1.1" 200 2795 "-" "Mozilla/5.0 (iPhone; CPU iPhone OS 13_2_3 like Mac OS X) AppleWebKit/605.1.15 (KHTML, like Gecko) Version/13.0.3 Mobile/15E148 Safari/604.1"
51.68.236.95 - - [05/Jul/2025:14:00:16 +0000] "GET /robots.txt HTTP/1.1" 404 - "-" "Mozilla/5.0 (compatible; MJ12bot/v2.0.2; http://mj12bot.com/)"
51.68.236.95 - - [05/Jul/2025:14:00:16 +0000] "GET / HTTP/1.1" 200 2795 "-" "Mozilla/5.0 (compatible; MJ12bot/v2.0.2; http://mj12bot.com/)"
66.249.65.39 - - [05/Jul/2025:14:00:47 +0000] "GET /robots.txt HTTP/1.1" 404 - "-" "Mozilla/5.0 (compatible; Googlebot/2.1; +http://www.google.com/bot.html)"
66.249.65.39 - - [05/Jul/2025:14:00:47 +0000] "GET /tmp/awstats/ssl/awstats012025.wrightimagegroup.com.txt HTTP/1.1" 200 32603 "-" "Mozilla/5.0 (Linux; Android 6.0.1; Nexus 5X Build/MMB29P) AppleWebKit/537.36 (KHTML, like Gecko) Chrome/137.0.7151.103 Mobile Safari/537.36 (compatible; Googlebot/2.1; +http://www.google.com/bot.html)"
51.222.253.17 - - [05/Jul/2025:14:12:48 +0000] "GET /tmp/analog/ssl/wrightimagegroup.com/4.html HTTP/1.1" 304 - "-" "Mozilla/5.0 (compatible; AhrefsBot/7.0; +http://ahrefs.com/robot/)"
217.113.194.96 - - [05/Jul/2025:14:15:48 +0000] "GET /robots.txt HTTP/1.1" 404 - "-" "Mozilla/5.0 (compatible; Barkrowler/0.9; +https://babbar.tech/crawler)"
217.113.194.101 - - [05/Jul/2025:14:15:55 +0000] "GET /robots.txt HTTP/1.1" 404 - "-" "Mozilla/5.0 (compatible; Barkrowler/0.9; +https://babbar.tech/crawler)"
217.113.194.99 - - [05/Jul/2025:14:16:03 +0000] "GET /etc/ HTTP/1.1" 200 1201 "-" "Mozilla/5.0 (compatible; Barkrowler/0.9; +https://babbar.tech/crawler)"
217.113.194.101 - - [05/Jul/2025:14:16:11 +0000] "GET /ssl/ HTTP/1.1" 200 1539 "-" "Mozilla/5.0 (compatible; Barkrowler/0.9; +https://babbar.tech/crawler)"
154.54.249.202 - - [05/Jul/2025:14:16:19 +0000] "GET /cache/ HTTP/1.1" 200 3982 "-" "Mozilla/5.0 (compatible; Barkrowler/0.9; +https://babbar.tech/crawler)"
154.54.249.202 - - [05/Jul/2025:14:16:26 +0000] "GET /cgi-bin/ HTTP/1.1" 404 - "-" "Mozilla/5.0 (compatible; Barkrowler/0.9; +https://babbar.tech/crawler)"
154.54.249.202 - - [05/Jul/2025:14:16:34 +0000] "GET /cgi-bin/ HTTP/1.1" 404 - "-" "Mozilla/5.0 (compatible; Barkrowler/0.9; +https://babbar.tech/crawler)"
217.113.194.100 - - [05/Jul/2025:14:18:57 +0000] "GET /logs/ HTTP/1.1" 200 3283 "-" "Mozilla/5.0 (compatible; Barkrowler/0.9; +https://babbar.tech/crawler)"
217.113.194.98 - - [05/Jul/2025:14:19:04 +0000] "GET /tof/ HTTP/1.1" 200 837 "-" "Mozilla/5.0 (compatible; Barkrowler/0.9; +https://babbar.tech/crawler)"
217.113.194.98 - - [05/Jul/2025:14:19:12 +0000] "GET /?C=N;O=D HTTP/1.1" 200 2799 "-" "Mozilla/5.0 (compatible; Barkrowler/0.9; +https://babbar.tech/crawler)"
217.113.194.97 - - [05/Jul/2025:14:19:20 +0000] "GET /?C=S;O=A HTTP/1.1" 200 2795 "-" "Mozilla/5.0 (compatible; Barkrowler/0.9; +https://babbar.tech/crawler)"
217.113.194.96 - - [05/Jul/2025:14:19:27 +0000] "GET /?C=D;O=A HTTP/1.1" 200 2799 "-" "Mozilla/5.0 (compatible; Barkrowler/0.9; +https://babbar.tech/crawler)"
217.113.194.92 - - [05/Jul/2025:14:19:35 +0000] "GET /access-logs/ HTTP/1.1" 200 1699 "-" "Mozilla/5.0 (compatible; Barkrowler/0.9; +https://babbar.tech/crawler)"
217.113.194.95 - - [05/Jul/2025:14:19:43 +0000] "GET /tof/ HTTP/1.1" 200 841 "-" "Mozilla/5.0 (compatible; Barkrowler/0.9; +https://babbar.tech/crawler)"
154.54.249.202 - - [05/Jul/2025:14:19:50 +0000] "GET /triumphofflight.com/ HTTP/1.1" 200 869 "-" "Mozilla/5.0 (compatible; Barkrowler/0.9; +https://babbar.tech/crawler)"
217.113.194.98 - - [05/Jul/2025:14:19:58 +0000] "GET /?C=M;O=A HTTP/1.1" 200 2799 "-" "Mozilla/5.0 (compatible; Barkrowler/0.9; +https://babbar.tech/crawler)"
217.113.194.94 - - [05/Jul/2025:14:20:14 +0000] "GET /?C=S;O=A HTTP/1.1" 200 2799 "-" "Mozilla/5.0 (compatible; Barkrowler/0.9; +https://babbar.tech/crawler)"
217.113.194.101 - - [05/Jul/2025:14:20:29 +0000] "GET /public_html/ HTTP/1.1" 301 309 "-" "Mozilla/5.0 (compatible; Barkrowler/0.9; +https://babbar.tech/crawler)"
217.113.194.92 - - [05/Jul/2025:14:20:44 +0000] "GET /access-logs/ HTTP/1.1" 200 1703 "-" "Mozilla/5.0 (compatible; Barkrowler/0.9; +https://babbar.tech/crawler)"
217.113.194.99 - - [05/Jul/2025:14:21:00 +0000] "GET /public_ftp/ HTTP/1.1" 200 856 "-" "Mozilla/5.0 (compatible; Barkrowler/0.9; +https://babbar.tech/crawler)"
217.113.194.92 - - [05/Jul/2025:14:21:15 +0000] "GET /triumphofflight.com/ HTTP/1.1" 200 873 "-" "Mozilla/5.0 (compatible; Barkrowler/0.9; +https://babbar.tech/crawler)"
51.222.253.2 - - [05/Jul/2025:14:31:01 +0000] "GET /tmp/analog/ssl/wrightimagegroup.wrightimagegroup.com/4.html HTTP/1.1" 304 - "-" "Mozilla/5.0 (compatible; AhrefsBot/7.0; +http://ahrefs.com/robot/)"
216.244.66.229 - - [05/Jul/2025:14:33:12 +0000] "GET /robots.txt HTTP/1.1" 404 - "-" "Mozilla/5.0 (compatible; DotBot/1.2; +https://opensiteexplorer.org/dotbot; help@moz.com)"
216.244.66.229 - - [05/Jul/2025:14:33:12 +0000] "GET /robots.txt HTTP/1.1" 404 - "-" "Mozilla/5.0 (compatible; DotBot/1.2; +https://opensiteexplorer.org/dotbot; help@moz.com)"
216.244.66.229 - - [05/Jul/2025:14:33:12 +0000] "GET /robots.txt HTTP/1.1" 404 - "-" "Mozilla/5.0 (compatible; DotBot/1.2; +https://opensiteexplorer.org/dotbot; help@moz.com)"
51.222.253.14 - - [05/Jul/2025:14:37:14 +0000] "GET /tmp/?C=D;O=A HTTP/1.1" 200 1572 "-" "Mozilla/5.0 (compatible; AhrefsBot/7.0; +http://ahrefs.com/robot/)"
51.222.253.8 - - [05/Jul/2025:14:39:06 +0000] "GET /tmp/webalizer/usage_202504.html HTTP/1.1" 304 - "-" "Mozilla/5.0 (compatible; AhrefsBot/7.0; +http://ahrefs.com/robot/)"
216.244.66.229 - - [05/Jul/2025:14:41:52 +0000] "GET /www/triumphofflight.org/?C=M;O=A HTTP/1.1" 200 886 "-" "Mozilla/5.0 (compatible; DotBot/1.2; +https://opensiteexplorer.org/dotbot; help@moz.com)"
43.133.14.237 - - [05/Jul/2025:14:42:24 +0000] "GET / HTTP/1.1" 200 2812 "-" "Mozilla/5.0 (iPhone; CPU iPhone OS 13_2_3 like Mac OS X) AppleWebKit/605.1.15 (KHTML, like Gecko) Version/13.0.3 Mobile/15E148 Safari/604.1"
51.222.253.20 - - [05/Jul/2025:14:42:34 +0000] "GET /mail/?C=N;O=D HTTP/1.1" 200 2876 "-" "Mozilla/5.0 (compatible; AhrefsBot/7.0; +http://ahrefs.com/robot/)"
216.244.66.229 - - [05/Jul/2025:14:45:10 +0000] "GET /etc/wrightimagegroup.com/?C=M;O=D HTTP/1.1" 200 707 "-" "Mozilla/5.0 (compatible; DotBot/1.2; +https://opensiteexplorer.org/dotbot; help@moz.com)"
216.244.66.229 - - [05/Jul/2025:14:45:45 +0000] "GET /mail/tmp/?C=D;O%3DD HTTP/1.1" 200 676 "-" "Mozilla/5.0 (compatible; DotBot/1.2; +https://opensiteexplorer.org/dotbot; help@moz.com)"
216.244.66.229 - - [05/Jul/2025:14:45:51 +0000] "GET /tmp/awstats/ssl/awstats092021.wrightimagegroup.wrightimagegroup.com.txt HTTP/1.1" 200 17983 "-" "Mozilla/5.0 (compatible; DotBot/1.2; +https://opensiteexplorer.org/dotbot; help@moz.com)"
51.222.253.19 - - [05/Jul/2025:14:47:33 +0000] "GET /tmp/analog/ssl/wrightimagegroup.com/4.html HTTP/1.1" 304 - "-" "Mozilla/5.0 (compatible; AhrefsBot/7.0; +http://ahrefs.com/robot/)"
51.222.253.11 - - [05/Jul/2025:14:47:43 +0000] "GET /tmp/analog/ssl/wrightimagegroup.wrightimagegroup.com/?C=S;O=D HTTP/1.1" 200 5182 "-" "Mozilla/5.0 (compatible; AhrefsBot/7.0; +http://ahrefs.com/robot/)"
216.244.66.229 - - [05/Jul/2025:14:50:59 +0000] "GET /?C=D;O%3DD HTTP/1.1" 200 2795 "-" "Mozilla/5.0 (compatible; DotBot/1.2; +https://opensiteexplorer.org/dotbot; help@moz.com)"
51.222.253.17 - - [05/Jul/2025:14:53:19 +0000] "GET /tmp/analog/ssl/wrightimagegroup.wrightimagegroup.com/?C=M;O=D HTTP/1.1" 200 5182 "-" "Mozilla/5.0 (compatible; AhrefsBot/7.0; +http://ahrefs.com/robot/)"
216.244.66.229 - - [05/Jul/2025:14:56:41 +0000] "GET /tmp/analog/ssl/wrightimagegroup.com/?C=S;O%3DA HTTP/1.1" 200 5127 "-" "Mozilla/5.0 (compatible; DotBot/1.2; +https://opensiteexplorer.org/dotbot; help@moz.com)"
51.222.253.19 - - [05/Jul/2025:14:58:47 +0000] "GET /tmp/analog/ssl/wrightimagegroup.com/?C=S;O=D HTTP/1.1" 200 5148 "-" "Mozilla/5.0 (compatible; AhrefsBot/7.0; +http://ahrefs.com/robot/)"
216.244.66.229 - - [05/Jul/2025:15:00:02 +0000] "GET /?%27%3C?=print%289347655345-4954366%29?%3E%27 HTTP/1.1" 200 2799 "-" "Mozilla/5.0 (compatible; DotBot/1.2; +https://opensiteexplorer.org/dotbot; help@moz.com)"
51.222.253.19 - - [05/Jul/2025:15:04:24 +0000] "GET /tmp/analog/ssl/wrightimagegroup.com/?C=M;O=D HTTP/1.1" 200 5148 "-" "Mozilla/5.0 (compatible; AhrefsBot/7.0; +http://ahrefs.com/robot/)"
51.222.253.14 - - [05/Jul/2025:15:07:50 +0000] "GET /tmp/analog/1.html HTTP/1.1" 304 - "-" "Mozilla/5.0 (compatible; AhrefsBot/7.0; +http://ahrefs.com/robot/)"
51.222.253.3 - - [05/Jul/2025:15:09:59 +0000] "GET /tmp/analog/ssl/wrightimagegroup.com/?C=D;O=D HTTP/1.1" 200 5148 "-" "Mozilla/5.0 (compatible; AhrefsBot/7.0; +http://ahrefs.com/robot/)"
181.199.146.16 - - [05/Jul/2025:15:11:41 +0000] "GET /tmp/webalizer/usage_202312.html HTTP/1.1" 200 103709 "-" "Mozilla/5.0 (Windows NT 10.0; WOW64; x64) AppleWebKit/537.36 (KHTML, like Gecko) Chrome/114.0.0.0 Safari/537.36 OPR/89.0.4447.51"
