199.45.155.64 - - [02/Jul/2025:11:36:22 +0000] "GET /www HTTP/1.1" 301 320 "-" "Mozilla/5.0 (compatible; CensysInspect/1.1; +https://about.censys.io/)"
199.45.155.64 - - [02/Jul/2025:11:36:23 +0000] "GET /www/ HTTP/1.1" 301 310 "http://mail.wrightimagegroup.org:80/www" "Mozilla/5.0 (compatible; CensysInspect/1.1; +https://about.censys.io/)"
51.222.253.17 - - [02/Jul/2025:11:36:25 +0000] "GET /tmp/?C=S;O=A HTTP/1.1" 200 1568 "-" "Mozilla/5.0 (compatible; AhrefsBot/7.0; +http://ahrefs.com/robot/)"
199.45.155.64 - - [02/Jul/2025:11:36:30 +0000] "GET /favicon.ico HTTP/1.1" 404 - "-" "Mozilla/5.0 (compatible; CensysInspect/1.1; +https://about.censys.io/)"
199.45.155.64 - - [02/Jul/2025:11:36:37 +0000] "GET /security.txt HTTP/1.1" 404 - "-" "Mozilla/5.0 (compatible; CensysInspect/1.1; +https://about.censys.io/)"
216.73.216.66 - - [02/Jul/2025:11:41:16 +0000] "GET /tmp/awstats/ssl/awstats022025.wrightimagegroup.wrightimagegroup.com.txt HTTP/1.1" 200 90597 "-" "Mozilla/5.0 AppleWebKit/537.36 (KHTML, like Gecko; compatible; ClaudeBot/1.0; +claudebot@anthropic.com)"
51.222.253.12 - - [02/Jul/2025:11:41:56 +0000] "GET /tmp/awstats/ssl/?C=S;O=D HTTP/1.1" 200 29849 "-" "Mozilla/5.0 (compatible; AhrefsBot/7.0; +http://ahrefs.com/robot/)"
216.73.216.66 - - [02/Jul/2025:11:42:31 +0000] "GET /tmp/awstats/ssl/awstats042025.wrightimagegroup.wrightimagegroup.com.txt HTTP/1.1" 200 67859 "-" "Mozilla/5.0 AppleWebKit/537.36 (KHTML, like Gecko; compatible; ClaudeBot/1.0; +claudebot@anthropic.com)"
216.73.216.66 - - [02/Jul/2025:11:43:18 +0000] "GET /tmp/awstats/ssl/awstats032025.wrightimagegroup.wrightimagegroup.com.txt HTTP/1.1" 200 70172 "-" "Mozilla/5.0 AppleWebKit/537.36 (KHTML, like Gecko; compatible; ClaudeBot/1.0; +claudebot@anthropic.com)"
54.36.148.180 - - [02/Jul/2025:11:47:12 +0000] "GET /robots.txt HTTP/1.1" 404 - "-" "Mozilla/5.0 (compatible; AhrefsBot/7.0; +http://ahrefs.com/robot/)"
51.222.253.2 - - [02/Jul/2025:11:47:13 +0000] "GET /access-logs/?C=D;O=A HTTP/1.1" 200 1720 "-" "Mozilla/5.0 (compatible; AhrefsBot/7.0; +http://ahrefs.com/robot/)"
52.22.87.224 - - [02/Jul/2025:11:48:07 +0000] "GET /mail/cur/ HTTP/1.1" 200 676 "-" "Mozilla/5.0 AppleWebKit/537.36 (KHTML, like Gecko; compatible; Amazonbot/0.1; +https://developer.amazon.com/support/amazonbot) Chrome/119.0.6045.214 Safari/537.36"
34.225.138.57 - - [02/Jul/2025:11:48:11 +0000] "GET /cache/ HTTP/1.1" 200 3987 "-" "Mozilla/5.0 AppleWebKit/537.36 (KHTML, like Gecko; compatible; Amazonbot/0.1; +https://developer.amazon.com/support/amazonbot) Chrome/119.0.6045.214 Safari/537.36"
51.222.253.20 - - [02/Jul/2025:11:50:36 +0000] "GET /tmp/analog/6.html HTTP/1.1" 304 - "-" "Mozilla/5.0 (compatible; AhrefsBot/7.0; +http://ahrefs.com/robot/)"
51.222.253.13 - - [02/Jul/2025:11:52:53 +0000] "GET /access-logs/?C=S;O=A HTTP/1.1" 200 1720 "-" "Mozilla/5.0 (compatible; AhrefsBot/7.0; +http://ahrefs.com/robot/)"
216.244.66.229 - - [02/Jul/2025:11:54:32 +0000] "GET /robots.txt HTTP/1.1" 404 - "-" "Mozilla/5.0 (compatible; DotBot/1.2; +https://opensiteexplorer.org/dotbot; help@moz.com)"
216.244.66.229 - - [02/Jul/2025:11:54:32 +0000] "GET /robots.txt HTTP/1.1" 404 - "-" "Mozilla/5.0 (compatible; DotBot/1.2; +https://opensiteexplorer.org/dotbot; help@moz.com)"
216.244.66.229 - - [02/Jul/2025:11:54:32 +0000] "GET /robots.txt HTTP/1.1" 404 - "-" "Mozilla/5.0 (compatible; DotBot/1.2; +https://opensiteexplorer.org/dotbot; help@moz.com)"
216.73.216.66 - - [02/Jul/2025:11:54:46 +0000] "GET /tmp/awstats/ssl/awstats052025.wrightimagegroup.wrightimagegroup.com.txt HTTP/1.1" 200 70761 "-" "Mozilla/5.0 AppleWebKit/537.36 (KHTML, like Gecko; compatible; ClaudeBot/1.0; +claudebot@anthropic.com)"
51.222.253.16 - - [02/Jul/2025:11:58:03 +0000] "GET /tmp/awstats/ssl/?C=M;O=D HTTP/1.1" 200 29853 "-" "Mozilla/5.0 (compatible; AhrefsBot/7.0; +http://ahrefs.com/robot/)"
60.188.57.0 - - [02/Jul/2025:11:58:07 +0000] "GET / HTTP/1.1" 200 2795 "-" "Mozilla/5.0 (iPhone; CPU iPhone OS 13_2_3 like Mac OS X) AppleWebKit/605.1.15 (KHTML, like Gecko) Version/13.0.3 Mobile/15E148 Safari/604.1"
216.73.216.66 - - [02/Jul/2025:11:58:20 +0000] "GET /tmp/webalizer/ctry_usage_202506.png HTTP/1.1" 200 3750 "-" "Mozilla/5.0 AppleWebKit/537.36 (KHTML, like Gecko; compatible; ClaudeBot/1.0; +claudebot@anthropic.com)"
216.73.216.66 - - [02/Jul/2025:11:59:49 +0000] "GET /ssl/keys/?C=S&O=D HTTP/1.1" 200 675 "-" "Mozilla/5.0 AppleWebKit/537.36 (KHTML, like Gecko; compatible; ClaudeBot/1.0; +claudebot@anthropic.com)"
216.73.216.66 - - [02/Jul/2025:11:59:49 +0000] "GET /tmp/awstats/ssl/awstats062025.wrightimagegroup.wrightimagegroup.com.txt HTTP/1.1" 200 65858 "-" "Mozilla/5.0 AppleWebKit/537.36 (KHTML, like Gecko; compatible; ClaudeBot/1.0; +claudebot@anthropic.com)"
216.73.216.66 - - [02/Jul/2025:11:59:49 +0000] "GET /tmp/webalizer/hourly_usage_202503.png HTTP/1.1" 200 2011 "-" "Mozilla/5.0 AppleWebKit/537.36 (KHTML, like Gecko; compatible; ClaudeBot/1.0; +claudebot@anthropic.com)"
51.222.253.16 - - [02/Jul/2025:12:03:43 +0000] "GET /tmp/cpbandwidth/ HTTP/1.1" 200 907 "-" "Mozilla/5.0 (compatible; AhrefsBot/7.0; +http://ahrefs.com/robot/)"
216.73.216.66 - - [02/Jul/2025:12:04:54 +0000] "GET /tmp/awstats/ssl/?C=M&O=A HTTP/1.1" 200 29832 "-" "Mozilla/5.0 AppleWebKit/537.36 (KHTML, like Gecko; compatible; ClaudeBot/1.0; +claudebot@anthropic.com)"
216.73.216.66 - - [02/Jul/2025:12:05:44 +0000] "GET /tmp/awstats/ssl/awstats062025.wrightimagegroup.com.txt HTTP/1.1" 200 22961 "-" "Mozilla/5.0 AppleWebKit/537.36 (KHTML, like Gecko; compatible; ClaudeBot/1.0; +claudebot@anthropic.com)"
216.73.216.66 - - [02/Jul/2025:12:09:11 +0000] "GET /tmp/webalizer/hourly_usage_202502.png HTTP/1.1" 200 2156 "-" "Mozilla/5.0 AppleWebKit/537.36 (KHTML, like Gecko; compatible; ClaudeBot/1.0; +claudebot@anthropic.com)"
43.153.123.4 - - [02/Jul/2025:12:10:01 +0000] "GET / HTTP/1.1" 200 2816 "-" "Mozilla/5.0 (iPhone; CPU iPhone OS 13_2_3 like Mac OS X) AppleWebKit/605.1.15 (KHTML, like Gecko) Version/13.0.3 Mobile/15E148 Safari/604.1"
216.244.66.229 - - [02/Jul/2025:12:10:10 +0000] "GET /.cpaddons/moderation/?C=N;O=A HTTP/1.1" 200 709 "-" "Mozilla/5.0 (compatible; DotBot/1.2; +https://opensiteexplorer.org/dotbot; help@moz.com)"
51.222.253.15 - - [02/Jul/2025:12:11:36 +0000] "GET /tmp/analog/4.html HTTP/1.1" 304 - "-" "Mozilla/5.0 (compatible; AhrefsBot/7.0; +http://ahrefs.com/robot/)"
216.244.66.229 - - [02/Jul/2025:12:11:36 +0000] "GET /tmp/webalizer/usage_202104.html HTTP/1.1" 200 83303 "-" "Mozilla/5.0 (compatible; DotBot/1.2; +https://opensiteexplorer.org/dotbot; help@moz.com)"
216.244.66.229 - - [02/Jul/2025:12:11:40 +0000] "GET /tmp/webalizer/usage_202204.html HTTP/1.1" 200 102096 "-" "Mozilla/5.0 (compatible; DotBot/1.2; +https://opensiteexplorer.org/dotbot; help@moz.com)"
43.130.47.33 - - [02/Jul/2025:12:13:28 +0000] "GET / HTTP/1.1" 200 2795 "-" "Mozilla/5.0 (iPhone; CPU iPhone OS 13_2_3 like Mac OS X) AppleWebKit/605.1.15 (KHTML, like Gecko) Version/13.0.3 Mobile/15E148 Safari/604.1"
216.244.66.229 - - [02/Jul/2025:12:14:21 +0000] "GET /?locale=i_en HTTP/1.1" 200 2800 "-" "Mozilla/5.0 (compatible; DotBot/1.2; +https://opensiteexplorer.org/dotbot; help@moz.com)"
216.244.66.229 - - [02/Jul/2025:12:15:54 +0000] "GET /?C=N;O%3DD HTTP/1.1" 200 2795 "-" "Mozilla/5.0 (compatible; DotBot/1.2; +https://opensiteexplorer.org/dotbot; help@moz.com)"
216.73.216.66 - - [02/Jul/2025:12:17:28 +0000] "GET /tmp/awstats/ssl/?C=N&O=D HTTP/1.1" 200 29832 "-" "Mozilla/5.0 AppleWebKit/537.36 (KHTML, like Gecko; compatible; ClaudeBot/1.0; +claudebot@anthropic.com)"
216.73.216.66 - - [02/Jul/2025:12:24:33 +0000] "GET /tmp/awstats/ssl/?C=D&O=A HTTP/1.1" 200 29832 "-" "Mozilla/5.0 AppleWebKit/537.36 (KHTML, like Gecko; compatible; ClaudeBot/1.0; +claudebot@anthropic.com)"
216.73.216.66 - - [02/Jul/2025:12:25:17 +0000] "GET /tmp/webalizer/daily_usage_202503.png HTTP/1.1" 200 3861 "-" "Mozilla/5.0 AppleWebKit/537.36 (KHTML, like Gecko; compatible; ClaudeBot/1.0; +claudebot@anthropic.com)"
51.222.253.20 - - [02/Jul/2025:12:26:02 +0000] "GET /tmp/analog/ssl/?C=D;O=A HTTP/1.1" 200 1113 "-" "Mozilla/5.0 (compatible; AhrefsBot/7.0; +http://ahrefs.com/robot/)"
216.73.216.66 - - [02/Jul/2025:12:29:40 +0000] "GET /robots.txt HTTP/1.1" 404 - "-" "Mozilla/5.0 AppleWebKit/537.36 (KHTML, like Gecko; compatible; ClaudeBot/1.0; +claudebot@anthropic.com)"
216.73.216.66 - - [02/Jul/2025:12:29:40 +0000] "GET /tmp/awstats/ssl/awstats012025.wrightimagegroup.wrightimagegroup.com.txt HTTP/1.1" 200 104851 "-" "Mozilla/5.0 AppleWebKit/537.36 (KHTML, like Gecko; compatible; ClaudeBot/1.0; +claudebot@anthropic.com)"
51.222.253.10 - - [02/Jul/2025:12:30:50 +0000] "GET /tmp/analog/2.html HTTP/1.1" 304 - "-" "Mozilla/5.0 (compatible; AhrefsBot/7.0; +http://ahrefs.com/robot/)"
51.222.253.10 - - [02/Jul/2025:12:31:12 +0000] "GET /tmp/analog/ssl/?C=M;O=A HTTP/1.1" 200 1113 "-" "Mozilla/5.0 (compatible; AhrefsBot/7.0; +http://ahrefs.com/robot/)"
35.174.253.85 - - [02/Jul/2025:12:31:51 +0000] "GET /?C=M HTTP/1.1" 200 2799 "-" "Mozilla/5.0 AppleWebKit/537.36 (KHTML, like Gecko; compatible; Amazonbot/0.1; +https://developer.amazon.com/support/amazonbot) Chrome/119.0.6045.214 Safari/537.36"
52.3.127.170 - - [02/Jul/2025:12:31:59 +0000] "GET /tmp/analog/ssl/ HTTP/1.1" 200 1092 "-" "Mozilla/5.0 AppleWebKit/537.36 (KHTML, like Gecko; compatible; Amazonbot/0.1; +https://developer.amazon.com/support/amazonbot) Chrome/119.0.6045.214 Safari/537.36"
216.73.216.66 - - [02/Jul/2025:12:42:11 +0000] "GET /tmp/awstats/ssl/awstats042025.wrightimagegroup.com.txt HTTP/1.1" 200 17524 "-" "Mozilla/5.0 AppleWebKit/537.36 (KHTML, like Gecko; compatible; ClaudeBot/1.0; +claudebot@anthropic.com)"
66.249.65.39 - - [02/Jul/2025:12:43:57 +0000] "GET /tmp/awstats/ssl/awstats112024.wrightimagegroup.com.txt HTTP/1.1" 200 26916 "-" "Mozilla/5.0 (Linux; Android 6.0.1; Nexus 5X Build/MMB29P) AppleWebKit/537.36 (KHTML, like Gecko) Chrome/137.0.7151.103 Mobile Safari/537.36 (compatible; Googlebot/2.1; +http://www.google.com/bot.html)"
216.73.216.66 - - [02/Jul/2025:12:45:05 +0000] "GET /tmp/webalizer/ctry_usage_202503.png HTTP/1.1" 200 3715 "-" "Mozilla/5.0 AppleWebKit/537.36 (KHTML, like Gecko; compatible; ClaudeBot/1.0; +claudebot@anthropic.com)"
216.73.216.66 - - [02/Jul/2025:12:47:11 +0000] "GET /tmp/awstats/ssl/awstats112024.wrightimagegroup.com.txt HTTP/1.1" 200 26916 "-" "Mozilla/5.0 AppleWebKit/537.36 (KHTML, like Gecko; compatible; ClaudeBot/1.0; +claudebot@anthropic.com)"
51.222.253.20 - - [02/Jul/2025:12:51:06 +0000] "GET /tmp/analog/6.html HTTP/1.1" 304 - "-" "Mozilla/5.0 (compatible; AhrefsBot/7.0; +http://ahrefs.com/robot/)"
51.222.253.14 - - [02/Jul/2025:12:52:40 +0000] "GET /tmp/awstats/ssl/awstats062025.wrightimagegroup.com.txt HTTP/1.1" 200 22961 "-" "Mozilla/5.0 (compatible; AhrefsBot/7.0; +http://ahrefs.com/robot/)"
216.244.66.229 - - [02/Jul/2025:12:54:20 +0000] "GET /robots.txt HTTP/1.1" 404 - "-" "Mozilla/5.0 (compatible; DotBot/1.2; +https://opensiteexplorer.org/dotbot; help@moz.com)"
51.222.253.2 - - [02/Jul/2025:12:57:39 +0000] "GET /tmp/awstats/ssl/awstats062025.wrightimagegroup.wrightimagegroup.com.txt HTTP/1.1" 200 65858 "-" "Mozilla/5.0 (compatible; AhrefsBot/7.0; +http://ahrefs.com/robot/)"
66.249.65.40 - - [02/Jul/2025:13:00:18 +0000] "GET /tmp/awstats/ssl/awstats092024.wrightimagegroup.com.txt HTTP/1.1" 200 12327 "-" "Mozilla/5.0 (Linux; Android 6.0.1; Nexus 5X Build/MMB29P) AppleWebKit/537.36 (KHTML, like Gecko) Chrome/137.0.7151.103 Mobile Safari/537.36 (compatible; Googlebot/2.1; +http://www.google.com/bot.html)"
51.222.253.7 - - [02/Jul/2025:13:03:00 +0000] "GET /tmp/?C=S;O=A HTTP/1.1" 200 1572 "-" "Mozilla/5.0 (compatible; AhrefsBot/7.0; +http://ahrefs.com/robot/)"
216.244.66.229 - - [02/Jul/2025:13:04:51 +0000] "GET /www/triumphofflight.org/?C=S;O=A HTTP/1.1" 200 886 "-" "Mozilla/5.0 (compatible; DotBot/1.2; +https://opensiteexplorer.org/dotbot; help@moz.com)"
85.208.96.201 - - [02/Jul/2025:13:06:50 +0000] "GET /robots.txt HTTP/1.1" 404 - "-" "Mozilla/5.0 (compatible; SemrushBot/7~bl; +http://www.semrush.com/bot.html)"
185.191.171.14 - - [02/Jul/2025:13:06:50 +0000] "GET /tmp/webalizer/usage_202402.html HTTP/1.1" 200 110413 "-" "Mozilla/5.0 (compatible; SemrushBot/7~bl; +http://www.semrush.com/bot.html)"
5.135.131.86 - - [02/Jul/2025:13:07:01 +0000] "GET /robots.txt HTTP/1.1" 404 - "-" "Mozilla/5.0 (compatible; MJ12bot/v1.4.8; http://mj12bot.com/)"
5.135.131.86 - - [02/Jul/2025:13:07:05 +0000] "GET /?%3E' HTTP/1.1" 200 2812 "-" "Mozilla/5.0 (compatible; MJ12bot/v1.4.8; http://mj12bot.com/)"
5.135.131.86 - - [02/Jul/2025:13:07:27 +0000] "GET /robots.txt HTTP/1.1" 404 - "-" "Mozilla/5.0 (compatible; MJ12bot/v1.4.8; http://mj12bot.com/)"
5.135.131.86 - - [02/Jul/2025:13:07:29 +0000] "GET /?%3E' HTTP/1.1" 200 2816 "-" "Mozilla/5.0 (compatible; MJ12bot/v1.4.8; http://mj12bot.com/)"
5.135.131.86 - - [02/Jul/2025:13:07:31 +0000] "GET /tmp/analog/ssl/wrightimagegroup.com/cache HTTP/1.1" 200 2140490 "-" "Mozilla/5.0 (compatible; MJ12bot/v1.4.8; http://mj12bot.com/)"
5.135.131.86 - - [02/Jul/2025:13:07:36 +0000] "GET /tmp/analog/ssl/wrightimagegroup.wrightimagegroup.com/cache HTTP/1.1" 200 7546602 "-" "Mozilla/5.0 (compatible; MJ12bot/v1.4.8; http://mj12bot.com/)"
51.222.253.10 - - [02/Jul/2025:13:08:29 +0000] "GET /triumphofflight.com/cgi-bin/?C=N;O=D HTTP/1.1" 200 746 "-" "Mozilla/5.0 (compatible; AhrefsBot/7.0; +http://ahrefs.com/robot/)"
216.244.66.229 - - [02/Jul/2025:13:10:16 +0000] "GET /.cpaddons/?C=N;O%3DD HTTP/1.1" 200 857 "-" "Mozilla/5.0 (compatible; DotBot/1.2; +https://opensiteexplorer.org/dotbot; help@moz.com)"
216.244.66.229 - - [02/Jul/2025:13:10:20 +0000] "GET /tof/?C=D;O%3DA HTTP/1.1" 200 842 "-" "Mozilla/5.0 (compatible; DotBot/1.2; +https://opensiteexplorer.org/dotbot; help@moz.com)"
51.222.253.6 - - [02/Jul/2025:13:12:44 +0000] "GET /tmp/analog/4.html HTTP/1.1" 304 - "-" "Mozilla/5.0 (compatible; AhrefsBot/7.0; +http://ahrefs.com/robot/)"
216.244.66.229 - - [02/Jul/2025:13:13:12 +0000] "GET /etc/wrightimagegroup.com/?C=M;O%3DD HTTP/1.1" 200 712 "-" "Mozilla/5.0 (compatible; DotBot/1.2; +https://opensiteexplorer.org/dotbot; help@moz.com)"
216.244.66.229 - - [02/Jul/2025:13:13:16 +0000] "GET /mail/cur/?C=D;O%3DA HTTP/1.1" 200 681 "-" "Mozilla/5.0 (compatible; DotBot/1.2; +https://opensiteexplorer.org/dotbot; help@moz.com)"
216.244.66.229 - - [02/Jul/2025:13:13:18 +0000] "GET /mail/tmp/?C=N;O%3DA HTTP/1.1" 200 681 "-" "Mozilla/5.0 (compatible; DotBot/1.2; +https://opensiteexplorer.org/dotbot; help@moz.com)"
216.244.66.229 - - [02/Jul/2025:13:14:41 +0000] "GET /?locale=es HTTP/1.1" 200 2800 "-" "Mozilla/5.0 (compatible; DotBot/1.2; +https://opensiteexplorer.org/dotbot; help@moz.com)"
51.222.253.9 - - [02/Jul/2025:13:19:13 +0000] "GET /tmp/awstats/ssl/?C=D;O=D HTTP/1.1" 200 29853 "-" "Mozilla/5.0 (compatible; AhrefsBot/7.0; +http://ahrefs.com/robot/)"
216.244.66.229 - - [02/Jul/2025:13:22:52 +0000] "GET /?rest_route=/wp/v2/users/ HTTP/1.1" 200 2800 "-" "Mozilla/5.0 (compatible; DotBot/1.2; +https://opensiteexplorer.org/dotbot; help@moz.com)"
23.23.99.55 - - [02/Jul/2025:13:32:43 +0000] "GET /tmp/ HTTP/1.1" 200 1556 "-" "Mozilla/5.0 AppleWebKit/537.36 (KHTML, like Gecko; compatible; Amazonbot/0.1; +https://developer.amazon.com/support/amazonbot) Chrome/119.0.6045.214 Safari/537.36"
51.222.253.17 - - [02/Jul/2025:13:35:05 +0000] "GET /tmp/awstats/ssl/?C=S;O=D HTTP/1.1" 200 29853 "-" "Mozilla/5.0 (compatible; AhrefsBot/7.0; +http://ahrefs.com/robot/)"
51.222.253.2 - - [02/Jul/2025:13:40:00 +0000] "GET /mail/cur/ HTTP/1.1" 200 693 "-" "Mozilla/5.0 (compatible; AhrefsBot/7.0; +http://ahrefs.com/robot/)"
216.244.66.229 - - [02/Jul/2025:13:40:11 +0000] "GET /robots.txt HTTP/1.1" 404 - "-" "Mozilla/5.0 (compatible; DotBot/1.2; +https://opensiteexplorer.org/dotbot; help@moz.com)"
54.36.149.63 - - [02/Jul/2025:13:43:56 +0000] "GET /robots.txt HTTP/1.1" 404 - "-" "Mozilla/5.0 (compatible; AhrefsBot/7.0; +http://ahrefs.com/robot/)"
51.222.253.14 - - [02/Jul/2025:13:43:57 +0000] "GET /tmp/analog/ssl/wrightimagegroup.wrightimagegroup.com/4.html HTTP/1.1" 304 - "-" "Mozilla/5.0 (compatible; AhrefsBot/7.0; +http://ahrefs.com/robot/)"
51.222.253.4 - - [02/Jul/2025:13:44:39 +0000] "GET /mail/new/ HTTP/1.1" 200 693 "-" "Mozilla/5.0 (compatible; AhrefsBot/7.0; +http://ahrefs.com/robot/)"
216.244.66.229 - - [02/Jul/2025:13:47:40 +0000] "GET /mail/new/?C=M;O=D HTTP/1.1" 200 681 "-" "Mozilla/5.0 (compatible; DotBot/1.2; +https://opensiteexplorer.org/dotbot; help@moz.com)"
216.244.66.229 - - [02/Jul/2025:13:48:01 +0000] "GET /.htpasswds/?C=S;O%3DA HTTP/1.1" 200 680 "-" "Mozilla/5.0 (compatible; DotBot/1.2; +https://opensiteexplorer.org/dotbot; help@moz.com)"
216.244.66.229 - - [02/Jul/2025:13:48:05 +0000] "GET /public_ftp/?C=D%3BO%3DA HTTP/1.1" 200 857 "-" "Mozilla/5.0 (compatible; DotBot/1.2; +https://opensiteexplorer.org/dotbot; help@moz.com)"
216.244.66.229 - - [02/Jul/2025:13:48:08 +0000] "GET /tof/?C=M;O%3DD HTTP/1.1" 200 842 "-" "Mozilla/5.0 (compatible; DotBot/1.2; +https://opensiteexplorer.org/dotbot; help@moz.com)"
216.244.66.229 - - [02/Jul/2025:13:48:54 +0000] "GET /tmp/awstats/?C=S%3BO%3DA HTTP/1.1" 200 56356 "-" "Mozilla/5.0 (compatible; DotBot/1.2; +https://opensiteexplorer.org/dotbot; help@moz.com)"
216.244.66.229 - - [02/Jul/2025:13:49:21 +0000] "GET /?locale=th HTTP/1.1" 200 2800 "-" "Mozilla/5.0 (compatible; DotBot/1.2; +https://opensiteexplorer.org/dotbot; help@moz.com)"
66.249.65.41 - - [02/Jul/2025:13:49:23 +0000] "GET /robots.txt HTTP/1.1" 404 - "-" "Mozilla/5.0 (compatible; Googlebot/2.1; +http://www.google.com/bot.html)"
66.249.65.39 - - [02/Jul/2025:13:49:23 +0000] "GET /tmp/awstats/ssl/awstats072024.wrightimagegroup.com.txt HTTP/1.1" 200 14426 "-" "Mozilla/5.0 (Linux; Android 6.0.1; Nexus 5X Build/MMB29P) AppleWebKit/537.36 (KHTML, like Gecko) Chrome/137.0.7151.103 Mobile Safari/537.36 (compatible; Googlebot/2.1; +http://www.google.com/bot.html)"
51.222.253.8 - - [02/Jul/2025:13:49:29 +0000] "GET /mail/tmp/ HTTP/1.1" 200 693 "-" "Mozilla/5.0 (compatible; AhrefsBot/7.0; +http://ahrefs.com/robot/)"
216.244.66.229 - - [02/Jul/2025:13:49:48 +0000] "GET /?locale=es_419 HTTP/1.1" 200 2800 "-" "Mozilla/5.0 (compatible; DotBot/1.2; +https://opensiteexplorer.org/dotbot; help@moz.com)"
3.218.35.239 - - [02/Jul/2025:13:52:11 +0000] "GET /cgi-bin/ HTTP/1.1" 404 - "-" "Mozilla/5.0 AppleWebKit/537.36 (KHTML, like Gecko; compatible; Amazonbot/0.1; +https://developer.amazon.com/support/amazonbot) Chrome/119.0.6045.214 Safari/537.36"
51.222.253.11 - - [02/Jul/2025:13:55:10 +0000] "GET /mail/wrightimagegroup.com/ HTTP/1.1" 200 727 "-" "Mozilla/5.0 (compatible; AhrefsBot/7.0; +http://ahrefs.com/robot/)"
51.222.253.17 - - [02/Jul/2025:14:00:08 +0000] "GET /tmp/webalizerftp/ HTTP/1.1" 200 708 "-" "Mozilla/5.0 (compatible; AhrefsBot/7.0; +http://ahrefs.com/robot/)"
51.222.253.3 - - [02/Jul/2025:14:05:56 +0000] "GET /mail/?C=M;O=A HTTP/1.1" 200 2880 "-" "Mozilla/5.0 (compatible; AhrefsBot/7.0; +http://ahrefs.com/robot/)"
51.222.253.14 - - [02/Jul/2025:14:11:00 +0000] "GET /mail/?C=D;O=A HTTP/1.1" 200 2880 "-" "Mozilla/5.0 (compatible; AhrefsBot/7.0; +http://ahrefs.com/robot/)"
114.119.152.177 - - [02/Jul/2025:14:11:24 +0000] "GET /tmp/awstats/awstats042023.wrightimagegroup.com.txt HTTP/1.1" 200 24206 "http://wrightimagegroup.org/tmp/awstats/?C=S%3BO%3DA" "Mozilla/5.0 (Linux; Android 7.0;) AppleWebKit/537.36 (KHTML, like Gecko) Mobile Safari/537.36 (compatible; PetalBot;+https://webmaster.petalsearch.com/site/petalbot)"
114.119.152.177 - - [02/Jul/2025:14:12:51 +0000] "GET /tmp/awstats/awstats022020.wrightimagegroup.com.txt HTTP/1.1" 200 9733 "http://wrightimagegroup.org/tmp/awstats/?C=S%3BO%3DA" "Mozilla/5.0 (Linux; Android 7.0;) AppleWebKit/537.36 (KHTML, like Gecko) Mobile Safari/537.36 (compatible; PetalBot;+https://webmaster.petalsearch.com/site/petalbot)"
51.222.253.13 - - [02/Jul/2025:14:13:29 +0000] "GET /tmp/analog/ssl/wrightimagegroup.com/4.html HTTP/1.1" 304 - "-" "Mozilla/5.0 (compatible; AhrefsBot/7.0; +http://ahrefs.com/robot/)"
185.191.171.1 - - [02/Jul/2025:14:13:39 +0000] "GET /robots.txt HTTP/1.1" 404 - "-" "Mozilla/5.0 (compatible; SemrushBot/7~bl; +http://www.semrush.com/bot.html)"
185.191.171.13 - - [02/Jul/2025:14:13:40 +0000] "GET /tmp/webalizer/usage_202501.html HTTP/1.1" 200 118701 "-" "Mozilla/5.0 (compatible; SemrushBot/7~bl; +http://www.semrush.com/bot.html)"
51.222.253.16 - - [02/Jul/2025:14:16:11 +0000] "GET /mail/ HTTP/1.1" 200 2880 "-" "Mozilla/5.0 (compatible; AhrefsBot/7.0; +http://ahrefs.com/robot/)"
51.222.253.15 - - [02/Jul/2025:14:21:10 +0000] "GET /tmp/awstats/?C=M;O=D HTTP/1.1" 200 56368 "-" "Mozilla/5.0 (compatible; AhrefsBot/7.0; +http://ahrefs.com/robot/)"
51.222.253.10 - - [02/Jul/2025:14:26:42 +0000] "GET /tmp/awstats/?C=D;O=D HTTP/1.1" 200 56368 "-" "Mozilla/5.0 (compatible; AhrefsBot/7.0; +http://ahrefs.com/robot/)"
114.119.152.177 - - [02/Jul/2025:14:26:35 +0000] "GET /tmp/webalizer/usage_202308.html HTTP/1.1" 200 105562 "http://www.wrightimagegroup.org/tmp/webalizer/usage_202308.html" "Mozilla/5.0 (Linux; Android 7.0;) AppleWebKit/537.36 (KHTML, like Gecko) Mobile Safari/537.36 (compatible; PetalBot;+https://webmaster.petalsearch.com/site/petalbot)"
216.244.66.229 - - [02/Jul/2025:14:27:05 +0000] "GET /robots.txt HTTP/1.1" 404 - "-" "Mozilla/5.0 (compatible; DotBot/1.2; +https://opensiteexplorer.org/dotbot; help@moz.com)"
114.119.149.89 - - [02/Jul/2025:14:28:01 +0000] "GET /tmp/webalizer/hourly_usage_202505.png HTTP/1.1" 200 1888 "http://www.wrightimagegroup.org/tmp/webalizer/usage_202505.html" "Mozilla/5.0 (Linux; Android 7.0;) AppleWebKit/537.36 (KHTML, like Gecko) Mobile Safari/537.36 (compatible; PetalBot;+https://webmaster.petalsearch.com/site/petalbot)"
51.222.253.2 - - [02/Jul/2025:14:29:11 +0000] "GET /tmp/analog/ssl/wrightimagegroup.wrightimagegroup.com/4.html HTTP/1.1" 304 - "-" "Mozilla/5.0 (compatible; AhrefsBot/7.0; +http://ahrefs.com/robot/)"
114.119.135.202 - - [02/Jul/2025:14:29:36 +0000] "GET /tmp/webalizer/ctry_usage_202203.png HTTP/1.1" 200 3477 "http://www.wrightimagegroup.org/tmp/webalizer/usage_202203.html" "Mozilla/5.0 (Linux; Android 7.0;) AppleWebKit/537.36 (KHTML, like Gecko) Mobile Safari/537.36 (compatible; PetalBot;+https://webmaster.petalsearch.com/site/petalbot)"
51.222.253.16 - - [02/Jul/2025:14:33:35 +0000] "GET /tmp/webalizer/usage_202504.html HTTP/1.1" 304 - "-" "Mozilla/5.0 (compatible; AhrefsBot/7.0; +http://ahrefs.com/robot/)"
216.244.66.229 - - [02/Jul/2025:14:34:25 +0000] "GET /tmp/webalizer/usage_202110.html HTTP/1.1" 200 97398 "-" "Mozilla/5.0 (compatible; DotBot/1.2; +https://opensiteexplorer.org/dotbot; help@moz.com)"
216.244.66.229 - - [02/Jul/2025:14:34:43 +0000] "GET /access-logs/?C=S;O%3DD HTTP/1.1" 200 1704 "-" "Mozilla/5.0 (compatible; DotBot/1.2; +https://opensiteexplorer.org/dotbot; help@moz.com)"
216.244.66.229 - - [02/Jul/2025:14:34:49 +0000] "GET /tof/?C=D;O%3DD HTTP/1.1" 200 842 "-" "Mozilla/5.0 (compatible; DotBot/1.2; +https://opensiteexplorer.org/dotbot; help@moz.com)"
216.244.66.229 - - [02/Jul/2025:14:35:28 +0000] "GET /public_ftp/incoming/?C=M;O%3DA HTTP/1.1" 200 709 "-" "Mozilla/5.0 (compatible; DotBot/1.2; +https://opensiteexplorer.org/dotbot; help@moz.com)"
216.244.66.229 - - [02/Jul/2025:14:35:31 +0000] "GET /ssl/certs/?C=N%3BO%3DD HTTP/1.1" 200 682 "-" "Mozilla/5.0 (compatible; DotBot/1.2; +https://opensiteexplorer.org/dotbot; help@moz.com)"
216.244.66.229 - - [02/Jul/2025:14:35:34 +0000] "GET /tmp/awstats/?C=S;O%3DA HTTP/1.1" 200 56356 "-" "Mozilla/5.0 (compatible; DotBot/1.2; +https://opensiteexplorer.org/dotbot; help@moz.com)"
216.244.66.229 - - [02/Jul/2025:14:35:55 +0000] "GET /etc/wrightimagegroup.com/?C=S%3BO%3DA HTTP/1.1" 200 712 "-" "Mozilla/5.0 (compatible; DotBot/1.2; +https://opensiteexplorer.org/dotbot; help@moz.com)"
51.222.253.1 - - [02/Jul/2025:14:36:31 +0000] "GET /tmp/webalizer/usage_202504.html HTTP/1.1" 304 - "-" "Mozilla/5.0 (compatible; AhrefsBot/7.0; +http://ahrefs.com/robot/)"
54.87.62.248 - - [02/Jul/2025:14:37:07 +0000] "GET /public_ftp/incoming/ HTTP/1.1" 200 708 "-" "Mozilla/5.0 AppleWebKit/537.36 (KHTML, like Gecko; compatible; Amazonbot/0.1; +https://developer.amazon.com/support/amazonbot) Chrome/119.0.6045.214 Safari/537.36"
114.119.146.18 - - [02/Jul/2025:14:37:18 +0000] "GET /tmp/awstats/ssl/awstats082022.wrightimagegroup.wrightimagegroup.com.txt HTTP/1.1" 200 36392 "http://www.wrightimagegroup.org/tmp/awstats/ssl/?C=M%3BO%3DA" "Mozilla/5.0 (Linux; Android 7.0;) AppleWebKit/537.36 (KHTML, like Gecko) Mobile Safari/537.36 (compatible; PetalBot;+https://webmaster.petalsearch.com/site/petalbot)"
66.249.73.10 - - [02/Jul/2025:14:38:29 +0000] "GET /tmp/awstats/ssl/awstats072020.wrightimagegroup.wrightimagegroup.com.txt HTTP/1.1" 200 7285 "-" "Mozilla/5.0 (Linux; Android 6.0.1; Nexus 5X Build/MMB29P) AppleWebKit/537.36 (KHTML, like Gecko) Chrome/137.0.7151.103 Mobile Safari/537.36 (compatible; Googlebot/2.1; +http://www.google.com/bot.html)"
43.158.91.71 - - [02/Jul/2025:14:38:42 +0000] "GET / HTTP/1.1" 200 2799 "-" "Mozilla/5.0 (iPhone; CPU iPhone OS 13_2_3 like Mac OS X) AppleWebKit/605.1.15 (KHTML, like Gecko) Version/13.0.3 Mobile/15E148 Safari/604.1"
114.119.132.85 - - [02/Jul/2025:14:38:49 +0000] "GET /tmp/awstats/ssl/awstats092024.wrightimagegroup.wrightimagegroup.com.txt HTTP/1.1" 200 58174 "http://www.wrightimagegroup.org/tmp/awstats/ssl/?C=M%3BO%3DA" "Mozilla/5.0 (Linux; Android 7.0;) AppleWebKit/537.36 (KHTML, like Gecko) Mobile Safari/537.36 (compatible; PetalBot;+https://webmaster.petalsearch.com/site/petalbot)"
114.119.135.202 - - [02/Jul/2025:14:41:18 +0000] "GET /tmp/awstats/ssl/awstats042023.wrightimagegroup.com.txt HTTP/1.1" 200 17974 "http://www.wrightimagegroup.org/tmp/awstats/ssl/?C=M%3BO%3DA" "Mozilla/5.0 (Linux; Android 7.0;) AppleWebKit/537.36 (KHTML, like Gecko) Mobile Safari/537.36 (compatible; PetalBot;+https://webmaster.petalsearch.com/site/petalbot)"
114.119.140.169 - - [02/Jul/2025:14:43:26 +0000] "GET /tmp/awstats/awstats092020.wrightimagegroup.com.txt HTTP/1.1" 200 13685 "http://www.wrightimagegroup.org/tmp/awstats/?C=S%3BO%3DD" "Mozilla/5.0 (Linux; Android 7.0;) AppleWebKit/537.36 (KHTML, like Gecko) Mobile Safari/537.36 (compatible; PetalBot;+https://webmaster.petalsearch.com/site/petalbot)"
51.222.253.5 - - [02/Jul/2025:14:44:44 +0000] "GET /tmp/analog/ssl/wrightimagegroup.wrightimagegroup.com/4.html HTTP/1.1" 304 - "-" "Mozilla/5.0 (compatible; AhrefsBot/7.0; +http://ahrefs.com/robot/)"
114.119.146.18 - - [02/Jul/2025:14:49:43 +0000] "GET /tmp/awstats/awstats082021.wrightimagegroup.wrightimagegroup.com.txt HTTP/1.1" 200 142427 "http://www.wrightimagegroup.org/tmp/awstats/?C=S%3BO%3DD" "Mozilla/5.0 (Linux; Android 7.0;) AppleWebKit/537.36 (KHTML, like Gecko) Mobile Safari/537.36 (compatible; PetalBot;+https://webmaster.petalsearch.com/site/petalbot)"
114.119.146.18 - - [02/Jul/2025:14:55:17 +0000] "GET /tmp/awstats/ssl/awstats052020.wrightimagegroup.com.txt HTTP/1.1" 200 7537 "http://www.wrightimagegroup.org/tmp/awstats/ssl/?C=M%3BO%3DA" "Mozilla/5.0 (Linux; Android 7.0;) AppleWebKit/537.36 (KHTML, like Gecko) Mobile Safari/537.36 (compatible; PetalBot;+https://webmaster.petalsearch.com/site/petalbot)"
66.249.65.39 - - [02/Jul/2025:14:57:50 +0000] "GET /tmp/awstats/ssl/awstats072023.wrightimagegroup.wrightimagegroup.com.txt HTTP/1.1" 200 34271 "-" "Mozilla/5.0 (Linux; Android 6.0.1; Nexus 5X Build/MMB29P) AppleWebKit/537.36 (KHTML, like Gecko) Chrome/137.0.7151.103 Mobile Safari/537.36 (compatible; Googlebot/2.1; +http://www.google.com/bot.html)"
114.119.135.202 - - [02/Jul/2025:14:58:09 +0000] "GET /tmp/awstats/awstats042021.wrightimagegroup.com.txt HTTP/1.1" 200 17276 "http://www.wrightimagegroup.org/tmp/awstats/?C=S%3BO%3DD" "Mozilla/5.0 (Linux; Android 7.0;) AppleWebKit/537.36 (KHTML, like Gecko) Mobile Safari/537.36 (compatible; PetalBot;+https://webmaster.petalsearch.com/site/petalbot)"
114.119.152.177 - - [02/Jul/2025:14:58:36 +0000] "GET /tmp/webalizer/usage_202302.html HTTP/1.1" 200 99687 "http://www.wrightimagegroup.org/tmp/webalizer/usage_202302.html" "Mozilla/5.0 (Linux; Android 7.0;) AppleWebKit/537.36 (KHTML, like Gecko) Mobile Safari/537.36 (compatible; PetalBot;+https://webmaster.petalsearch.com/site/petalbot)"
54.36.148.209 - - [02/Jul/2025:15:01:47 +0000] "GET /robots.txt HTTP/1.1" 404 - "-" "Mozilla/5.0 (compatible; AhrefsBot/7.0; +http://ahrefs.com/robot/)"
51.222.253.14 - - [02/Jul/2025:15:01:48 +0000] "GET /tmp/webalizer/usage_202410.html HTTP/1.1" 304 - "-" "Mozilla/5.0 (compatible; AhrefsBot/7.0; +http://ahrefs.com/robot/)"
114.119.132.85 - - [02/Jul/2025:15:02:47 +0000] "GET /tmp/analog/ssl/wrightimagegroup.wrightimagegroup.com/cache HTTP/1.1" 200 7546602 "http://www.wrightimagegroup.org/tmp/analog/ssl/wrightimagegroup.wrightimagegroup.com/?C=M%3BO%3DD" "Mozilla/5.0 (Linux; Android 7.0;) AppleWebKit/537.36 (KHTML, like Gecko) Mobile Safari/537.36 (compatible; PetalBot;+https://webmaster.petalsearch.com/site/petalbot)"
114.119.146.18 - - [02/Jul/2025:15:06:02 +0000] "GET /tmp/awstats/awstats082020.wrightimagegroup.com.txt HTTP/1.1" 200 26454 "http://www.wrightimagegroup.org/tmp/awstats/?C=S%3BO%3DD" "Mozilla/5.0 (Linux; Android 7.0;) AppleWebKit/537.36 (KHTML, like Gecko) Mobile Safari/537.36 (compatible; PetalBot;+https://webmaster.petalsearch.com/site/petalbot)"
182.44.2.148 - - [02/Jul/2025:15:06:24 +0000] "GET / HTTP/1.1" 200 2799 "-" "Mozilla/5.0 (iPhone; CPU iPhone OS 13_2_3 like Mac OS X) AppleWebKit/605.1.15 (KHTML, like Gecko) Version/13.0.3 Mobile/15E148 Safari/604.1"
51.222.253.19 - - [02/Jul/2025:15:08:01 +0000] "GET /tmp/webalizer/usage_202502.html HTTP/1.1" 304 - "-" "Mozilla/5.0 (compatible; AhrefsBot/7.0; +http://ahrefs.com/robot/)"
51.222.253.12 - - [02/Jul/2025:15:10:19 +0000] "GET /tmp/analog/ssl/wrightimagegroup.com/4.html HTTP/1.1" 304 - "-" "Mozilla/5.0 (compatible; AhrefsBot/7.0; +http://ahrefs.com/robot/)"
114.119.149.89 - - [02/Jul/2025:15:11:47 +0000] "GET /tmp/awstats/awstats032024.wrightimagegroup.com.txt HTTP/1.1" 200 25867 "http://www.wrightimagegroup.org/tmp/awstats/?C=S%3BO%3DD" "Mozilla/5.0 (Linux; Android 7.0;) AppleWebKit/537.36 (KHTML, like Gecko) Mobile Safari/537.36 (compatible; PetalBot;+https://webmaster.petalsearch.com/site/petalbot)"
216.244.66.229 - - [02/Jul/2025:15:13:49 +0000] "GET /robots.txt HTTP/1.1" 404 - "-" "Mozilla/5.0 (compatible; DotBot/1.2; +https://opensiteexplorer.org/dotbot; help@moz.com)"
51.222.253.5 - - [02/Jul/2025:15:13:58 +0000] "GET /tmp/webalizer/usage_202412.html HTTP/1.1" 304 - "-" "Mozilla/5.0 (compatible; AhrefsBot/7.0; +http://ahrefs.com/robot/)"
114.119.144.41 - - [02/Jul/2025:15:14:55 +0000] "GET /tmp/awstats/ssl/awstats122021.wrightimagegroup.wrightimagegroup.com.txt HTTP/1.1" 200 15570 "http://wrightimagegroup.org/tmp/awstats/ssl/?C=M%3BO%3DA" "Mozilla/5.0 (Linux; Android 7.0;) AppleWebKit/537.36 (KHTML, like Gecko) Mobile Safari/537.36 (compatible; PetalBot;+https://webmaster.petalsearch.com/site/petalbot)"
114.119.135.202 - - [02/Jul/2025:15:17:26 +0000] "GET /tmp/awstats/ssl/awstats042023.wrightimagegroup.com.txt HTTP/1.1" 200 17974 "http://wrightimagegroup.org/tmp/awstats/ssl/?C=M%3BO%3DA" "Mozilla/5.0 (Linux; Android 7.0;) AppleWebKit/537.36 (KHTML, like Gecko) Mobile Safari/537.36 (compatible; PetalBot;+https://webmaster.petalsearch.com/site/petalbot)"
114.119.152.177 - - [02/Jul/2025:15:18:12 +0000] "GET /tmp/awstats/ssl/awstats052021.wrightimagegroup.com.txt HTTP/1.1" 200 8742 "http://wrightimagegroup.org/tmp/awstats/ssl/?C=M%3BO%3DA" "Mozilla/5.0 (Linux; Android 7.0;) AppleWebKit/537.36 (KHTML, like Gecko) Mobile Safari/537.36 (compatible; PetalBot;+https://webmaster.petalsearch.com/site/petalbot)"
51.222.253.7 - - [02/Jul/2025:15:20:29 +0000] "GET /tmp/webalizer/usage_202504.html HTTP/1.1" 304 - "-" "Mozilla/5.0 (compatible; AhrefsBot/7.0; +http://ahrefs.com/robot/)"
114.119.140.169 - - [02/Jul/2025:15:12:49 +0000] "GET /tmp/analog/cache HTTP/1.1" 200 205730 "http://www.wrightimagegroup.org/tmp/analog/?C=M%3BO%3DD" "Mozilla/5.0 (Linux; Android 7.0;) AppleWebKit/537.36 (KHTML, like Gecko) Mobile Safari/537.36 (compatible; PetalBot;+https://webmaster.petalsearch.com/site/petalbot)"
114.119.132.85 - - [02/Jul/2025:15:23:05 +0000] "GET /tmp/awstats/ssl/awstats032024.wrightimagegroup.com.txt HTTP/1.1" 200 13731 "http://wrightimagegroup.org/tmp/awstats/ssl/?C=M%3BO%3DA" "Mozilla/5.0 (Linux; Android 7.0;) AppleWebKit/537.36 (KHTML, like Gecko) Mobile Safari/537.36 (compatible; PetalBot;+https://webmaster.petalsearch.com/site/petalbot)"
216.244.66.230 - - [02/Jul/2025:15:26:09 +0000] "GET /robots.txt HTTP/1.1" 404 - "-" "Mozilla/5.0 (compatible; DotBot/1.2; +https://opensiteexplorer.org/dotbot; help@moz.com)"
216.244.66.230 - - [02/Jul/2025:15:26:09 +0000] "GET /robots.txt HTTP/1.1" 404 - "-" "Mozilla/5.0 (compatible; DotBot/1.2; +https://opensiteexplorer.org/dotbot; help@moz.com)"
51.222.253.1 - - [02/Jul/2025:15:26:53 +0000] "GET /tmp/webalizer/usage_202501.html HTTP/1.1" 304 - "-" "Mozilla/5.0 (compatible; AhrefsBot/7.0; +http://ahrefs.com/robot/)"
216.73.216.66 - - [02/Jul/2025:15:28:04 +0000] "GET /robots.txt HTTP/1.1" 404 - "-" "Mozilla/5.0 AppleWebKit/537.36 (KHTML, like Gecko; compatible; ClaudeBot/1.0; +claudebot@anthropic.com)"
216.73.216.66 - - [02/Jul/2025:15:28:04 +0000] "GET /tmp/analog/ssl/?C=M&O=D HTTP/1.1" 200 1092 "-" "Mozilla/5.0 AppleWebKit/537.36 (KHTML, like Gecko; compatible; ClaudeBot/1.0; +claudebot@anthropic.com)"
114.119.140.169 - - [02/Jul/2025:15:27:52 +0000] "GET /tmp/awstats/awstats112024.wrightimagegroup.wrightimagegroup.com.txt HTTP/1.1" 200 153521 "http://wrightimagegroup.org/tmp/awstats/?C=S%3BO%3DA" "Mozilla/5.0 (Linux; Android 7.0;) AppleWebKit/537.36 (KHTML, like Gecko) Mobile Safari/537.36 (compatible; PetalBot;+https://webmaster.petalsearch.com/site/petalbot)"
114.119.146.18 - - [02/Jul/2025:15:30:14 +0000] "GET /tmp/awstats/ssl/awstats022024.wrightimagegroup.com.txt HTTP/1.1" 200 18461 "http://wrightimagegroup.org/tmp/awstats/ssl/?C=M%3BO%3DA" "Mozilla/5.0 (Linux; Android 7.0;) AppleWebKit/537.36 (KHTML, like Gecko) Mobile Safari/537.36 (compatible; PetalBot;+https://webmaster.petalsearch.com/site/petalbot)"
216.244.66.229 - - [02/Jul/2025:15:30:44 +0000] "GET /ssl/?C=D%3BO%3DA HTTP/1.1" 200 1540 "-" "Mozilla/5.0 (compatible; DotBot/1.2; +https://opensiteexplorer.org/dotbot; help@moz.com)"
216.244.66.229 - - [02/Jul/2025:15:32:10 +0000] "GET /public_ftp/incoming/?C=N;O%3DD HTTP/1.1" 200 709 "-" "Mozilla/5.0 (compatible; DotBot/1.2; +https://opensiteexplorer.org/dotbot; help@moz.com)"
114.119.146.18 - - [02/Jul/2025:15:33:30 +0000] "GET /tmp/awstats/awstats122020.wrightimagegroup.com.txt HTTP/1.1" 200 20126 "http://wrightimagegroup.org/tmp/awstats/?C=S%3BO%3DA" "Mozilla/5.0 (Linux; Android 7.0;) AppleWebKit/537.36 (KHTML, like Gecko) Mobile Safari/537.36 (compatible; PetalBot;+https://webmaster.petalsearch.com/site/petalbot)"
51.222.253.5 - - [02/Jul/2025:15:33:41 +0000] "GET /tmp/webalizer/usage_202503.html HTTP/1.1" 304 - "-" "Mozilla/5.0 (compatible; AhrefsBot/7.0; +http://ahrefs.com/robot/)"
216.244.66.230 - - [02/Jul/2025:15:35:23 +0000] "GET /tmp/webalizer/usage_202108.html HTTP/1.1" 200 109092 "-" "Mozilla/5.0 (compatible; DotBot/1.2; +https://opensiteexplorer.org/dotbot; help@moz.com)"
216.244.66.230 - - [02/Jul/2025:15:35:36 +0000] "GET /mail/new/?C=N;O%3DD HTTP/1.1" 200 693 "-" "Mozilla/5.0 (compatible; DotBot/1.2; +https://opensiteexplorer.org/dotbot; help@moz.com)"
51.222.253.2 - - [02/Jul/2025:15:37:00 +0000] "GET /tmp/analog/10.html HTTP/1.1" 304 - "-" "Mozilla/5.0 (compatible; AhrefsBot/7.0; +http://ahrefs.com/robot/)"
216.244.66.230 - - [02/Jul/2025:15:38:07 +0000] "GET /tmp/awstats/?C=D%3BO%3DA HTTP/1.1" 200 56372 "-" "Mozilla/5.0 (compatible; DotBot/1.2; +https://opensiteexplorer.org/dotbot; help@moz.com)"
216.244.66.230 - - [02/Jul/2025:15:40:00 +0000] "GET /.htpasswds/?C=N;O%3DD HTTP/1.1" 200 692 "-" "Mozilla/5.0 (compatible; DotBot/1.2; +https://opensiteexplorer.org/dotbot; help@moz.com)"
51.222.253.17 - - [02/Jul/2025:15:40:17 +0000] "GET /tmp/analog/1.html HTTP/1.1" 304 - "-" "Mozilla/5.0 (compatible; AhrefsBot/7.0; +http://ahrefs.com/robot/)"
216.244.66.230 - - [02/Jul/2025:15:42:29 +0000] "GET /tof/?C=D;O%3DD HTTP/1.1" 200 858 "-" "Mozilla/5.0 (compatible; DotBot/1.2; +https://opensiteexplorer.org/dotbot; help@moz.com)"
114.119.152.177 - - [02/Jul/2025:15:42:29 +0000] "GET /tmp/awstats/awstats052020.wrightimagegroup.com.txt HTTP/1.1" 200 9432 "http://wrightimagegroup.org/tmp/awstats/?C=S%3BO%3DA" "Mozilla/5.0 (Linux; Android 7.0;) AppleWebKit/537.36 (KHTML, like Gecko) Mobile Safari/537.36 (compatible; PetalBot;+https://webmaster.petalsearch.com/site/petalbot)"
51.222.253.7 - - [02/Jul/2025:15:46:30 +0000] "GET /tmp/analog/11.html HTTP/1.1" 304 - "-" "Mozilla/5.0 (compatible; AhrefsBot/7.0; +http://ahrefs.com/robot/)"
114.119.149.89 - - [02/Jul/2025:15:46:57 +0000] "GET /tmp/awstats/awstats042019.wrightimagegroup.com.txt HTTP/1.1" 200 8118 "http://wrightimagegroup.org/tmp/awstats/?C=S%3BO%3DA" "Mozilla/5.0 (Linux; Android 7.0;) AppleWebKit/537.36 (KHTML, like Gecko) Mobile Safari/537.36 (compatible; PetalBot;+https://webmaster.petalsearch.com/site/petalbot)"
51.222.253.4 - - [02/Jul/2025:15:46:59 +0000] "GET /tmp/analog/10.html HTTP/1.1" 304 - "-" "Mozilla/5.0 (compatible; AhrefsBot/7.0; +http://ahrefs.com/robot/)"
43.157.181.189 - - [02/Jul/2025:15:49:31 +0000] "GET / HTTP/1.1" 200 2812 "-" "Mozilla/5.0 (iPhone; CPU iPhone OS 13_2_3 like Mac OS X) AppleWebKit/605.1.15 (KHTML, like Gecko) Version/13.0.3 Mobile/15E148 Safari/604.1"
114.119.152.177 - - [02/Jul/2025:15:51:06 +0000] "GET /tmp/awstats/awstats032025.wrightimagegroup.wrightimagegroup.com.txt HTTP/1.1" 200 183377 "http://wrightimagegroup.org/tmp/awstats/?C=S%3BO%3DA" "Mozilla/5.0 (Linux; Android 7.0;) AppleWebKit/537.36 (KHTML, like Gecko) Mobile Safari/537.36 (compatible; PetalBot;+https://webmaster.petalsearch.com/site/petalbot)"
185.191.171.8 - - [02/Jul/2025:15:54:18 +0000] "GET /robots.txt HTTP/1.1" 404 - "-" "Mozilla/5.0 (compatible; SemrushBot/7~bl; +http://www.semrush.com/bot.html)"
85.208.96.199 - - [02/Jul/2025:15:54:18 +0000] "GET /tmp/webalizer/usage_202409.html HTTP/1.1" 200 107940 "-" "Mozilla/5.0 (compatible; SemrushBot/7~bl; +http://www.semrush.com/bot.html)"
114.119.146.18 - - [02/Jul/2025:15:55:01 +0000] "GET /tmp/awstats/awstats032016.triumphofflight.org.wrightimagegroup.com.txt HTTP/1.1" 200 6604 "http://wrightimagegroup.org/tmp/awstats/?C=S%3BO%3DA" "Mozilla/5.0 (Linux; Android 7.0;) AppleWebKit/537.36 (KHTML, like Gecko) Mobile Safari/537.36 (compatible; PetalBot;+https://webmaster.petalsearch.com/site/petalbot)"
114.119.132.85 - - [02/Jul/2025:15:56:03 +0000] "GET /tmp/awstats/awstats012017.triumphofflight.org.wrightimagegroup.com.txt HTTP/1.1" 200 6646 "http://wrightimagegroup.org/tmp/awstats/?C=S%3BO%3DA" "Mozilla/5.0 (Linux; Android 7.0;) AppleWebKit/537.36 (KHTML, like Gecko) Mobile Safari/537.36 (compatible; PetalBot;+https://webmaster.petalsearch.com/site/petalbot)"
114.119.144.41 - - [02/Jul/2025:15:57:57 +0000] "GET /tmp/awstats/awstats022019.wrightimagegroup.com.txt HTTP/1.1" 200 7864 "http://wrightimagegroup.org/tmp/awstats/?C=S%3BO%3DA" "Mozilla/5.0 (Linux; Android 7.0;) AppleWebKit/537.36 (KHTML, like Gecko) Mobile Safari/537.36 (compatible; PetalBot;+https://webmaster.petalsearch.com/site/petalbot)"
114.119.146.18 - - [02/Jul/2025:15:58:42 +0000] "GET /tmp/analog/11.html HTTP/1.1" 200 53096 "http://wrightimagegroup.org/tmp/analog/11.html" "Mozilla/5.0 (Linux; Android 7.0;) AppleWebKit/537.36 (KHTML, like Gecko) Mobile Safari/537.36 (compatible; PetalBot;+https://webmaster.petalsearch.com/site/petalbot)"
216.244.66.229 - - [02/Jul/2025:16:00:16 +0000] "GET /robots.txt HTTP/1.1" 404 - "-" "Mozilla/5.0 (compatible; DotBot/1.2; +https://opensiteexplorer.org/dotbot; help@moz.com)"
216.244.66.230 - - [02/Jul/2025:16:11:00 +0000] "GET /robots.txt HTTP/1.1" 404 - "-" "Mozilla/5.0 (compatible; DotBot/1.2; +https://opensiteexplorer.org/dotbot; help@moz.com)"
216.244.66.230 - - [02/Jul/2025:16:11:00 +0000] "GET /robots.txt HTTP/1.1" 404 - "-" "Mozilla/5.0 (compatible; DotBot/1.2; +https://opensiteexplorer.org/dotbot; help@moz.com)"
216.244.66.229 - - [02/Jul/2025:16:14:16 +0000] "GET /.cpaddons/moderation/?C=M;O=A HTTP/1.1" 200 709 "-" "Mozilla/5.0 (compatible; DotBot/1.2; +https://opensiteexplorer.org/dotbot; help@moz.com)"
66.249.73.98 - - [02/Jul/2025:16:17:22 +0000] "GET /tmp/analog/refsite.png HTTP/1.1" 200 2916 "-" "Googlebot-Image/1.0"
216.244.66.230 - - [02/Jul/2025:16:18:23 +0000] "GET /mail/tmp/?C=S;O%3DD HTTP/1.1" 200 693 "-" "Mozilla/5.0 (compatible; DotBot/1.2; +https://opensiteexplorer.org/dotbot; help@moz.com)"
216.73.216.66 - - [02/Jul/2025:16:18:45 +0000] "GET /tmp/analog/ssl/?C=N&O=A HTTP/1.1" 200 1092 "-" "Mozilla/5.0 AppleWebKit/537.36 (KHTML, like Gecko; compatible; ClaudeBot/1.0; +claudebot@anthropic.com)"
216.244.66.230 - - [02/Jul/2025:16:19:01 +0000] "GET /mail/cur/?C=S;O=D HTTP/1.1" 200 697 "-" "Mozilla/5.0 (compatible; DotBot/1.2; +https://opensiteexplorer.org/dotbot; help@moz.com)"
216.244.66.230 - - [02/Jul/2025:16:19:56 +0000] "GET /mail/tmp/?C=M%3BO%3DA HTTP/1.1" 200 697 "-" "Mozilla/5.0 (compatible; DotBot/1.2; +https://opensiteexplorer.org/dotbot; help@moz.com)"
216.244.66.230 - - [02/Jul/2025:16:20:00 +0000] "GET /tmp/webalizerftp/?C=N;O%3DA HTTP/1.1" 200 712 "-" "Mozilla/5.0 (compatible; DotBot/1.2; +https://opensiteexplorer.org/dotbot; help@moz.com)"
216.244.66.230 - - [02/Jul/2025:16:20:03 +0000] "GET /triumphofflight.com/cgi-bin/?C=M;O%3DA HTTP/1.1" 200 750 "-" "Mozilla/5.0 (compatible; DotBot/1.2; +https://opensiteexplorer.org/dotbot; help@moz.com)"
216.244.66.230 - - [02/Jul/2025:16:21:02 +0000] "GET /.cpaddons/?C=S;O%3DD HTTP/1.1" 200 869 "-" "Mozilla/5.0 (compatible; DotBot/1.2; +https://opensiteexplorer.org/dotbot; help@moz.com)"
216.244.66.230 - - [02/Jul/2025:16:23:19 +0000] "GET /access-logs/?C=D%3BO%3DA HTTP/1.1" 200 1720 "-" "Mozilla/5.0 (compatible; DotBot/1.2; +https://opensiteexplorer.org/dotbot; help@moz.com)"
216.244.66.230 - - [02/Jul/2025:16:24:21 +0000] "GET /?locale=pt HTTP/1.1" 200 2816 "-" "Mozilla/5.0 (compatible; DotBot/1.2; +https://opensiteexplorer.org/dotbot; help@moz.com)"
54.171.44.116 - - [02/Jul/2025:16:25:31 +0000] "GET / HTTP/1.0" 200 2816 "-" "Mozilla/5.0 (compatible; NetcraftSurveyAgent/1.0; +info@netcraft.com)"
3.226.106.93 - - [02/Jul/2025:16:29:43 +0000] "GET /?locale=pl HTTP/1.1" 200 2799 "-" "Mozilla/5.0 AppleWebKit/537.36 (KHTML, like Gecko; compatible; Amazonbot/0.1; +https://developer.amazon.com/support/amazonbot) Chrome/119.0.6045.214 Safari/537.36"
44.207.252.58 - - [02/Jul/2025:16:29:51 +0000] "GET /?locale=zh_tw HTTP/1.1" 200 2795 "-" "Mozilla/5.0 AppleWebKit/537.36 (KHTML, like Gecko; compatible; Amazonbot/0.1; +https://developer.amazon.com/support/amazonbot) Chrome/119.0.6045.214 Safari/537.36"
54.197.82.195 - - [02/Jul/2025:16:29:55 +0000] "GET /robots.txt HTTP/1.1" 404 - "-" "Mozilla/5.0 AppleWebKit/537.36 (KHTML, like Gecko; compatible; Amazonbot/0.1; +https://developer.amazon.com/support/amazonbot) Chrome/119.0.6045.214 Safari/537.36"
3.216.227.216 - - [02/Jul/2025:16:29:55 +0000] "GET / HTTP/1.1" 200 2800 "-" "Mozilla/5.0 AppleWebKit/537.36 (KHTML, like Gecko; compatible; Amazonbot/0.1; +https://developer.amazon.com/support/amazonbot) Chrome/119.0.6045.214 Safari/537.36"
101.32.52.164 - - [02/Jul/2025:16:43:53 +0000] "GET / HTTP/1.1" 200 2816 "-" "Mozilla/5.0 (iPhone; CPU iPhone OS 13_2_3 like Mac OS X) AppleWebKit/605.1.15 (KHTML, like Gecko) Version/13.0.3 Mobile/15E148 Safari/604.1"
216.244.66.229 - - [02/Jul/2025:16:49:57 +0000] "GET /robots.txt HTTP/1.1" 404 - "-" "Mozilla/5.0 (compatible; DotBot/1.2; +https://opensiteexplorer.org/dotbot; help@moz.com)"
82.147.84.163 - - [02/Jul/2025:16:54:05 +0000] "GET /tmp/webalizer/usage_202312.html HTTP/1.0" 200 103709 "-" "Mozilla/5.0 (Windows NT 10.0; Win64; x64) AppleWebKit/537.36 (KHTML, like Gecko) Chrome/118.0.0.0 Safari/537.36"
216.244.66.230 - - [02/Jul/2025:16:56:50 +0000] "GET /robots.txt HTTP/1.1" 404 - "-" "Mozilla/5.0 (compatible; DotBot/1.2; +https://opensiteexplorer.org/dotbot; help@moz.com)"
216.244.66.229 - - [02/Jul/2025:17:02:28 +0000] "GET /.cpaddons/moderation/?C=D;O=A HTTP/1.1" 200 709 "-" "Mozilla/5.0 (compatible; DotBot/1.2; +https://opensiteexplorer.org/dotbot; help@moz.com)"
216.244.66.230 - - [02/Jul/2025:17:04:23 +0000] "GET /tmp/awstats/ssl/?C=D;O%3DD HTTP/1.1" 200 29853 "-" "Mozilla/5.0 (compatible; DotBot/1.2; +https://opensiteexplorer.org/dotbot; help@moz.com)"
51.222.253.2 - - [02/Jul/2025:17:05:32 +0000] "GET /tmp/analog/ssl/wrightimagegroup.wrightimagegroup.com/4.html HTTP/1.1" 304 - "-" "Mozilla/5.0 (compatible; AhrefsBot/7.0; +http://ahrefs.com/robot/)"
216.244.66.230 - - [02/Jul/2025:17:06:27 +0000] "GET /etc/wrightimagegroup.com/?C=M;O%3DD HTTP/1.1" 200 728 "-" "Mozilla/5.0 (compatible; DotBot/1.2; +https://opensiteexplorer.org/dotbot; help@moz.com)"
216.244.66.230 - - [02/Jul/2025:17:10:06 +0000] "GET /access-logs/?C=M;O%3DA HTTP/1.1" 200 1720 "-" "Mozilla/5.0 (compatible; DotBot/1.2; +https://opensiteexplorer.org/dotbot; help@moz.com)"
216.244.66.230 - - [02/Jul/2025:17:10:09 +0000] "GET /tmp/?C=D;O%3DA HTTP/1.1" 200 1572 "-" "Mozilla/5.0 (compatible; DotBot/1.2; +https://opensiteexplorer.org/dotbot; help@moz.com)"
216.244.66.230 - - [02/Jul/2025:17:11:52 +0000] "GET /?locale=ar HTTP/1.1" 200 2816 "-" "Mozilla/5.0 (compatible; DotBot/1.2; +https://opensiteexplorer.org/dotbot; help@moz.com)"
51.222.253.19 - - [02/Jul/2025:17:25:31 +0000] "GET /tmp/webalizer/usage_202504.html HTTP/1.1" 304 - "-" "Mozilla/5.0 (compatible; AhrefsBot/7.0; +http://ahrefs.com/robot/)"
216.244.66.230 - - [02/Jul/2025:17:40:18 +0000] "GET /robots.txt HTTP/1.1" 404 - "-" "Mozilla/5.0 (compatible; DotBot/1.2; +https://opensiteexplorer.org/dotbot; help@moz.com)"
216.244.66.230 - - [02/Jul/2025:17:40:18 +0000] "GET /robots.txt HTTP/1.1" 404 - "-" "Mozilla/5.0 (compatible; DotBot/1.2; +https://opensiteexplorer.org/dotbot; help@moz.com)"
122.8.182.86 - - [02/Jul/2025:17:42:12 +0000] "GET /tmp/webalizer/ HTTP/1.1" 200 9927 "http://wrightimagegroup.org/tmp/webalizer/#DAYSTATS" "Mozilla/5.0 (Macintosh; Intel Mac OS X 10_15_7) AppleWebKit/537.36 (KHTML, like Gecko) Chrome/119.0.0.0 Safari/537.36"
54.225.199.17 - - [02/Jul/2025:17:43:27 +0000] "GET /?%3E%27 HTTP/1.1" 200 2795 "-" "Mozilla/5.0 AppleWebKit/537.36 (KHTML, like Gecko; compatible; Amazonbot/0.1; +https://developer.amazon.com/support/amazonbot) Chrome/119.0.6045.214 Safari/537.36"
3.221.222.168 - - [02/Jul/2025:17:43:39 +0000] "GET /public_ftp/ HTTP/1.1" 200 856 "-" "Mozilla/5.0 AppleWebKit/537.36 (KHTML, like Gecko; compatible; Amazonbot/0.1; +https://developer.amazon.com/support/amazonbot) Chrome/119.0.6045.214 Safari/537.36"
44.196.118.6 - - [02/Jul/2025:17:43:43 +0000] "GET /ssl/ HTTP/1.1" 200 1539 "-" "Mozilla/5.0 AppleWebKit/537.36 (KHTML, like Gecko; compatible; Amazonbot/0.1; +https://developer.amazon.com/support/amazonbot) Chrome/119.0.6045.214 Safari/537.36"
98.84.60.17 - - [02/Jul/2025:17:43:46 +0000] "GET /ssl/ HTTP/1.1" 200 1540 "-" "Mozilla/5.0 AppleWebKit/537.36 (KHTML, like Gecko; compatible; Amazonbot/0.1; +https://developer.amazon.com/support/amazonbot) Chrome/119.0.6045.214 Safari/537.36"
184.73.47.24 - - [02/Jul/2025:17:43:50 +0000] "GET /cache/ HTTP/1.1" 200 3982 "-" "Mozilla/5.0 AppleWebKit/537.36 (KHTML, like Gecko; compatible; Amazonbot/0.1; +https://developer.amazon.com/support/amazonbot) Chrome/119.0.6045.214 Safari/537.36"
216.244.66.230 - - [02/Jul/2025:17:47:14 +0000] "GET /.cpaddons/moderation/?C=M;O=D HTTP/1.1" 200 722 "-" "Mozilla/5.0 (compatible; DotBot/1.2; +https://opensiteexplorer.org/dotbot; help@moz.com)"
216.244.66.230 - - [02/Jul/2025:17:48:06 +0000] "GET /tmp/analog/wrightimagegroup.wrightimagegroup.com/?C=N;O%3DA HTTP/1.1" 200 5168 "-" "Mozilla/5.0 (compatible; DotBot/1.2; +https://opensiteexplorer.org/dotbot; help@moz.com)"
216.244.66.230 - - [02/Jul/2025:17:49:26 +0000] "GET /.htpasswds/?C=S;O=A HTTP/1.1" 200 696 "-" "Mozilla/5.0 (compatible; DotBot/1.2; +https://opensiteexplorer.org/dotbot; help@moz.com)"
51.222.253.18 - - [02/Jul/2025:17:49:29 +0000] "GET /tmp/webalizer/usage_202410.html HTTP/1.1" 304 - "-" "Mozilla/5.0 (compatible; AhrefsBot/7.0; +http://ahrefs.com/robot/)"
216.244.66.230 - - [02/Jul/2025:17:49:47 +0000] "GET /tmp/cpbandwidth/?C=D%3BO%3DA HTTP/1.1" 200 911 "-" "Mozilla/5.0 (compatible; DotBot/1.2; +https://opensiteexplorer.org/dotbot; help@moz.com)"
51.222.253.6 - - [02/Jul/2025:17:49:56 +0000] "GET /tmp/analog/ssl/wrightimagegroup.com/4.html HTTP/1.1" 304 - "-" "Mozilla/5.0 (compatible; AhrefsBot/7.0; +http://ahrefs.com/robot/)"
216.244.66.230 - - [02/Jul/2025:17:51:10 +0000] "GET /.cpaddons/?C=M;O%3DD HTTP/1.1" 200 869 "-" "Mozilla/5.0 (compatible; DotBot/1.2; +https://opensiteexplorer.org/dotbot; help@moz.com)"
216.244.66.230 - - [02/Jul/2025:17:53:32 +0000] "GET /logs/?C=S;O%3DA HTTP/1.1" 200 3300 "-" "Mozilla/5.0 (compatible; DotBot/1.2; +https://opensiteexplorer.org/dotbot; help@moz.com)"
216.244.66.230 - - [02/Jul/2025:17:53:33 +0000] "GET /tof/?C=S;O%3DA HTTP/1.1" 200 858 "-" "Mozilla/5.0 (compatible; DotBot/1.2; +https://opensiteexplorer.org/dotbot; help@moz.com)"
34.169.19.55 - - [02/Jul/2025:17:53:58 +0000] "HEAD /wordpress HTTP/1.1" 404 - "-" "Mozilla/5.0 (Windows NT 10.0; Win64; x64) AppleWebKit/537.36 (KHTML, like Gecko) Chrome/74.0.3729.169 Safari/537.36"
34.169.19.55 - - [02/Jul/2025:17:53:58 +0000] "HEAD / HTTP/1.1" 200 - "-" "Mozilla/5.0 (Windows NT 10.0; Win64; x64) AppleWebKit/537.36 (KHTML, like Gecko) Chrome/74.0.3729.169 Safari/537.36"
34.169.19.55 - - [02/Jul/2025:17:53:58 +0000] "HEAD /wp HTTP/1.1" 404 - "-" "Mozilla/5.0 (Windows NT 10.0; Win64; x64) AppleWebKit/537.36 (KHTML, like Gecko) Chrome/74.0.3729.169 Safari/537.36"
