18.215.77.19 - - [05/Jul/2025:02:39:08 +0000] "GET /tof/ HTTP/1.1" 200 837 "-" "Mozilla/5.0 AppleWebKit/537.36 (KHTML, like Gecko; compatible; Amazonbot/0.1; +https://developer.amazon.com/support/amazonbot) Chrome/119.0.6045.214 Safari/537.36"
23.21.227.240 - - [05/Jul/2025:02:39:13 +0000] "GET /?C=N HTTP/1.1" 200 2795 "-" "Mozilla/5.0 AppleWebKit/537.36 (KHTML, like Gecko; compatible; Amazonbot/0.1; +https://developer.amazon.com/support/amazonbot) Chrome/119.0.6045.214 Safari/537.36"
18.235.81.246 - - [05/Jul/2025:02:39:16 +0000] "GET /?locale=ar HTTP/1.1" 200 2799 "-" "Mozilla/5.0 AppleWebKit/537.36 (KHTML, like Gecko; compatible; Amazonbot/0.1; +https://developer.amazon.com/support/amazonbot) Chrome/119.0.6045.214 Safari/537.36"
51.222.253.1 - - [05/Jul/2025:02:43:46 +0000] "GET /tmp/analog/11.html HTTP/1.1" 304 - "-" "Mozilla/5.0 (compatible; AhrefsBot/7.0; +http://ahrefs.com/robot/)"
54.236.79.74 - - [05/Jul/2025:02:46:03 +0000] "GET / HTTP/1.1" 200 2812 "-" "python-requests/2.32.4"
114.119.144.41 - - [05/Jul/2025:02:47:03 +0000] "GET /tmp/awstats/awstats102021.wrightimagegroup.com.txt HTTP/1.1" 200 18778 "http://www.wrightimagegroup.org/tmp/awstats/?C=S%3BO%3DD" "Mozilla/5.0 (Linux; Android 7.0;) AppleWebKit/537.36 (KHTML, like Gecko) Mobile Safari/537.36 (compatible; PetalBot;+https://webmaster.petalsearch.com/site/petalbot)"
114.119.140.169 - - [05/Jul/2025:02:48:21 +0000] "GET /tmp/awstats/awstats092021.wrightimagegroup.wrightimagegroup.com.txt HTTP/1.1" 200 54028 "http://www.wrightimagegroup.org/tmp/awstats/?C=S%3BO%3DD" "Mozilla/5.0 (Linux; Android 7.0;) AppleWebKit/537.36 (KHTML, like Gecko) Mobile Safari/537.36 (compatible; PetalBot;+https://webmaster.petalsearch.com/site/petalbot)"
216.244.66.229 - - [05/Jul/2025:02:52:53 +0000] "GET /.cpaddons/moderation/?C=N;O=D HTTP/1.1" 200 710 "-" "Mozilla/5.0 (compatible; DotBot/1.2; +https://opensiteexplorer.org/dotbot; help@moz.com)"
216.244.66.229 - - [05/Jul/2025:02:53:40 +0000] "GET /access-logs/?C=N%3BO%3DD HTTP/1.1" 200 1704 "-" "Mozilla/5.0 (compatible; DotBot/1.2; +https://opensiteexplorer.org/dotbot; help@moz.com)"
216.244.66.229 - - [05/Jul/2025:02:53:45 +0000] "GET /etc/?C=M;O%3DA HTTP/1.1" 200 1206 "-" "Mozilla/5.0 (compatible; DotBot/1.2; +https://opensiteexplorer.org/dotbot; help@moz.com)"
216.244.66.229 - - [05/Jul/2025:02:54:45 +0000] "GET /tmp/awstats/ssl/awstats082024.wrightimagegroup.com.txt HTTP/1.1" 200 13118 "-" "Mozilla/5.0 (compatible; DotBot/1.2; +https://opensiteexplorer.org/dotbot; help@moz.com)"
216.244.66.229 - - [05/Jul/2025:02:55:21 +0000] "GET /mail/wrightimagegroup.com/?C=M;O%3DA HTTP/1.1" 200 715 "-" "Mozilla/5.0 (compatible; DotBot/1.2; +https://opensiteexplorer.org/dotbot; help@moz.com)"
216.244.66.229 - - [05/Jul/2025:02:55:32 +0000] "GET /tmp/awstats/ssl/awstats062020.wrightimagegroup.wrightimagegroup.com.txt HTTP/1.1" 200 7128 "-" "Mozilla/5.0 (compatible; DotBot/1.2; +https://opensiteexplorer.org/dotbot; help@moz.com)"
51.222.253.11 - - [05/Jul/2025:02:59:06 +0000] "GET /cache/ HTTP/1.1" 200 3999 "-" "Mozilla/5.0 (compatible; AhrefsBot/7.0; +http://ahrefs.com/robot/)"
216.244.66.229 - - [05/Jul/2025:02:59:25 +0000] "GET /tmp/analog/ssl/wrightimagegroup.com/?C=M;O=D HTTP/1.1" 200 5132 "-" "Mozilla/5.0 (compatible; DotBot/1.2; +https://opensiteexplorer.org/dotbot; help@moz.com)"
216.244.66.229 - - [05/Jul/2025:03:00:59 +0000] "GET /tmp/analog/ssl/wrightimagegroup.com/?C=N;O%3DD HTTP/1.1" 200 5132 "-" "Mozilla/5.0 (compatible; DotBot/1.2; +https://opensiteexplorer.org/dotbot; help@moz.com)"
51.222.253.11 - - [05/Jul/2025:03:02:04 +0000] "GET /tmp/analog/1.html HTTP/1.1" 304 - "-" "Mozilla/5.0 (compatible; AhrefsBot/7.0; +http://ahrefs.com/robot/)"
114.119.144.41 - - [05/Jul/2025:03:06:41 +0000] "GET /tmp/awstats/ssl/awstats072021.wrightimagegroup.com.txt HTTP/1.1" 200 8366 "http://www.wrightimagegroup.org/tmp/awstats/ssl/?C=M%3BO%3DA" "Mozilla/5.0 (Linux; Android 7.0;) AppleWebKit/537.36 (KHTML, like Gecko) Mobile Safari/537.36 (compatible; PetalBot;+https://webmaster.petalsearch.com/site/petalbot)"
114.119.146.18 - - [05/Jul/2025:03:08:05 +0000] "GET /tmp/awstats/ssl/awstats082024.wrightimagegroup.wrightimagegroup.com.txt HTTP/1.1" 200 71426 "http://www.wrightimagegroup.org/tmp/awstats/ssl/?C=M%3BO%3DA" "Mozilla/5.0 (Linux; Android 7.0;) AppleWebKit/537.36 (KHTML, like Gecko) Mobile Safari/537.36 (compatible; PetalBot;+https://webmaster.petalsearch.com/site/petalbot)"
114.119.149.89 - - [05/Jul/2025:03:09:28 +0000] "GET /tmp/awstats/ssl/awstats052024.wrightimagegroup.wrightimagegroup.com.txt HTTP/1.1" 200 81610 "http://www.wrightimagegroup.org/tmp/awstats/ssl/?C=M%3BO%3DA" "Mozilla/5.0 (Linux; Android 7.0;) AppleWebKit/537.36 (KHTML, like Gecko) Mobile Safari/537.36 (compatible; PetalBot;+https://webmaster.petalsearch.com/site/petalbot)"
114.119.132.85 - - [05/Jul/2025:03:11:32 +0000] "GET /tmp/awstats/awstats082021.wrightimagegroup.com.txt HTTP/1.1" 200 19375 "http://www.wrightimagegroup.org/tmp/awstats/?C=S%3BO%3DD" "Mozilla/5.0 (Linux; Android 7.0;) AppleWebKit/537.36 (KHTML, like Gecko) Mobile Safari/537.36 (compatible; PetalBot;+https://webmaster.petalsearch.com/site/petalbot)"
114.119.132.85 - - [05/Jul/2025:03:12:44 +0000] "GET /tmp/awstats/awstats042016.wrightimagegroup.com.txt HTTP/1.1" 200 6822 "http://www.wrightimagegroup.org/tmp/awstats/?C=S%3BO%3DD" "Mozilla/5.0 (Linux; Android 7.0;) AppleWebKit/537.36 (KHTML, like Gecko) Mobile Safari/537.36 (compatible; PetalBot;+https://webmaster.petalsearch.com/site/petalbot)"
114.119.138.179 - - [05/Jul/2025:03:13:39 +0000] "GET /tmp/webalizer/usage_202203.html HTTP/1.1" 200 101452 "http://wrightimagegroup.org/tmp/webalizer/usage_202203.html" "Mozilla/5.0 (Linux; Android 7.0;) AppleWebKit/537.36 (KHTML, like Gecko) Mobile Safari/537.36 (compatible; PetalBot;+https://webmaster.petalsearch.com/site/petalbot)"
114.119.149.89 - - [05/Jul/2025:03:15:03 +0000] "GET /tmp/awstats/ssl/awstats092024.wrightimagegroup.com.txt HTTP/1.1" 200 12327 "http://wrightimagegroup.org/tmp/awstats/ssl/?C=M%3BO%3DA" "Mozilla/5.0 (Linux; Android 7.0;) AppleWebKit/537.36 (KHTML, like Gecko) Mobile Safari/537.36 (compatible; PetalBot;+https://webmaster.petalsearch.com/site/petalbot)"
114.119.132.85 - - [05/Jul/2025:03:16:28 +0000] "GET /tmp/awstats/awstats122017.wrightimagegroup.wrightimagegroup.com.txt HTTP/1.1" 200 6403 "http://wrightimagegroup.org/tmp/awstats/?C=S%3BO%3DA" "Mozilla/5.0 (Linux; Android 7.0;) AppleWebKit/537.36 (KHTML, like Gecko) Mobile Safari/537.36 (compatible; PetalBot;+https://webmaster.petalsearch.com/site/petalbot)"
114.119.144.41 - - [05/Jul/2025:03:17:58 +0000] "GET /tmp/awstats/awstats062023.wrightimagegroup.wrightimagegroup.com.txt HTTP/1.1" 200 50484 "http://wrightimagegroup.org/tmp/awstats/?C=S%3BO%3DA" "Mozilla/5.0 (Linux; Android 7.0;) AppleWebKit/537.36 (KHTML, like Gecko) Mobile Safari/537.36 (compatible; PetalBot;+https://webmaster.petalsearch.com/site/petalbot)"
114.119.138.179 - - [05/Jul/2025:03:19:54 +0000] "GET /tmp/awstats/awstats042017.wrightimagegroup.com.txt HTTP/1.1" 200 7322 "http://wrightimagegroup.org/tmp/awstats/?C=S%3BO%3DA" "Mozilla/5.0 (Linux; Android 7.0;) AppleWebKit/537.36 (KHTML, like Gecko) Mobile Safari/537.36 (compatible; PetalBot;+https://webmaster.petalsearch.com/site/petalbot)"
51.222.253.20 - - [05/Jul/2025:03:21:29 +0000] "GET /logs/ HTTP/1.1" 200 3296 "-" "Mozilla/5.0 (compatible; AhrefsBot/7.0; +http://ahrefs.com/robot/)"
51.222.253.19 - - [05/Jul/2025:03:22:04 +0000] "GET /tmp/analog/6.html HTTP/1.1" 304 - "-" "Mozilla/5.0 (compatible; AhrefsBot/7.0; +http://ahrefs.com/robot/)"
114.119.132.85 - - [05/Jul/2025:03:29:30 +0000] "GET /tmp/webalizer/usage_202109.html HTTP/1.1" 200 95557 "http://wrightimagegroup.org/tmp/webalizer/usage_202109.html" "Mozilla/5.0 (Linux; Android 7.0;) AppleWebKit/537.36 (KHTML, like Gecko) Mobile Safari/537.36 (compatible; PetalBot;+https://webmaster.petalsearch.com/site/petalbot)"
216.244.66.230 - - [05/Jul/2025:03:32:18 +0000] "GET /robots.txt HTTP/1.1" 404 - "-" "Mozilla/5.0 (compatible; DotBot/1.2; +https://opensiteexplorer.org/dotbot; help@moz.com)"
216.244.66.229 - - [05/Jul/2025:03:35:17 +0000] "GET /robots.txt HTTP/1.1" 404 - "-" "Mozilla/5.0 (compatible; DotBot/1.2; +https://opensiteexplorer.org/dotbot; help@moz.com)"
216.244.66.229 - - [05/Jul/2025:03:35:17 +0000] "GET /robots.txt HTTP/1.1" 404 - "-" "Mozilla/5.0 (compatible; DotBot/1.2; +https://opensiteexplorer.org/dotbot; help@moz.com)"
51.222.253.19 - - [05/Jul/2025:03:40:44 +0000] "GET /tmp/analog/4.html HTTP/1.1" 304 - "-" "Mozilla/5.0 (compatible; AhrefsBot/7.0; +http://ahrefs.com/robot/)"
216.244.66.230 - - [05/Jul/2025:03:44:46 +0000] "GET /tmp/cpbandwidth/?C=M;O=D HTTP/1.1" 200 911 "-" "Mozilla/5.0 (compatible; DotBot/1.2; +https://opensiteexplorer.org/dotbot; help@moz.com)"
114.119.149.89 - - [05/Jul/2025:03:45:46 +0000] "GET /tmp/webalizer/ctry_usage_202501.png HTTP/1.1" 200 3821 "http://www.wrightimagegroup.org/tmp/webalizer/usage_202501.html" "Mozilla/5.0 (Linux; Android 7.0;) AppleWebKit/537.36 (KHTML, like Gecko) Mobile Safari/537.36 (compatible; PetalBot;+https://webmaster.petalsearch.com/site/petalbot)"
216.244.66.230 - - [05/Jul/2025:03:46:49 +0000] "GET /ssl/keys/?C=M%3BO%3DA HTTP/1.1" 200 696 "-" "Mozilla/5.0 (compatible; DotBot/1.2; +https://opensiteexplorer.org/dotbot; help@moz.com)"
216.244.66.230 - - [05/Jul/2025:03:46:54 +0000] "GET /tmp/cpbandwidth/?C=N;O%3DD HTTP/1.1" 200 911 "-" "Mozilla/5.0 (compatible; DotBot/1.2; +https://opensiteexplorer.org/dotbot; help@moz.com)"
216.244.66.230 - - [05/Jul/2025:03:46:58 +0000] "GET /tof/cgi-bin/?C=N%3BO%3DD HTTP/1.1" 200 702 "-" "Mozilla/5.0 (compatible; DotBot/1.2; +https://opensiteexplorer.org/dotbot; help@moz.com)"
114.119.140.169 - - [05/Jul/2025:03:47:09 +0000] "GET /tmp/awstats/ssl/awstats062022.wrightimagegroup.com.txt HTTP/1.1" 200 14960 "http://www.wrightimagegroup.org/tmp/awstats/ssl/?C=M%3BO%3DA" "Mozilla/5.0 (Linux; Android 7.0;) AppleWebKit/537.36 (KHTML, like Gecko) Mobile Safari/537.36 (compatible; PetalBot;+https://webmaster.petalsearch.com/site/petalbot)"
216.244.66.230 - - [05/Jul/2025:03:47:20 +0000] "GET /public_ftp/incoming/?C=M%3BO%3DA HTTP/1.1" 200 725 "-" "Mozilla/5.0 (compatible; DotBot/1.2; +https://opensiteexplorer.org/dotbot; help@moz.com)"
216.244.66.229 - - [05/Jul/2025:03:48:16 +0000] "GET /tmp/analog/ssl/wrightimagegroup.wrightimagegroup.com/1.html HTTP/1.1" 200 422184 "-" "Mozilla/5.0 (compatible; DotBot/1.2; +https://opensiteexplorer.org/dotbot; help@moz.com)"
114.119.140.169 - - [05/Jul/2025:03:49:29 +0000] "GET /tmp/awstats/awstats062023.wrightimagegroup.wrightimagegroup.com.txt HTTP/1.1" 200 50484 "http://www.wrightimagegroup.org/tmp/awstats/?C=S%3BO%3DD" "Mozilla/5.0 (Linux; Android 7.0;) AppleWebKit/537.36 (KHTML, like Gecko) Mobile Safari/537.36 (compatible; PetalBot;+https://webmaster.petalsearch.com/site/petalbot)"
114.119.146.18 - - [05/Jul/2025:03:49:57 +0000] "GET /tmp/awstats/awstats072020.wrightimagegroup.com.txt HTTP/1.1" 200 13871 "http://wrightimagegroup.org/tmp/awstats/?C=S%3BO%3DA" "Mozilla/5.0 (Linux; Android 7.0;) AppleWebKit/537.36 (KHTML, like Gecko) Mobile Safari/537.36 (compatible; PetalBot;+https://webmaster.petalsearch.com/site/petalbot)"
216.244.66.229 - - [05/Jul/2025:03:50:19 +0000] "GET /ssl/?C=M HTTP/1.1" 200 1535 "-" "Mozilla/5.0 (compatible; DotBot/1.2; +https://opensiteexplorer.org/dotbot; help@moz.com)"
216.244.66.229 - - [05/Jul/2025:03:53:34 +0000] "GET /tmp/analog/ssl/?C=N;O=A HTTP/1.1" 200 1097 "-" "Mozilla/5.0 (compatible; DotBot/1.2; +https://opensiteexplorer.org/dotbot; help@moz.com)"
51.222.253.6 - - [05/Jul/2025:03:54:15 +0000] "GET /tmp/analog/ssl/wrightimagegroup.wrightimagegroup.com/4.html HTTP/1.1" 304 - "-" "Mozilla/5.0 (compatible; AhrefsBot/7.0; +http://ahrefs.com/robot/)"
216.244.66.229 - - [05/Jul/2025:03:55:32 +0000] "GET /mail/?C=D;O%3DD HTTP/1.1" 200 2864 "-" "Mozilla/5.0 (compatible; DotBot/1.2; +https://opensiteexplorer.org/dotbot; help@moz.com)"
51.222.253.19 - - [05/Jul/2025:03:55:33 +0000] "GET /mail/wrightimagegroup.com/?C=D;O=A HTTP/1.1" 200 731 "-" "Mozilla/5.0 (compatible; AhrefsBot/7.0; +http://ahrefs.com/robot/)"
216.244.66.229 - - [05/Jul/2025:03:55:34 +0000] "GET /public_ftp/?C=S;O%3DA HTTP/1.1" 200 857 "-" "Mozilla/5.0 (compatible; DotBot/1.2; +https://opensiteexplorer.org/dotbot; help@moz.com)"
216.244.66.229 - - [05/Jul/2025:03:58:55 +0000] "GET /?locale=he HTTP/1.1" 200 2800 "-" "Mozilla/5.0 (compatible; DotBot/1.2; +https://opensiteexplorer.org/dotbot; help@moz.com)"
216.244.66.229 - - [05/Jul/2025:03:58:58 +0000] "GET /mail/tmp/?C=N;O%3DD HTTP/1.1" 200 681 "-" "Mozilla/5.0 (compatible; DotBot/1.2; +https://opensiteexplorer.org/dotbot; help@moz.com)"
216.244.66.229 - - [05/Jul/2025:03:58:59 +0000] "GET /public_ftp/incoming/?C=S;O%3DD HTTP/1.1" 200 709 "-" "Mozilla/5.0 (compatible; DotBot/1.2; +https://opensiteexplorer.org/dotbot; help@moz.com)"
216.244.66.229 - - [05/Jul/2025:03:59:43 +0000] "GET /?45.85.249.182 HTTP/1.1" 200 2800 "-" "Mozilla/5.0 (compatible; DotBot/1.2; +https://opensiteexplorer.org/dotbot; help@moz.com)"
51.222.253.18 - - [05/Jul/2025:04:01:26 +0000] "GET /mail/wrightimagegroup.com/?C=M;O=A HTTP/1.1" 200 731 "-" "Mozilla/5.0 (compatible; AhrefsBot/7.0; +http://ahrefs.com/robot/)"
51.222.253.8 - - [05/Jul/2025:04:06:58 +0000] "GET /mail/wrightimagegroup.com/?C=S;O=A HTTP/1.1" 200 731 "-" "Mozilla/5.0 (compatible; AhrefsBot/7.0; +http://ahrefs.com/robot/)"
216.244.66.229 - - [05/Jul/2025:04:07:09 +0000] "GET /?138.197.99.242 HTTP/1.1" 200 2800 "-" "Mozilla/5.0 (compatible; DotBot/1.2; +https://opensiteexplorer.org/dotbot; help@moz.com)"
51.222.253.1 - - [05/Jul/2025:04:12:25 +0000] "GET /mail/tmp/?C=D;O=A HTTP/1.1" 200 697 "-" "Mozilla/5.0 (compatible; AhrefsBot/7.0; +http://ahrefs.com/robot/)"
216.244.66.230 - - [05/Jul/2025:04:17:38 +0000] "GET /robots.txt HTTP/1.1" 404 - "-" "Mozilla/5.0 (compatible; DotBot/1.2; +https://opensiteexplorer.org/dotbot; help@moz.com)"
51.222.253.3 - - [05/Jul/2025:04:18:02 +0000] "GET /mail/tmp/?C=M;O=A HTTP/1.1" 200 697 "-" "Mozilla/5.0 (compatible; AhrefsBot/7.0; +http://ahrefs.com/robot/)"
216.244.66.229 - - [05/Jul/2025:04:22:36 +0000] "GET /robots.txt HTTP/1.1" 404 - "-" "Mozilla/5.0 (compatible; DotBot/1.2; +https://opensiteexplorer.org/dotbot; help@moz.com)"
216.244.66.229 - - [05/Jul/2025:04:22:36 +0000] "GET /robots.txt HTTP/1.1" 404 - "-" "Mozilla/5.0 (compatible; DotBot/1.2; +https://opensiteexplorer.org/dotbot; help@moz.com)"
216.244.66.229 - - [05/Jul/2025:04:22:36 +0000] "GET /robots.txt HTTP/1.1" 404 - "-" "Mozilla/5.0 (compatible; DotBot/1.2; +https://opensiteexplorer.org/dotbot; help@moz.com)"
51.222.253.14 - - [05/Jul/2025:04:22:52 +0000] "GET /mail/tmp/?C=S;O=A HTTP/1.1" 200 697 "-" "Mozilla/5.0 (compatible; AhrefsBot/7.0; +http://ahrefs.com/robot/)"
51.222.253.20 - - [05/Jul/2025:04:24:21 +0000] "GET /tmp/analog/ssl/wrightimagegroup.com/4.html HTTP/1.1" 304 - "-" "Mozilla/5.0 (compatible; AhrefsBot/7.0; +http://ahrefs.com/robot/)"
51.222.253.12 - - [05/Jul/2025:04:27:58 +0000] "GET /ssl/csrs/?C=D;O=A HTTP/1.1" 200 696 "-" "Mozilla/5.0 (compatible; AhrefsBot/7.0; +http://ahrefs.com/robot/)"
216.244.66.230 - - [05/Jul/2025:04:30:27 +0000] "GET /www/triumphofflight.org/?C=M;O%3DD HTTP/1.1" 200 898 "-" "Mozilla/5.0 (compatible; DotBot/1.2; +https://opensiteexplorer.org/dotbot; help@moz.com)"
51.222.253.11 - - [05/Jul/2025:04:33:26 +0000] "GET /ssl/csrs/?C=M;O=A HTTP/1.1" 200 696 "-" "Mozilla/5.0 (compatible; AhrefsBot/7.0; +http://ahrefs.com/robot/)"
114.119.135.202 - - [05/Jul/2025:04:34:04 +0000] "GET /tmp/awstats/ssl/awstats042021.wrightimagegroup.wrightimagegroup.com.txt HTTP/1.1" 200 13235 "http://www.wrightimagegroup.org/tmp/awstats/ssl/?C=M%3BO%3DA" "Mozilla/5.0 (Linux; Android 7.0;) AppleWebKit/537.36 (KHTML, like Gecko) Mobile Safari/537.36 (compatible; PetalBot;+https://webmaster.petalsearch.com/site/petalbot)"
114.119.152.177 - - [05/Jul/2025:04:34:37 +0000] "GET /tmp/webalizer/usage_202111.html HTTP/1.1" 200 96111 "http://www.wrightimagegroup.org/tmp/webalizer/usage_202111.html" "Mozilla/5.0 (Linux; Android 7.0;) AppleWebKit/537.36 (KHTML, like Gecko) Mobile Safari/537.36 (compatible; PetalBot;+https://webmaster.petalsearch.com/site/petalbot)"
43.153.58.28 - - [05/Jul/2025:04:36:23 +0000] "GET / HTTP/1.1" 200 2795 "-" "Mozilla/5.0 (iPhone; CPU iPhone OS 13_2_3 like Mac OS X) AppleWebKit/605.1.15 (KHTML, like Gecko) Version/13.0.3 Mobile/15E148 Safari/604.1"
114.119.152.177 - - [05/Jul/2025:04:36:54 +0000] "GET /tmp/awstats/ssl/awstats042022.wrightimagegroup.com.txt HTTP/1.1" 200 14278 "http://www.wrightimagegroup.org/tmp/awstats/ssl/?C=M%3BO%3DA" "Mozilla/5.0 (Linux; Android 7.0;) AppleWebKit/537.36 (KHTML, like Gecko) Mobile Safari/537.36 (compatible; PetalBot;+https://webmaster.petalsearch.com/site/petalbot)"
51.222.253.11 - - [05/Jul/2025:04:38:20 +0000] "GET /ssl/csrs/?C=S;O=A HTTP/1.1" 200 696 "-" "Mozilla/5.0 (compatible; AhrefsBot/7.0; +http://ahrefs.com/robot/)"
114.119.140.169 - - [05/Jul/2025:04:38:40 +0000] "GET /tmp/webalizer/usage_202204.html HTTP/1.1" 200 102096 "http://wrightimagegroup.org/tmp/webalizer/usage_202204.html" "Mozilla/5.0 (Linux; Android 7.0;) AppleWebKit/537.36 (KHTML, like Gecko) Mobile Safari/537.36 (compatible; PetalBot;+https://webmaster.petalsearch.com/site/petalbot)"
216.244.66.229 - - [05/Jul/2025:04:40:07 +0000] "GET /tmp/awstats/awstats092024.wrightimagegroup.com.txt HTTP/1.1" 200 28800 "-" "Mozilla/5.0 (compatible; DotBot/1.2; +https://opensiteexplorer.org/dotbot; help@moz.com)"
114.119.135.202 - - [05/Jul/2025:04:41:28 +0000] "GET /tmp/awstats/awstats062017.wrightimagegroup.wrightimagegroup.com.txt HTTP/1.1" 200 8812 "http://wrightimagegroup.org/tmp/awstats/?C=S%3BO%3DA" "Mozilla/5.0 (Linux; Android 7.0;) AppleWebKit/537.36 (KHTML, like Gecko) Mobile Safari/537.36 (compatible; PetalBot;+https://webmaster.petalsearch.com/site/petalbot)"
114.119.132.85 - - [05/Jul/2025:04:43:43 +0000] "GET /tmp/awstats/awstats072023.wrightimagegroup.wrightimagegroup.com.txt HTTP/1.1" 200 74250 "http://www.wrightimagegroup.org/tmp/awstats/?C=S%3BO%3DD" "Mozilla/5.0 (Linux; Android 7.0;) AppleWebKit/537.36 (KHTML, like Gecko) Mobile Safari/537.36 (compatible; PetalBot;+https://webmaster.petalsearch.com/site/petalbot)"
216.244.66.229 - - [05/Jul/2025:04:44:52 +0000] "GET /tmp/awstats/ssl/?C=M;O=A HTTP/1.1" 200 29832 "-" "Mozilla/5.0 (compatible; DotBot/1.2; +https://opensiteexplorer.org/dotbot; help@moz.com)"
216.244.66.229 - - [05/Jul/2025:04:44:56 +0000] "GET /www/triumphofflight.org/?C=N;O=D HTTP/1.1" 200 881 "-" "Mozilla/5.0 (compatible; DotBot/1.2; +https://opensiteexplorer.org/dotbot; help@moz.com)"
51.222.253.6 - - [05/Jul/2025:04:45:02 +0000] "GET /tmp/webalizerftp/?C=D;O=A HTTP/1.1" 200 712 "-" "Mozilla/5.0 (compatible; AhrefsBot/7.0; +http://ahrefs.com/robot/)"
114.119.144.41 - - [05/Jul/2025:04:45:02 +0000] "GET /tmp/awstats/awstats042020.wrightimagegroup.com.txt HTTP/1.1" 200 8804 "http://wrightimagegroup.org/tmp/awstats/?C=S%3BO%3DA" "Mozilla/5.0 (Linux; Android 7.0;) AppleWebKit/537.36 (KHTML, like Gecko) Mobile Safari/537.36 (compatible; PetalBot;+https://webmaster.petalsearch.com/site/petalbot)"
216.244.66.229 - - [05/Jul/2025:04:45:25 +0000] "GET /cache/?C=M%3BO%3DA HTTP/1.1" 200 3987 "-" "Mozilla/5.0 (compatible; DotBot/1.2; +https://opensiteexplorer.org/dotbot; help@moz.com)"
119.45.20.16 - - [05/Jul/2025:04:45:27 +0000] "GET / HTTP/1.1" 200 2799 "-" "Mozilla/5.0 (iPhone; CPU iPhone OS 13_2_3 like Mac OS X) AppleWebKit/605.1.15 (KHTML, like Gecko) Version/13.0.3 Mobile/15E148 Safari/604.1"
216.244.66.229 - - [05/Jul/2025:04:45:35 +0000] "GET /mail/cur/?C=M;O=D HTTP/1.1" 200 676 "-" "Mozilla/5.0 (compatible; DotBot/1.2; +https://opensiteexplorer.org/dotbot; help@moz.com)"
114.119.132.85 - - [05/Jul/2025:04:45:41 +0000] "GET /tmp/awstats/awstats022020.wrightimagegroup.wrightimagegroup.com.txt HTTP/1.1" 200 16452 "http://wrightimagegroup.org/tmp/awstats/?C=S%3BO%3DA" "Mozilla/5.0 (Linux; Android 7.0;) AppleWebKit/537.36 (KHTML, like Gecko) Mobile Safari/537.36 (compatible; PetalBot;+https://webmaster.petalsearch.com/site/petalbot)"
51.222.253.1 - - [05/Jul/2025:04:45:58 +0000] "GET /tmp/analog/ssl/wrightimagegroup.wrightimagegroup.com/4.html HTTP/1.1" 304 - "-" "Mozilla/5.0 (compatible; AhrefsBot/7.0; +http://ahrefs.com/robot/)"
216.244.66.229 - - [05/Jul/2025:04:46:59 +0000] "GET /triumphofflight.com/cgi-bin/?C=D;O%3DA HTTP/1.1" 200 734 "-" "Mozilla/5.0 (compatible; DotBot/1.2; +https://opensiteexplorer.org/dotbot; help@moz.com)"
114.119.144.41 - - [05/Jul/2025:04:47:57 +0000] "GET /tmp/awstats/awstats012022.wrightimagegroup.com.txt HTTP/1.1" 200 16408 "http://wrightimagegroup.org/tmp/awstats/?C=S%3BO%3DA" "Mozilla/5.0 (Linux; Android 7.0;) AppleWebKit/537.36 (KHTML, like Gecko) Mobile Safari/537.36 (compatible; PetalBot;+https://webmaster.petalsearch.com/site/petalbot)"
52.202.233.37 - - [05/Jul/2025:04:48:20 +0000] "GET /?locale=nl HTTP/1.1" 200 2795 "-" "Mozilla/5.0 AppleWebKit/537.36 (KHTML, like Gecko; compatible; Amazonbot/0.1; +https://developer.amazon.com/support/amazonbot) Chrome/119.0.6045.214 Safari/537.36"
3.215.59.93 - - [05/Jul/2025:04:48:24 +0000] "GET /public_html/ HTTP/1.1" 301 305 "-" "Mozilla/5.0 AppleWebKit/537.36 (KHTML, like Gecko; compatible; Amazonbot/0.1; +https://developer.amazon.com/support/amazonbot) Chrome/119.0.6045.214 Safari/537.36"
35.164.134.9 - - [05/Jul/2025:04:48:34 +0000] "GET / HTTP/1.1" 200 2795 "-" "Mozilla/5.0 (Macintosh; Intel Mac OS X 10_15_7) AppleWebKit/537.36 (KHTML, like Gecko) Chrome/111.0.0.0 Safari/537.36"
51.222.253.10 - - [05/Jul/2025:04:49:53 +0000] "GET /tmp/webalizerftp/?C=M;O=A HTTP/1.1" 200 712 "-" "Mozilla/5.0 (compatible; AhrefsBot/7.0; +http://ahrefs.com/robot/)"
216.244.66.229 - - [05/Jul/2025:04:51:31 +0000] "GET /tmp/analog/ssl/wrightimagegroup.wrightimagegroup.com/?C=D;O=D HTTP/1.1" 200 5166 "-" "Mozilla/5.0 (compatible; DotBot/1.2; +https://opensiteexplorer.org/dotbot; help@moz.com)"
51.222.253.12 - - [05/Jul/2025:04:54:24 +0000] "GET /tmp/webalizer/usage_202504.html HTTP/1.1" 304 - "-" "Mozilla/5.0 (compatible; AhrefsBot/7.0; +http://ahrefs.com/robot/)"
51.222.253.9 - - [05/Jul/2025:04:55:06 +0000] "GET /tmp/analog/ssl/?C=D;O=A HTTP/1.1" 200 1109 "-" "Mozilla/5.0 (compatible; AhrefsBot/7.0; +http://ahrefs.com/robot/)"
216.244.66.229 - - [05/Jul/2025:04:56:22 +0000] "GET /?C=M;O%3DA HTTP/1.1" 200 2799 "-" "Mozilla/5.0 (compatible; DotBot/1.2; +https://opensiteexplorer.org/dotbot; help@moz.com)"
51.222.253.14 - - [05/Jul/2025:04:59:54 +0000] "GET /tmp/webalizerftp/?C=S;O=A HTTP/1.1" 200 712 "-" "Mozilla/5.0 (compatible; AhrefsBot/7.0; +http://ahrefs.com/robot/)"
51.222.253.10 - - [05/Jul/2025:05:02:28 +0000] "GET /tmp/analog/ssl/wrightimagegroup.com/4.html HTTP/1.1" 304 - "-" "Mozilla/5.0 (compatible; AhrefsBot/7.0; +http://ahrefs.com/robot/)"
51.222.253.1 - - [05/Jul/2025:05:05:36 +0000] "GET /tmp/cpbandwidth/?C=D;O=A HTTP/1.1" 200 911 "-" "Mozilla/5.0 (compatible; AhrefsBot/7.0; +http://ahrefs.com/robot/)"
216.244.66.229 - - [05/Jul/2025:05:11:54 +0000] "GET /robots.txt HTTP/1.1" 404 - "-" "Mozilla/5.0 (compatible; DotBot/1.2; +https://opensiteexplorer.org/dotbot; help@moz.com)"
216.244.66.229 - - [05/Jul/2025:05:11:54 +0000] "GET /robots.txt HTTP/1.1" 404 - "-" "Mozilla/5.0 (compatible; DotBot/1.2; +https://opensiteexplorer.org/dotbot; help@moz.com)"
51.222.253.14 - - [05/Jul/2025:05:12:11 +0000] "GET /tmp/webalizer/usage_202504.html HTTP/1.1" 304 - "-" "Mozilla/5.0 (compatible; AhrefsBot/7.0; +http://ahrefs.com/robot/)"
51.222.253.2 - - [05/Jul/2025:05:26:53 +0000] "GET /tmp/analog/10.html HTTP/1.1" 304 - "-" "Mozilla/5.0 (compatible; AhrefsBot/7.0; +http://ahrefs.com/robot/)"
114.119.144.41 - - [05/Jul/2025:05:27:39 +0000] "GET /tmp/awstats/ssl/awstats052020.wrightimagegroup.wrightimagegroup.com.txt HTTP/1.1" 200 9356 "http://www.wrightimagegroup.org/tmp/awstats/ssl/?C=M%3BO%3DA" "Mozilla/5.0 (Linux; Android 7.0;) AppleWebKit/537.36 (KHTML, like Gecko) Mobile Safari/537.36 (compatible; PetalBot;+https://webmaster.petalsearch.com/site/petalbot)"
216.244.66.229 - - [05/Jul/2025:05:30:32 +0000] "GET /tmp/analog/ssl/wrightimagegroup.com/6.html HTTP/1.1" 200 119173 "-" "Mozilla/5.0 (compatible; DotBot/1.2; +https://opensiteexplorer.org/dotbot; help@moz.com)"
216.244.66.229 - - [05/Jul/2025:05:32:44 +0000] "GET /tmp/webalizer/usage_202301.html HTTP/1.1" 200 107167 "-" "Mozilla/5.0 (compatible; DotBot/1.2; +https://opensiteexplorer.org/dotbot; help@moz.com)"
216.244.66.229 - - [05/Jul/2025:05:34:38 +0000] "GET /tof/?C=S;O%3DD HTTP/1.1" 200 842 "-" "Mozilla/5.0 (compatible; DotBot/1.2; +https://opensiteexplorer.org/dotbot; help@moz.com)"
51.222.253.12 - - [05/Jul/2025:05:35:21 +0000] "GET /tmp/analog/ssl/wrightimagegroup.wrightimagegroup.com/4.html HTTP/1.1" 304 - "-" "Mozilla/5.0 (compatible; AhrefsBot/7.0; +http://ahrefs.com/robot/)"
216.244.66.229 - - [05/Jul/2025:05:36:41 +0000] "GET /mail/wrightimagegroup.com/?C=N;O%3DD HTTP/1.1" 200 715 "-" "Mozilla/5.0 (compatible; DotBot/1.2; +https://opensiteexplorer.org/dotbot; help@moz.com)"
216.244.66.229 - - [05/Jul/2025:05:36:43 +0000] "GET /ssl/csrs/?C=D%3BO%3DA HTTP/1.1" 200 680 "-" "Mozilla/5.0 (compatible; DotBot/1.2; +https://opensiteexplorer.org/dotbot; help@moz.com)"
216.244.66.229 - - [05/Jul/2025:05:36:50 +0000] "GET /tmp/analog/?C=S%3BO%3DA HTTP/1.1" 200 5841 "-" "Mozilla/5.0 (compatible; DotBot/1.2; +https://opensiteexplorer.org/dotbot; help@moz.com)"
216.244.66.229 - - [05/Jul/2025:05:36:52 +0000] "GET /tof/cgi-bin/?C=D;O%3DD HTTP/1.1" 200 686 "-" "Mozilla/5.0 (compatible; DotBot/1.2; +https://opensiteexplorer.org/dotbot; help@moz.com)"
216.244.66.229 - - [05/Jul/2025:05:36:57 +0000] "GET /tmp/awstats/ssl/awstats112023.wrightimagegroup.wrightimagegroup.com.txt HTTP/1.1" 200 82463 "-" "Mozilla/5.0 (compatible; DotBot/1.2; +https://opensiteexplorer.org/dotbot; help@moz.com)"
216.244.66.229 - - [05/Jul/2025:05:39:35 +0000] "GET /tmp/analog/ssl/wrightimagegroup.wrightimagegroup.com/refsite.png HTTP/1.1" 200 4849 "-" "Mozilla/5.0 (compatible; DotBot/1.2; +https://opensiteexplorer.org/dotbot; help@moz.com)"
216.244.66.229 - - [05/Jul/2025:05:39:36 +0000] "GET /tmp/awstats/ssl/?C=S;O%3DA HTTP/1.1" 200 29837 "-" "Mozilla/5.0 (compatible; DotBot/1.2; +https://opensiteexplorer.org/dotbot; help@moz.com)"
51.222.253.5 - - [05/Jul/2025:05:40:08 +0000] "GET /tmp/webalizer/usage_202410.html HTTP/1.1" 304 - "-" "Mozilla/5.0 (compatible; AhrefsBot/7.0; +http://ahrefs.com/robot/)"
216.244.66.229 - - [05/Jul/2025:05:40:24 +0000] "GET /tmp/analog/wrightimagegroup.wrightimagegroup.com/?C=M;O%3DA HTTP/1.1" 200 5152 "-" "Mozilla/5.0 (compatible; DotBot/1.2; +https://opensiteexplorer.org/dotbot; help@moz.com)"
66.249.73.100 - - [05/Jul/2025:05:40:37 +0000] "GET /robots.txt HTTP/1.1" 404 - "-" "Mozilla/5.0 (compatible; Googlebot/2.1; +http://www.google.com/bot.html)"
66.249.73.99 - - [05/Jul/2025:05:40:37 +0000] "GET /tmp/analog/failref.png HTTP/1.1" 200 2782 "-" "Googlebot-Image/1.0"
51.222.253.2 - - [05/Jul/2025:05:47:14 +0000] "GET /tmp/webalizer/usage_202502.html HTTP/1.1" 304 - "-" "Mozilla/5.0 (compatible; AhrefsBot/7.0; +http://ahrefs.com/robot/)"
216.244.66.230 - - [05/Jul/2025:05:48:35 +0000] "GET /robots.txt HTTP/1.1" 404 - "-" "Mozilla/5.0 (compatible; DotBot/1.2; +https://opensiteexplorer.org/dotbot; help@moz.com)"
114.119.138.179 - - [05/Jul/2025:05:49:12 +0000] "GET /tmp/webalizer/usage_202210.html HTTP/1.1" 200 100904 "http://www.wrightimagegroup.org/tmp/webalizer/usage_202210.html" "Mozilla/5.0 (Linux; Android 7.0;) AppleWebKit/537.36 (KHTML, like Gecko) Mobile Safari/537.36 (compatible; PetalBot;+https://webmaster.petalsearch.com/site/petalbot)"
114.119.140.169 - - [05/Jul/2025:05:51:00 +0000] "GET /tmp/awstats/awstats042022.wrightimagegroup.wrightimagegroup.com.txt HTTP/1.1" 200 47049 "http://www.wrightimagegroup.org/tmp/awstats/?C=S%3BO%3DD" "Mozilla/5.0 (Linux; Android 7.0;) AppleWebKit/537.36 (KHTML, like Gecko) Mobile Safari/537.36 (compatible; PetalBot;+https://webmaster.petalsearch.com/site/petalbot)"
114.119.138.179 - - [05/Jul/2025:05:53:21 +0000] "GET /tmp/webalizer/usage_202104.html HTTP/1.1" 200 83303 "http://www.wrightimagegroup.org/tmp/webalizer/usage_202104.html" "Mozilla/5.0 (Linux; Android 7.0;) AppleWebKit/537.36 (KHTML, like Gecko) Mobile Safari/537.36 (compatible; PetalBot;+https://webmaster.petalsearch.com/site/petalbot)"
51.222.253.5 - - [05/Jul/2025:05:54:33 +0000] "GET /tmp/webalizer/usage_202412.html HTTP/1.1" 304 - "-" "Mozilla/5.0 (compatible; AhrefsBot/7.0; +http://ahrefs.com/robot/)"
114.119.152.177 - - [05/Jul/2025:05:54:48 +0000] "GET /tmp/awstats/awstats082016.wrightimagegroup.com.txt HTTP/1.1" 200 7098 "http://www.wrightimagegroup.org/tmp/awstats/?C=S%3BO%3DD" "Mozilla/5.0 (Linux; Android 7.0;) AppleWebKit/537.36 (KHTML, like Gecko) Mobile Safari/537.36 (compatible; PetalBot;+https://webmaster.petalsearch.com/site/petalbot)"
114.119.140.169 - - [05/Jul/2025:05:56:22 +0000] "GET /tmp/awstats/awstats062017.wrightimagegroup.wrightimagegroup.com.txt HTTP/1.1" 200 8812 "http://www.wrightimagegroup.org/tmp/awstats/?C=S%3BO%3DD" "Mozilla/5.0 (Linux; Android 7.0;) AppleWebKit/537.36 (KHTML, like Gecko) Mobile Safari/537.36 (compatible; PetalBot;+https://webmaster.petalsearch.com/site/petalbot)"
43.165.189.110 - - [05/Jul/2025:05:57:10 +0000] "GET / HTTP/1.1" 200 2812 "-" "Mozilla/5.0 (iPhone; CPU iPhone OS 13_2_3 like Mac OS X) AppleWebKit/605.1.15 (KHTML, like Gecko) Version/13.0.3 Mobile/15E148 Safari/604.1"
114.119.152.177 - - [05/Jul/2025:05:57:31 +0000] "GET /etc/ftpquota HTTP/1.1" 200 - "http://www.wrightimagegroup.org/etc/?C=N%3BO%3DD" "Mozilla/5.0 (Linux; Android 7.0;) AppleWebKit/537.36 (KHTML, like Gecko) Mobile Safari/537.36 (compatible; PetalBot;+https://webmaster.petalsearch.com/site/petalbot)"
114.119.152.177 - - [05/Jul/2025:05:58:56 +0000] "GET /cache/cache_39dd3588e30373634e6397b31f5cdf54 HTTP/1.1" 200 - "http://www.wrightimagegroup.org/cache/?C=S%3BO%3DD" "Mozilla/5.0 (Linux; Android 7.0;) AppleWebKit/537.36 (KHTML, like Gecko) Mobile Safari/537.36 (compatible; PetalBot;+https://webmaster.petalsearch.com/site/petalbot)"
114.119.132.85 - - [05/Jul/2025:06:00:20 +0000] "GET /tmp/awstats/awstats032016.wrightimagegroup.com.txt HTTP/1.1" 200 7190 "http://www.wrightimagegroup.org/tmp/awstats/?C=S%3BO%3DD" "Mozilla/5.0 (Linux; Android 7.0;) AppleWebKit/537.36 (KHTML, like Gecko) Mobile Safari/537.36 (compatible; PetalBot;+https://webmaster.petalsearch.com/site/petalbot)"
51.222.253.1 - - [05/Jul/2025:06:01:33 +0000] "GET /tmp/analog/ssl/wrightimagegroup.com/4.html HTTP/1.1" 304 - "-" "Mozilla/5.0 (compatible; AhrefsBot/7.0; +http://ahrefs.com/robot/)"
114.119.146.18 - - [05/Jul/2025:06:01:45 +0000] "GET /tmp/awstats/ssl/awstats062021.wrightimagegroup.com.txt HTTP/1.1" 200 10591 "http://wrightimagegroup.org/tmp/awstats/ssl/?C=M%3BO%3DA" "Mozilla/5.0 (Linux; Android 7.0;) AppleWebKit/537.36 (KHTML, like Gecko) Mobile Safari/537.36 (compatible; PetalBot;+https://webmaster.petalsearch.com/site/petalbot)"
51.222.253.3 - - [05/Jul/2025:06:02:37 +0000] "GET /tmp/webalizer/usage_202504.html HTTP/1.1" 304 - "-" "Mozilla/5.0 (compatible; AhrefsBot/7.0; +http://ahrefs.com/robot/)"
216.244.66.229 - - [05/Jul/2025:06:02:44 +0000] "GET /robots.txt HTTP/1.1" 404 - "-" "Mozilla/5.0 (compatible; DotBot/1.2; +https://opensiteexplorer.org/dotbot; help@moz.com)"
216.244.66.229 - - [05/Jul/2025:06:02:45 +0000] "GET /robots.txt HTTP/1.1" 404 - "-" "Mozilla/5.0 (compatible; DotBot/1.2; +https://opensiteexplorer.org/dotbot; help@moz.com)"
114.119.135.202 - - [05/Jul/2025:06:03:09 +0000] "GET /tmp/awstats/awstats122016.wrightimagegroup.wrightimagegroup.com.txt HTTP/1.1" 200 7188 "http://wrightimagegroup.org/tmp/awstats/?C=S%3BO%3DA" "Mozilla/5.0 (Linux; Android 7.0;) AppleWebKit/537.36 (KHTML, like Gecko) Mobile Safari/537.36 (compatible; PetalBot;+https://webmaster.petalsearch.com/site/petalbot)"
216.244.66.230 - - [05/Jul/2025:06:04:12 +0000] "GET /mail/new/?C=M%3BO%3DA HTTP/1.1" 200 697 "-" "Mozilla/5.0 (compatible; DotBot/1.2; +https://opensiteexplorer.org/dotbot; help@moz.com)"
114.119.132.85 - - [05/Jul/2025:06:04:34 +0000] "GET /tmp/awstats/awstats122016.wrightimagegroup.com.txt HTTP/1.1" 200 6273 "http://wrightimagegroup.org/tmp/awstats/?C=S%3BO%3DA" "Mozilla/5.0 (Linux; Android 7.0;) AppleWebKit/537.36 (KHTML, like Gecko) Mobile Safari/537.36 (compatible; PetalBot;+https://webmaster.petalsearch.com/site/petalbot)"
114.119.149.89 - - [05/Jul/2025:06:05:56 +0000] "GET /tmp/webalizer/usage_202110.html HTTP/1.1" 200 97398 "http://www.wrightimagegroup.org/tmp/webalizer/usage_202110.html" "Mozilla/5.0 (Linux; Android 7.0;) AppleWebKit/537.36 (KHTML, like Gecko) Mobile Safari/537.36 (compatible; PetalBot;+https://webmaster.petalsearch.com/site/petalbot)"
114.119.146.18 - - [05/Jul/2025:06:07:18 +0000] "GET /tmp/awstats/awstats082017.wrightimagegroup.wrightimagegroup.com.txt HTTP/1.1" 200 8386 "http://wrightimagegroup.org/tmp/awstats/?C=S%3BO%3DA" "Mozilla/5.0 (Linux; Android 7.0;) AppleWebKit/537.36 (KHTML, like Gecko) Mobile Safari/537.36 (compatible; PetalBot;+https://webmaster.petalsearch.com/site/petalbot)"
114.119.135.202 - - [05/Jul/2025:06:08:43 +0000] "GET /tmp/awstats/awstats052016.triumphofflight.org.wrightimagegroup.com.txt HTTP/1.1" 200 6198 "http://wrightimagegroup.org/tmp/awstats/?C=S%3BO%3DA" "Mozilla/5.0 (Linux; Android 7.0;) AppleWebKit/537.36 (KHTML, like Gecko) Mobile Safari/537.36 (compatible; PetalBot;+https://webmaster.petalsearch.com/site/petalbot)"
51.222.253.17 - - [05/Jul/2025:06:09:37 +0000] "GET /tmp/webalizer/usage_202501.html HTTP/1.1" 304 - "-" "Mozilla/5.0 (compatible; AhrefsBot/7.0; +http://ahrefs.com/robot/)"
114.119.144.41 - - [05/Jul/2025:06:10:57 +0000] "GET /tmp/awstats/awstats012019.wrightimagegroup.com.txt HTTP/1.1" 200 8186 "http://wrightimagegroup.org/tmp/awstats/?C=S%3BO%3DA" "Mozilla/5.0 (Linux; Android 7.0;) AppleWebKit/537.36 (KHTML, like Gecko) Mobile Safari/537.36 (compatible; PetalBot;+https://webmaster.petalsearch.com/site/petalbot)"
95.217.37.214 - - [05/Jul/2025:06:13:22 +0000] "GET /tmp/webalizer/ HTTP/1.0" 200 9928 "-" "Mozilla/5.0 (Windows NT 10.0; Win64; x64) AppleWebKit/537.36 (KHTML, like Gecko) Chrome/118.0.0.0 Safari/537.36"
51.222.253.19 - - [05/Jul/2025:06:21:01 +0000] "GET /tmp/analog/ssl/wrightimagegroup.wrightimagegroup.com/4.html HTTP/1.1" 304 - "-" "Mozilla/5.0 (compatible; AhrefsBot/7.0; +http://ahrefs.com/robot/)"
51.222.253.12 - - [05/Jul/2025:06:24:03 +0000] "GET /robots.txt HTTP/1.1" 404 - "-" "Mozilla/5.0 (compatible; AhrefsBot/7.0; +http://ahrefs.com/robot/)"
51.222.253.5 - - [05/Jul/2025:06:24:05 +0000] "GET /tmp/analog/1.html HTTP/1.1" 304 - "-" "Mozilla/5.0 (compatible; AhrefsBot/7.0; +http://ahrefs.com/robot/)"
123.160.223.74 - - [05/Jul/2025:06:29:34 +0000] "GET / HTTP/1.1" 200 2812 "-" "Mozilla/5.0 (Macintosh; Intel Mac OS X 10_15_7) AppleWebKit/537.36 (KHTML, like Gecko) Chrome/96.0.4664.110 Safari/537.36"
123.160.223.74 - - [05/Jul/2025:06:29:34 +0000] "GET /favicon.ico HTTP/1.1" 404 - "-" "Mozilla/5.0 (Macintosh; Intel Mac OS X 10_15_7) AppleWebKit/537.36 (KHTML, like Gecko) Chrome/96.0.4664.110 Safari/537.36"
51.222.253.6 - - [05/Jul/2025:06:30:39 +0000] "GET /tmp/webalizer/usage_202504.html HTTP/1.1" 304 - "-" "Mozilla/5.0 (compatible; AhrefsBot/7.0; +http://ahrefs.com/robot/)"
51.222.253.5 - - [05/Jul/2025:06:32:16 +0000] "GET /tmp/analog/10.html HTTP/1.1" 304 - "-" "Mozilla/5.0 (compatible; AhrefsBot/7.0; +http://ahrefs.com/robot/)"
216.244.66.229 - - [05/Jul/2025:06:33:42 +0000] "GET /www/triumphofflight.org/?C=S;O=D HTTP/1.1" 200 885 "-" "Mozilla/5.0 (compatible; DotBot/1.2; +https://opensiteexplorer.org/dotbot; help@moz.com)"
216.244.66.230 - - [05/Jul/2025:06:34:16 +0000] "GET /robots.txt HTTP/1.1" 404 - "-" "Mozilla/5.0 (compatible; DotBot/1.2; +https://opensiteexplorer.org/dotbot; help@moz.com)"
216.244.66.229 - - [05/Jul/2025:06:34:29 +0000] "GET /mail/?C=N;O%3DD HTTP/1.1" 200 2864 "-" "Mozilla/5.0 (compatible; DotBot/1.2; +https://opensiteexplorer.org/dotbot; help@moz.com)"
216.244.66.229 - - [05/Jul/2025:06:37:36 +0000] "GET /tmp/awstats/?C=D;O%3DD HTTP/1.1" 200 56356 "-" "Mozilla/5.0 (compatible; DotBot/1.2; +https://opensiteexplorer.org/dotbot; help@moz.com)"
216.244.66.229 - - [05/Jul/2025:06:37:39 +0000] "GET /tmp/awstats/?C=N;O%3DA HTTP/1.1" 200 56356 "-" "Mozilla/5.0 (compatible; DotBot/1.2; +https://opensiteexplorer.org/dotbot; help@moz.com)"
216.244.66.229 - - [05/Jul/2025:06:37:42 +0000] "GET /www/triumphofflight.org/?C=D;O%3DD HTTP/1.1" 200 886 "-" "Mozilla/5.0 (compatible; DotBot/1.2; +https://opensiteexplorer.org/dotbot; help@moz.com)"
114.119.152.177 - - [05/Jul/2025:06:38:25 +0000] "GET /tmp/awstats/awstats102023.wrightimagegroup.com.txt HTTP/1.1" 200 41996 "http://www.wrightimagegroup.org/tmp/awstats/?C=S%3BO%3DD" "Mozilla/5.0 (Linux; Android 7.0;) AppleWebKit/537.36 (KHTML, like Gecko) Mobile Safari/537.36 (compatible; PetalBot;+https://webmaster.petalsearch.com/site/petalbot)"
51.222.253.13 - - [05/Jul/2025:06:39:18 +0000] "GET /tmp/analog/11.html HTTP/1.1" 304 - "-" "Mozilla/5.0 (compatible; AhrefsBot/7.0; +http://ahrefs.com/robot/)"
114.119.146.18 - - [05/Jul/2025:06:39:45 +0000] "GET /tmp/awstats/awstats052022.wrightimagegroup.com.txt HTTP/1.1" 200 16228 "http://www.wrightimagegroup.org/tmp/awstats/?C=S%3BO%3DD" "Mozilla/5.0 (Linux; Android 7.0;) AppleWebKit/537.36 (KHTML, like Gecko) Mobile Safari/537.36 (compatible; PetalBot;+https://webmaster.petalsearch.com/site/petalbot)"
51.222.253.12 - - [05/Jul/2025:06:41:29 +0000] "GET /tmp/analog/ssl/wrightimagegroup.com/4.html HTTP/1.1" 304 - "-" "Mozilla/5.0 (compatible; AhrefsBot/7.0; +http://ahrefs.com/robot/)"
114.119.144.41 - - [05/Jul/2025:06:43:16 +0000] "GET /tmp/awstats/awstats102016.wrightimagegroup.wrightimagegroup.com.txt HTTP/1.1" 200 6395 "http://www.wrightimagegroup.org/tmp/awstats/?C=S%3BO%3DD" "Mozilla/5.0 (Linux; Android 7.0;) AppleWebKit/537.36 (KHTML, like Gecko) Mobile Safari/537.36 (compatible; PetalBot;+https://webmaster.petalsearch.com/site/petalbot)"
114.119.135.202 - - [05/Jul/2025:06:45:27 +0000] "GET /tmp/awstats/awstats042024.wrightimagegroup.com.txt HTTP/1.1" 200 14563 "http://wrightimagegroup.org/tmp/awstats/?C=S%3BO%3DA" "Mozilla/5.0 (Linux; Android 7.0;) AppleWebKit/537.36 (KHTML, like Gecko) Mobile Safari/537.36 (compatible; PetalBot;+https://webmaster.petalsearch.com/site/petalbot)"
51.222.253.16 - - [05/Jul/2025:06:46:25 +0000] "GET /tmp/analog/12.html HTTP/1.1" 304 - "-" "Mozilla/5.0 (compatible; AhrefsBot/7.0; +http://ahrefs.com/robot/)"
43.135.145.77 - - [05/Jul/2025:06:47:01 +0000] "GET / HTTP/1.1" 200 2816 "-" "Mozilla/5.0 (iPhone; CPU iPhone OS 13_2_3 like Mac OS X) AppleWebKit/605.1.15 (KHTML, like Gecko) Version/13.0.3 Mobile/15E148 Safari/604.1"
51.222.253.18 - - [05/Jul/2025:06:51:28 +0000] "GET /tmp/analog/11.html HTTP/1.1" 304 - "-" "Mozilla/5.0 (compatible; AhrefsBot/7.0; +http://ahrefs.com/robot/)"
51.222.253.6 - - [05/Jul/2025:06:51:46 +0000] "GET /tmp/analog/2.html HTTP/1.1" 304 - "-" "Mozilla/5.0 (compatible; AhrefsBot/7.0; +http://ahrefs.com/robot/)"
114.119.146.18 - - [05/Jul/2025:06:54:44 +0000] "GET /tmp/awstats/awstats122021.wrightimagegroup.wrightimagegroup.com.txt HTTP/1.1" 200 48969 "http://wrightimagegroup.org/tmp/awstats/?C=S%3BO%3DA" "Mozilla/5.0 (Linux; Android 7.0;) AppleWebKit/537.36 (KHTML, like Gecko) Mobile Safari/537.36 (compatible; PetalBot;+https://webmaster.petalsearch.com/site/petalbot)"
51.222.253.15 - - [05/Jul/2025:06:57:11 +0000] "GET /tmp/analog/3.html HTTP/1.1" 304 - "-" "Mozilla/5.0 (compatible; AhrefsBot/7.0; +http://ahrefs.com/robot/)"
51.222.253.16 - - [05/Jul/2025:07:00:28 +0000] "GET /tmp/analog/1.html HTTP/1.1" 304 - "-" "Mozilla/5.0 (compatible; AhrefsBot/7.0; +http://ahrefs.com/robot/)"
216.244.66.229 - - [05/Jul/2025:07:00:44 +0000] "GET /robots.txt HTTP/1.1" 404 - "-" "Mozilla/5.0 (compatible; DotBot/1.2; +https://opensiteexplorer.org/dotbot; help@moz.com)"
216.244.66.229 - - [05/Jul/2025:07:00:44 +0000] "GET /robots.txt HTTP/1.1" 404 - "-" "Mozilla/5.0 (compatible; DotBot/1.2; +https://opensiteexplorer.org/dotbot; help@moz.com)"
216.244.66.230 - - [05/Jul/2025:07:02:25 +0000] "GET /?C=M HTTP/1.1" 200 2816 "-" "Mozilla/5.0 (compatible; DotBot/1.2; +https://opensiteexplorer.org/dotbot; help@moz.com)"
51.222.253.15 - - [05/Jul/2025:07:02:50 +0000] "GET /tmp/analog/4.html HTTP/1.1" 304 - "-" "Mozilla/5.0 (compatible; AhrefsBot/7.0; +http://ahrefs.com/robot/)"
51.222.253.12 - - [05/Jul/2025:07:08:44 +0000] "GET /tmp/analog/5.html HTTP/1.1" 304 - "-" "Mozilla/5.0 (compatible; AhrefsBot/7.0; +http://ahrefs.com/robot/)"
43.173.1.69 - - [05/Jul/2025:07:10:41 +0000] "GET / HTTP/1.1" 200 2799 "-" "Mozilla/5.0 (iPhone; CPU iPhone OS 13_2_3 like Mac OS X) AppleWebKit/605.1.15 (KHTML, like Gecko) Version/13.0.3 Mobile/15E148 Safari/604.1"
51.222.253.17 - - [05/Jul/2025:07:10:49 +0000] "GET /robots.txt HTTP/1.1" 404 - "-" "Mozilla/5.0 (compatible; AhrefsBot/7.0; +http://ahrefs.com/robot/)"
51.222.253.10 - - [05/Jul/2025:07:10:50 +0000] "GET /tmp/analog/ssl/wrightimagegroup.wrightimagegroup.com/4.html HTTP/1.1" 304 - "-" "Mozilla/5.0 (compatible; AhrefsBot/7.0; +http://ahrefs.com/robot/)"
51.222.253.17 - - [05/Jul/2025:07:13:45 +0000] "GET /tmp/analog/6.html HTTP/1.1" 304 - "-" "Mozilla/5.0 (compatible; AhrefsBot/7.0; +http://ahrefs.com/robot/)"
216.244.66.229 - - [05/Jul/2025:07:17:03 +0000] "GET /tof/cgi-bin/?C=D;O=D HTTP/1.1" 200 686 "-" "Mozilla/5.0 (compatible; DotBot/1.2; +https://opensiteexplorer.org/dotbot; help@moz.com)"
216.244.66.229 - - [05/Jul/2025:07:19:01 +0000] "GET /tmp/?C=D%3BO%3DA HTTP/1.1" 200 1556 "-" "Mozilla/5.0 (compatible; DotBot/1.2; +https://opensiteexplorer.org/dotbot; help@moz.com)"
51.222.253.12 - - [05/Jul/2025:07:19:24 +0000] "GET /tmp/analog/7.html HTTP/1.1" 304 - "-" "Mozilla/5.0 (compatible; AhrefsBot/7.0; +http://ahrefs.com/robot/)"
216.244.66.229 - - [05/Jul/2025:07:21:12 +0000] "GET /tmp/awstats/ssl/awstats072023.wrightimagegroup.com.txt HTTP/1.1" 200 20882 "-" "Mozilla/5.0 (compatible; DotBot/1.2; +https://opensiteexplorer.org/dotbot; help@moz.com)"
216.244.66.229 - - [05/Jul/2025:07:22:30 +0000] "GET /mail/tmp/?C=D%3BO%3DA HTTP/1.1" 200 681 "-" "Mozilla/5.0 (compatible; DotBot/1.2; +https://opensiteexplorer.org/dotbot; help@moz.com)"
216.244.66.229 - - [05/Jul/2025:07:22:33 +0000] "GET /mail/tmp/?C=D;O%3DD HTTP/1.1" 200 681 "-" "Mozilla/5.0 (compatible; DotBot/1.2; +https://opensiteexplorer.org/dotbot; help@moz.com)"
216.244.66.229 - - [05/Jul/2025:07:24:16 +0000] "GET /www/triumphofflight.org/cgi-bin/?C=D;O=D HTTP/1.1" 200 746 "-" "Mozilla/5.0 (compatible; DotBot/1.2; +https://opensiteexplorer.org/dotbot; help@moz.com)"
51.222.253.3 - - [05/Jul/2025:07:24:19 +0000] "GET /tmp/analog/8.html HTTP/1.1" 304 - "-" "Mozilla/5.0 (compatible; AhrefsBot/7.0; +http://ahrefs.com/robot/)"
216.244.66.229 - - [05/Jul/2025:07:25:38 +0000] "GET /tmp/analog/triumphofflight.org.wrightimagegroup.com/?C=D;O%3DA HTTP/1.1" 200 4458 "-" "Mozilla/5.0 (compatible; DotBot/1.2; +https://opensiteexplorer.org/dotbot; help@moz.com)"
85.208.96.210 - - [05/Jul/2025:07:25:46 +0000] "GET /robots.txt HTTP/1.1" 404 - "-" "Mozilla/5.0 (compatible; SemrushBot/7~bl; +http://www.semrush.com/bot.html)"
185.191.171.10 - - [05/Jul/2025:07:25:46 +0000] "GET /tmp/webalizer/usage_202206.html HTTP/1.1" 200 97496 "-" "Mozilla/5.0 (compatible; SemrushBot/7~bl; +http://www.semrush.com/bot.html)"
114.119.138.179 - - [05/Jul/2025:07:27:06 +0000] "GET /tmp/awstats/awstats012020.wrightimagegroup.com.txt HTTP/1.1" 200 7651 "http://www.wrightimagegroup.org/tmp/awstats/?C=S%3BO%3DD" "Mozilla/5.0 (Linux; Android 7.0;) AppleWebKit/537.36 (KHTML, like Gecko) Mobile Safari/537.36 (compatible; PetalBot;+https://webmaster.petalsearch.com/site/petalbot)"
114.119.132.85 - - [05/Jul/2025:07:28:32 +0000] "GET /cache/cache_e4d9271ab639b08444fb4b3111d4e255 HTTP/1.1" 200 - "http://www.wrightimagegroup.org/cache/?C=S%3BO%3DD" "Mozilla/5.0 (Linux; Android 7.0;) AppleWebKit/537.36 (KHTML, like Gecko) Mobile Safari/537.36 (compatible; PetalBot;+https://webmaster.petalsearch.com/site/petalbot)"
51.222.253.11 - - [05/Jul/2025:07:29:49 +0000] "GET /tmp/analog/9.html HTTP/1.1" 304 - "-" "Mozilla/5.0 (compatible; AhrefsBot/7.0; +http://ahrefs.com/robot/)"
114.119.140.169 - - [05/Jul/2025:07:30:41 +0000] "GET /access-logs/wrightimagegroup.wrightimagegroup.com-ssl_log HTTP/1.1" 200 70152 "http://www.wrightimagegroup.org/access-logs/" "Mozilla/5.0 (Linux; Android 7.0;) AppleWebKit/537.36 (KHTML, like Gecko) Mobile Safari/537.36 (compatible; PetalBot;+https://webmaster.petalsearch.com/site/petalbot)"
114.119.138.179 - - [05/Jul/2025:07:31:18 +0000] "GET /tmp/webalizer/ctry_usage_202211.png HTTP/1.1" 200 4336 "http://wrightimagegroup.org/tmp/webalizer/usage_202211.html" "Mozilla/5.0 (Linux; Android 7.0;) AppleWebKit/537.36 (KHTML, like Gecko) Mobile Safari/537.36 (compatible; PetalBot;+https://webmaster.petalsearch.com/site/petalbot)"
114.119.140.169 - - [05/Jul/2025:07:32:44 +0000] "GET /tmp/awstats/ssl/awstats092020.wrightimagegroup.com.txt HTTP/1.1" 200 8933 "http://www.wrightimagegroup.org/tmp/awstats/ssl/?C=M%3BO%3DA" "Mozilla/5.0 (Linux; Android 7.0;) AppleWebKit/537.36 (KHTML, like Gecko) Mobile Safari/537.36 (compatible; PetalBot;+https://webmaster.petalsearch.com/site/petalbot)"
114.119.146.18 - - [05/Jul/2025:07:34:47 +0000] "GET /tmp/awstats/awstats122018.wrightimagegroup.com.txt HTTP/1.1" 200 10046 "http://www.wrightimagegroup.org/tmp/awstats/?C=S%3BO%3DD" "Mozilla/5.0 (Linux; Android 7.0;) AppleWebKit/537.36 (KHTML, like Gecko) Mobile Safari/537.36 (compatible; PetalBot;+https://webmaster.petalsearch.com/site/petalbot)"
51.222.253.11 - - [05/Jul/2025:07:35:14 +0000] "GET /tmp/webalizer/usage_202411.html HTTP/1.1" 304 - "-" "Mozilla/5.0 (compatible; AhrefsBot/7.0; +http://ahrefs.com/robot/)"
114.119.140.169 - - [05/Jul/2025:07:35:32 +0000] "GET /tmp/analog/10.html HTTP/1.1" 200 52060 "http://www.wrightimagegroup.org/tmp/analog/10.html" "Mozilla/5.0 (Linux; Android 7.0;) AppleWebKit/537.36 (KHTML, like Gecko) Mobile Safari/537.36 (compatible; PetalBot;+https://webmaster.petalsearch.com/site/petalbot)"
114.119.152.177 - - [05/Jul/2025:07:36:55 +0000] "GET /tmp/awstats/ssl/awstats122020.wrightimagegroup.wrightimagegroup.com.txt HTTP/1.1" 200 8351 "http://wrightimagegroup.org/tmp/awstats/ssl/?C=M%3BO%3DA" "Mozilla/5.0 (Linux; Android 7.0;) AppleWebKit/537.36 (KHTML, like Gecko) Mobile Safari/537.36 (compatible; PetalBot;+https://webmaster.petalsearch.com/site/petalbot)"
51.222.253.16 - - [05/Jul/2025:07:39:21 +0000] "GET /tmp/analog/ssl/wrightimagegroup.com/4.html HTTP/1.1" 304 - "-" "Mozilla/5.0 (compatible; AhrefsBot/7.0; +http://ahrefs.com/robot/)"
114.119.149.89 - - [05/Jul/2025:07:39:41 +0000] "GET /tmp/webalizer/usage_202403.html HTTP/1.1" 200 114507 "http://www.wrightimagegroup.org/tmp/webalizer/usage_202403.html" "Mozilla/5.0 (Linux; Android 7.0;) AppleWebKit/537.36 (KHTML, like Gecko) Mobile Safari/537.36 (compatible; PetalBot;+https://webmaster.petalsearch.com/site/petalbot)"
114.119.138.179 - - [05/Jul/2025:07:38:51 +0000] "GET /tmp/awstats/awstats032025.wrightimagegroup.wrightimagegroup.com.txt HTTP/1.1" 200 183377 "http://www.wrightimagegroup.org/tmp/awstats/?C=S%3BO%3DD" "Mozilla/5.0 (Linux; Android 7.0;) AppleWebKit/537.36 (KHTML, like Gecko) Mobile Safari/537.36 (compatible; PetalBot;+https://webmaster.petalsearch.com/site/petalbot)"
51.222.253.9 - - [05/Jul/2025:07:40:36 +0000] "GET /tmp/webalizer/usage_202407.html HTTP/1.1" 304 - "-" "Mozilla/5.0 (compatible; AhrefsBot/7.0; +http://ahrefs.com/robot/)"
114.119.152.177 - - [05/Jul/2025:07:42:07 +0000] "GET /tmp/awstats/ssl/awstats112021.wrightimagegroup.wrightimagegroup.com.txt HTTP/1.1" 200 21804 "http://wrightimagegroup.org/tmp/awstats/ssl/?C=M%3BO%3DA" "Mozilla/5.0 (Linux; Android 7.0;) AppleWebKit/537.36 (KHTML, like Gecko) Mobile Safari/537.36 (compatible; PetalBot;+https://webmaster.petalsearch.com/site/petalbot)"
114.119.132.85 - - [05/Jul/2025:07:42:29 +0000] "GET /tmp/awstats/awstats072017.triumphofflight.org.wrightimagegroup.com.txt HTTP/1.1" 200 6325 "http://www.wrightimagegroup.org/tmp/awstats/?C=S%3BO%3DD" "Mozilla/5.0 (Linux; Android 7.0;) AppleWebKit/537.36 (KHTML, like Gecko) Mobile Safari/537.36 (compatible; PetalBot;+https://webmaster.petalsearch.com/site/petalbot)"
54.162.69.192 - - [05/Jul/2025:07:43:12 +0000] "GET /?locale=de HTTP/1.1" 200 2795 "-" "Mozilla/5.0 AppleWebKit/537.36 (KHTML, like Gecko; compatible; Amazonbot/0.1; +https://developer.amazon.com/support/amazonbot) Chrome/119.0.6045.214 Safari/537.36"
114.119.152.177 - - [05/Jul/2025:07:44:29 +0000] "GET /tmp/awstats/ssl/awstats042020.wrightimagegroup.com.txt HTTP/1.1" 200 7064 "http://wrightimagegroup.org/tmp/awstats/ssl/?C=M%3BO%3DA" "Mozilla/5.0 (Linux; Android 7.0;) AppleWebKit/537.36 (KHTML, like Gecko) Mobile Safari/537.36 (compatible; PetalBot;+https://webmaster.petalsearch.com/site/petalbot)"
114.119.140.169 - - [05/Jul/2025:07:45:48 +0000] "GET /tmp/awstats/awstats112022.wrightimagegroup.com.txt HTTP/1.1" 200 23366 "http://wrightimagegroup.org/tmp/awstats/?C=S%3BO%3DA" "Mozilla/5.0 (Linux; Android 7.0;) AppleWebKit/537.36 (KHTML, like Gecko) Mobile Safari/537.36 (compatible; PetalBot;+https://webmaster.petalsearch.com/site/petalbot)"
51.222.253.8 - - [05/Jul/2025:07:46:48 +0000] "GET /tmp/webalizer/usage_202408.html HTTP/1.1" 304 - "-" "Mozilla/5.0 (compatible; AhrefsBot/7.0; +http://ahrefs.com/robot/)"
114.119.138.179 - - [05/Jul/2025:07:46:39 +0000] "GET /tmp/webalizer/usage_202107.html HTTP/1.1" 200 91787 "http://www.wrightimagegroup.org/tmp/webalizer/usage_202107.html" "Mozilla/5.0 (Linux; Android 7.0;) AppleWebKit/537.36 (KHTML, like Gecko) Mobile Safari/537.36 (compatible; PetalBot;+https://webmaster.petalsearch.com/site/petalbot)"
