181.199.146.16 - - [05/Jul/2025:15:11:46 +0000] "GET / HTTP/1.1" 200 2812 "http://nhancefranchise.biz/" "Mozilla/4.0 nhancefranchise.biz (Windows NT 5.1; U; en) Presto/2.10.229 Version/11.60"
181.199.146.16 - - [05/Jul/2025:15:11:47 +0000] "GET /tmp/webalizer/usage_202312.html HTTP/1.1" 200 103709 "-" "Mozilla/4.0 nhancefranchise.biz (Windows NT 5.1; U; en) Presto/2.10.229 Version/11.60"
181.199.146.16 - - [05/Jul/2025:15:11:50 +0000] "GET /tmp/webalizer/usage_202507.html HTTP/1.1" 200 86877 "-" "Mozilla/4.0 nhancefranchise.biz (Windows NT 5.1; U; en) Presto/2.10.229 Version/11.60"
181.199.146.16 - - [05/Jul/2025:15:14:42 +0000] "GET /tmp/webalizer/usage_202507.html HTTP/1.1" 200 86877 "-" "Mozilla/5.0 (X11; Linux x86_64) AppleWebKit/537.36 (KHTML, like Gecko) Chrome/114.0.0.0 Safari/537.36"
51.222.253.12 - - [05/Jul/2025:15:16:36 +0000] "GET /tmp/webalizer/usage_202504.html HTTP/1.1" 304 - "-" "Mozilla/5.0 (compatible; AhrefsBot/7.0; +http://ahrefs.com/robot/)"
51.222.253.20 - - [05/Jul/2025:15:17:16 +0000] "GET /tmp/analog/6.html HTTP/1.1" 304 - "-" "Mozilla/5.0 (compatible; AhrefsBot/7.0; +http://ahrefs.com/robot/)"
114.119.140.169 - - [05/Jul/2025:15:17:40 +0000] "GET /tmp/awstats/ssl/awstats042020.wrightimagegroup.wrightimagegroup.com.txt HTTP/1.1" 200 16212 "http://www.wrightimagegroup.org/tmp/awstats/ssl/?C=M%3BO%3DA" "Mozilla/5.0 (Linux; Android 7.0;) AppleWebKit/537.36 (KHTML, like Gecko) Mobile Safari/537.36 (compatible; PetalBot;+https://webmaster.petalsearch.com/site/petalbot)"
114.119.144.41 - - [05/Jul/2025:15:18:57 +0000] "GET /tmp/awstats/awstats012021.wrightimagegroup.com.txt HTTP/1.1" 200 28293 "http://www.wrightimagegroup.org/tmp/awstats/?C=S%3BO%3DD" "Mozilla/5.0 (Linux; Android 7.0;) AppleWebKit/537.36 (KHTML, like Gecko) Mobile Safari/537.36 (compatible; PetalBot;+https://webmaster.petalsearch.com/site/petalbot)"
114.119.138.179 - - [05/Jul/2025:15:20:04 +0000] "GET /tmp/analog/ssl/wrightimagegroup.wrightimagegroup.com/failref.png HTTP/1.1" 200 4815 "http://www.wrightimagegroup.org/tmp/analog/ssl/wrightimagegroup.wrightimagegroup.com/5.html" "Mozilla/5.0 (Linux; Android 7.0;) AppleWebKit/537.36 (KHTML, like Gecko) Mobile Safari/537.36 (compatible; PetalBot;+https://webmaster.petalsearch.com/site/petalbot)"
216.244.66.229 - - [05/Jul/2025:15:21:15 +0000] "GET /robots.txt HTTP/1.1" 404 - "-" "Mozilla/5.0 (compatible; DotBot/1.2; +https://opensiteexplorer.org/dotbot; help@moz.com)"
114.119.152.177 - - [05/Jul/2025:15:21:28 +0000] "GET /tmp/webalizer/usage_202106.html HTTP/1.1" 200 92624 "http://wrightimagegroup.org/tmp/webalizer/usage_202106.html" "Mozilla/5.0 (Linux; Android 7.0;) AppleWebKit/537.36 (KHTML, like Gecko) Mobile Safari/537.36 (compatible; PetalBot;+https://webmaster.petalsearch.com/site/petalbot)"
114.119.152.177 - - [05/Jul/2025:15:22:52 +0000] "GET /tmp/awstats/awstats072018.wrightimagegroup.wrightimagegroup.com.txt HTTP/1.1" 200 7375 "http://www.wrightimagegroup.org/tmp/awstats/?C=S%3BO%3DD" "Mozilla/5.0 (Linux; Android 7.0;) AppleWebKit/537.36 (KHTML, like Gecko) Mobile Safari/537.36 (compatible; PetalBot;+https://webmaster.petalsearch.com/site/petalbot)"
114.119.138.179 - - [05/Jul/2025:15:24:21 +0000] "GET /tmp/awstats/ssl/awstats112021.wrightimagegroup.com.txt HTTP/1.1" 200 14000 "http://wrightimagegroup.org/tmp/awstats/ssl/?C=M%3BO%3DA" "Mozilla/5.0 (Linux; Android 7.0;) AppleWebKit/537.36 (KHTML, like Gecko) Mobile Safari/537.36 (compatible; PetalBot;+https://webmaster.petalsearch.com/site/petalbot)"
51.222.253.9 - - [05/Jul/2025:15:27:01 +0000] "GET /tmp/analog/4.html HTTP/1.1" 304 - "-" "Mozilla/5.0 (compatible; AhrefsBot/7.0; +http://ahrefs.com/robot/)"
114.119.144.41 - - [05/Jul/2025:15:27:03 +0000] "GET /tmp/awstats/awstats012019.wrightimagegroup.wrightimagegroup.com.txt HTTP/1.1" 200 8362 "http://www.wrightimagegroup.org/tmp/awstats/?C=S%3BO%3DD" "Mozilla/5.0 (Linux; Android 7.0;) AppleWebKit/537.36 (KHTML, like Gecko) Mobile Safari/537.36 (compatible; PetalBot;+https://webmaster.petalsearch.com/site/petalbot)"
114.119.140.169 - - [05/Jul/2025:15:30:05 +0000] "GET /tmp/awstats/awstats082019.triumphofflight.org.wrightimagegroup.com.txt HTTP/1.1" 200 5911 "http://www.wrightimagegroup.org/tmp/awstats/?C=S%3BO%3DD" "Mozilla/5.0 (Linux; Android 7.0;) AppleWebKit/537.36 (KHTML, like Gecko) Mobile Safari/537.36 (compatible; PetalBot;+https://webmaster.petalsearch.com/site/petalbot)"
216.244.66.229 - - [05/Jul/2025:15:31:33 +0000] "GET /mail/new/?C=N;O=A HTTP/1.1" 200 676 "-" "Mozilla/5.0 (compatible; DotBot/1.2; +https://opensiteexplorer.org/dotbot; help@moz.com)"
216.244.66.229 - - [05/Jul/2025:15:34:16 +0000] "GET /ssl/?C=N;O%3DD HTTP/1.1" 200 1535 "-" "Mozilla/5.0 (compatible; DotBot/1.2; +https://opensiteexplorer.org/dotbot; help@moz.com)"
51.222.253.10 - - [05/Jul/2025:15:34:34 +0000] "GET /tmp/analog/2.html HTTP/1.1" 304 - "-" "Mozilla/5.0 (compatible; AhrefsBot/7.0; +http://ahrefs.com/robot/)"
43.128.67.187 - - [05/Jul/2025:15:35:24 +0000] "GET / HTTP/1.1" 200 2816 "-" "Mozilla/5.0 (iPhone; CPU iPhone OS 13_2_3 like Mac OS X) AppleWebKit/605.1.15 (KHTML, like Gecko) Version/13.0.3 Mobile/15E148 Safari/604.1"
114.119.144.41 - - [05/Jul/2025:15:35:26 +0000] "GET /tmp/awstats/awstats022021.wrightimagegroup.com.txt HTTP/1.1" 200 19244 "http://www.wrightimagegroup.org/tmp/awstats/?C=S%3BO%3DD" "Mozilla/5.0 (Linux; Android 7.0;) AppleWebKit/537.36 (KHTML, like Gecko) Mobile Safari/537.36 (compatible; PetalBot;+https://webmaster.petalsearch.com/site/petalbot)"
114.119.149.89 - - [05/Jul/2025:15:35:26 +0000] "GET /tmp/awstats/awstats072020.wrightimagegroup.wrightimagegroup.com.txt HTTP/1.1" 200 17538 "http://www.wrightimagegroup.org/tmp/awstats/?C=S%3BO%3DD" "Mozilla/5.0 (Linux; Android 7.0;) AppleWebKit/537.36 (KHTML, like Gecko) Mobile Safari/537.36 (compatible; PetalBot;+https://webmaster.petalsearch.com/site/petalbot)"
51.222.253.2 - - [05/Jul/2025:15:38:51 +0000] "GET /tmp/webalizer/usage_202410.html HTTP/1.1" 304 - "-" "Mozilla/5.0 (compatible; AhrefsBot/7.0; +http://ahrefs.com/robot/)"
114.119.144.41 - - [05/Jul/2025:15:39:45 +0000] "GET /tmp/awstats/ssl/awstats052024.wrightimagegroup.com.txt HTTP/1.1" 200 20759 "http://www.wrightimagegroup.org/tmp/awstats/ssl/?C=M%3BO%3DA" "Mozilla/5.0 (Linux; Android 7.0;) AppleWebKit/537.36 (KHTML, like Gecko) Mobile Safari/537.36 (compatible; PetalBot;+https://webmaster.petalsearch.com/site/petalbot)"
114.119.146.18 - - [05/Jul/2025:15:41:21 +0000] "GET /tmp/awstats/awstats022018.wrightimagegroup.wrightimagegroup.com.txt HTTP/1.1" 200 11383 "http://wrightimagegroup.org/tmp/awstats/?C=S%3BO%3DA" "Mozilla/5.0 (Linux; Android 7.0;) AppleWebKit/537.36 (KHTML, like Gecko) Mobile Safari/537.36 (compatible; PetalBot;+https://webmaster.petalsearch.com/site/petalbot)"
114.119.146.18 - - [05/Jul/2025:15:42:27 +0000] "GET /tmp/awstats/awstats012022.wrightimagegroup.wrightimagegroup.com.txt HTTP/1.1" 200 42239 "http://wrightimagegroup.org/tmp/awstats/?C=S%3BO%3DA" "Mozilla/5.0 (Linux; Android 7.0;) AppleWebKit/537.36 (KHTML, like Gecko) Mobile Safari/537.36 (compatible; PetalBot;+https://webmaster.petalsearch.com/site/petalbot)"
51.222.253.11 - - [05/Jul/2025:15:42:37 +0000] "GET /tmp/analog/6.html HTTP/1.1" 304 - "-" "Mozilla/5.0 (compatible; AhrefsBot/7.0; +http://ahrefs.com/robot/)"
114.119.135.202 - - [05/Jul/2025:15:43:34 +0000] "GET /tmp/awstats/awstats.wrightimagegroup.com.conf HTTP/1.1" 200 23892 "http://wrightimagegroup.org/tmp/awstats/?C=S%3BO%3DA" "Mozilla/5.0 (Linux; Android 7.0;) AppleWebKit/537.36 (KHTML, like Gecko) Mobile Safari/537.36 (compatible; PetalBot;+https://webmaster.petalsearch.com/site/petalbot)"
51.222.253.16 - - [05/Jul/2025:15:43:54 +0000] "GET /tmp/webalizer/usage_202502.html HTTP/1.1" 304 - "-" "Mozilla/5.0 (compatible; AhrefsBot/7.0; +http://ahrefs.com/robot/)"
114.119.152.177 - - [05/Jul/2025:15:44:31 +0000] "GET /tmp/analog/type.png HTTP/1.1" 200 2275 "http://wrightimagegroup.org/tmp/analog/6.html" "Mozilla/5.0 (Linux; Android 7.0;) AppleWebKit/537.36 (KHTML, like Gecko) Mobile Safari/537.36 (compatible; PetalBot;+https://webmaster.petalsearch.com/site/petalbot)"
216.73.216.48 - - [05/Jul/2025:15:45:17 +0000] "GET /robots.txt HTTP/1.1" 404 - "-" "Mozilla/5.0 AppleWebKit/537.36 (KHTML, like Gecko; compatible; ClaudeBot/1.0; +claudebot@anthropic.com)"
216.73.216.48 - - [05/Jul/2025:15:45:17 +0000] "GET /tmp/webalizer/usage_202408.html HTTP/1.1" 200 110836 "-" "Mozilla/5.0 AppleWebKit/537.36 (KHTML, like Gecko; compatible; ClaudeBot/1.0; +claudebot@anthropic.com)"
43.155.26.193 - - [05/Jul/2025:15:45:34 +0000] "GET / HTTP/1.1" 200 2795 "-" "Mozilla/5.0 (iPhone; CPU iPhone OS 13_2_3 like Mac OS X) AppleWebKit/605.1.15 (KHTML, like Gecko) Version/13.0.3 Mobile/15E148 Safari/604.1"
114.119.132.85 - - [05/Jul/2025:15:45:56 +0000] "GET /tmp/awstats/awstats012018.wrightimagegroup.com.txt HTTP/1.1" 200 10584 "http://www.wrightimagegroup.org/tmp/awstats/?C=S%3BO%3DD" "Mozilla/5.0 (Linux; Android 7.0;) AppleWebKit/537.36 (KHTML, like Gecko) Mobile Safari/537.36 (compatible; PetalBot;+https://webmaster.petalsearch.com/site/petalbot)"
51.222.253.12 - - [05/Jul/2025:15:49:14 +0000] "GET /tmp/webalizer/usage_202412.html HTTP/1.1" 304 - "-" "Mozilla/5.0 (compatible; AhrefsBot/7.0; +http://ahrefs.com/robot/)"
51.222.253.12 - - [05/Jul/2025:15:50:48 +0000] "GET /tmp/analog/4.html HTTP/1.1" 304 - "-" "Mozilla/5.0 (compatible; AhrefsBot/7.0; +http://ahrefs.com/robot/)"
51.222.253.7 - - [05/Jul/2025:15:55:03 +0000] "GET /tmp/webalizer/usage_202504.html HTTP/1.1" 304 - "-" "Mozilla/5.0 (compatible; AhrefsBot/7.0; +http://ahrefs.com/robot/)"
51.222.253.15 - - [05/Jul/2025:15:59:49 +0000] "GET /tmp/awstats/?C=M;O=A HTTP/1.1" 200 56351 "-" "Mozilla/5.0 (compatible; AhrefsBot/7.0; +http://ahrefs.com/robot/)"
51.222.253.13 - - [05/Jul/2025:16:01:17 +0000] "GET /tmp/webalizer/usage_202501.html HTTP/1.1" 304 - "-" "Mozilla/5.0 (compatible; AhrefsBot/7.0; +http://ahrefs.com/robot/)"
114.119.140.169 - - [05/Jul/2025:16:06:16 +0000] "GET /tmp/awstats/ssl/awstats062021.wrightimagegroup.wrightimagegroup.com.txt HTTP/1.1" 200 14693 "http://www.wrightimagegroup.org/tmp/awstats/ssl/?C=M%3BO%3DA" "Mozilla/5.0 (Linux; Android 7.0;) AppleWebKit/537.36 (KHTML, like Gecko) Mobile Safari/537.36 (compatible; PetalBot;+https://webmaster.petalsearch.com/site/petalbot)"
51.222.253.11 - - [05/Jul/2025:16:06:57 +0000] "GET /tmp/webalizer/usage_202503.html HTTP/1.1" 304 - "-" "Mozilla/5.0 (compatible; AhrefsBot/7.0; +http://ahrefs.com/robot/)"
114.119.132.85 - - [05/Jul/2025:16:07:18 +0000] "GET /tmp/awstats/awstats052022.wrightimagegroup.wrightimagegroup.com.txt HTTP/1.1" 200 83944 "http://wrightimagegroup.org/tmp/awstats/?C=S%3BO%3DA" "Mozilla/5.0 (Linux; Android 7.0;) AppleWebKit/537.36 (KHTML, like Gecko) Mobile Safari/537.36 (compatible; PetalBot;+https://webmaster.petalsearch.com/site/petalbot)"
51.222.253.20 - - [05/Jul/2025:16:08:49 +0000] "GET /tmp/analog/ssl/wrightimagegroup.wrightimagegroup.com/4.html HTTP/1.1" 304 - "-" "Mozilla/5.0 (compatible; AhrefsBot/7.0; +http://ahrefs.com/robot/)"
216.244.66.229 - - [05/Jul/2025:16:09:40 +0000] "GET /robots.txt HTTP/1.1" 404 - "-" "Mozilla/5.0 (compatible; DotBot/1.2; +https://opensiteexplorer.org/dotbot; help@moz.com)"
216.244.66.229 - - [05/Jul/2025:16:09:40 +0000] "GET /robots.txt HTTP/1.1" 404 - "-" "Mozilla/5.0 (compatible; DotBot/1.2; +https://opensiteexplorer.org/dotbot; help@moz.com)"
51.222.253.16 - - [05/Jul/2025:16:12:34 +0000] "GET /tmp/analog/1.html HTTP/1.1" 304 - "-" "Mozilla/5.0 (compatible; AhrefsBot/7.0; +http://ahrefs.com/robot/)"
104.210.140.140 - - [05/Jul/2025:16:14:02 +0000] "GET /robots.txt HTTP/1.1" 404 - "-" "Mozilla/5.0 (Macintosh; Intel Mac OS X 10_15_7) AppleWebKit/537.36 (KHTML, like Gecko) Chrome/131.0.0.0 Safari/537.36; compatible; OAI-SearchBot/1.0; +https://openai.com/searchbot"
216.73.216.48 - - [05/Jul/2025:16:14:49 +0000] "GET /tmp/awstats/awstats082018.wrightimagegroup.wrightimagegroup.com.txt HTTP/1.1" 200 7319 "-" "Mozilla/5.0 AppleWebKit/537.36 (KHTML, like Gecko; compatible; ClaudeBot/1.0; +claudebot@anthropic.com)"
119.12.167.11 - - [05/Jul/2025:16:22:18 +0000] "GET /tmp/webalizer/usage_202507.html HTTP/1.1" 200 86877 "http://wrightimagegroup.org/tmp/webalizer/usage_202507.html" "Mozilla/5.0 (Windows NT 10.0; Win64; x64) AppleWebKit/537.36 (KHTML, like Gecko) Chrome/104.0.0.0 Safari/537.36"
51.222.253.7 - - [05/Jul/2025:16:23:00 +0000] "GET /tmp/analog/11.html HTTP/1.1" 304 - "-" "Mozilla/5.0 (compatible; AhrefsBot/7.0; +http://ahrefs.com/robot/)"
114.119.140.169 - - [05/Jul/2025:16:23:40 +0000] "GET /tmp/webalizer/usage_202212.html HTTP/1.1" 200 104749 "http://www.wrightimagegroup.org/tmp/webalizer/usage_202212.html" "Mozilla/5.0 (Linux; Android 7.0;) AppleWebKit/537.36 (KHTML, like Gecko) Mobile Safari/537.36 (compatible; PetalBot;+https://webmaster.petalsearch.com/site/petalbot)"
216.244.66.229 - - [05/Jul/2025:16:25:14 +0000] "GET /mail/wrightimagegroup.com/?C=M;O=A HTTP/1.1" 200 710 "-" "Mozilla/5.0 (compatible; DotBot/1.2; +https://opensiteexplorer.org/dotbot; help@moz.com)"
114.119.138.179 - - [05/Jul/2025:16:25:33 +0000] "GET /tmp/awstats/ssl/awstats112023.wrightimagegroup.com.txt HTTP/1.1" 200 13865 "http://www.wrightimagegroup.org/tmp/awstats/ssl/?C=M%3BO%3DA" "Mozilla/5.0 (Linux; Android 7.0;) AppleWebKit/537.36 (KHTML, like Gecko) Mobile Safari/537.36 (compatible; PetalBot;+https://webmaster.petalsearch.com/site/petalbot)"
114.119.144.41 - - [05/Jul/2025:16:27:22 +0000] "GET /tmp/awstats/ssl/awstats112021.wrightimagegroup.com.txt HTTP/1.1" 200 14000 "http://www.wrightimagegroup.org/tmp/awstats/ssl/?C=M%3BO%3DA" "Mozilla/5.0 (Linux; Android 7.0;) AppleWebKit/537.36 (KHTML, like Gecko) Mobile Safari/537.36 (compatible; PetalBot;+https://webmaster.petalsearch.com/site/petalbot)"
51.222.253.2 - - [05/Jul/2025:16:28:02 +0000] "GET /tmp/analog/12.html HTTP/1.1" 304 - "-" "Mozilla/5.0 (compatible; AhrefsBot/7.0; +http://ahrefs.com/robot/)"
114.119.132.85 - - [05/Jul/2025:16:28:42 +0000] "GET /tmp/awstats/ssl/awstats022025.wrightimagegroup.com.txt HTTP/1.1" 200 10790 "http://www.wrightimagegroup.org/tmp/awstats/ssl/?C=M%3BO%3DA" "Mozilla/5.0 (Linux; Android 7.0;) AppleWebKit/537.36 (KHTML, like Gecko) Mobile Safari/537.36 (compatible; PetalBot;+https://webmaster.petalsearch.com/site/petalbot)"
216.244.66.229 - - [05/Jul/2025:16:28:49 +0000] "GET /tmp/awstats/ssl/awstats092020.wrightimagegroup.wrightimagegroup.com.txt HTTP/1.1" 200 9015 "-" "Mozilla/5.0 (compatible; DotBot/1.2; +https://opensiteexplorer.org/dotbot; help@moz.com)"
114.119.149.89 - - [05/Jul/2025:16:29:25 +0000] "GET /tmp/awstats/ssl/awstats012024.wrightimagegroup.wrightimagegroup.com.txt HTTP/1.1" 200 66853 "http://www.wrightimagegroup.org/tmp/awstats/ssl/?C=M%3BO%3DA" "Mozilla/5.0 (Linux; Android 7.0;) AppleWebKit/537.36 (KHTML, like Gecko) Mobile Safari/537.36 (compatible; PetalBot;+https://webmaster.petalsearch.com/site/petalbot)"
114.119.140.169 - - [05/Jul/2025:16:30:41 +0000] "GET /tmp/awstats/awstats122020.wrightimagegroup.com.txt HTTP/1.1" 200 20126 "http://www.wrightimagegroup.org/tmp/awstats/?C=S%3BO%3DD" "Mozilla/5.0 (Linux; Android 7.0;) AppleWebKit/537.36 (KHTML, like Gecko) Mobile Safari/537.36 (compatible; PetalBot;+https://webmaster.petalsearch.com/site/petalbot)"
216.73.216.48 - - [05/Jul/2025:16:32:25 +0000] "GET /tmp/awstats/awstats052023.wrightimagegroup.com.txt HTTP/1.1" 200 19047 "-" "Mozilla/5.0 AppleWebKit/537.36 (KHTML, like Gecko; compatible; ClaudeBot/1.0; +claudebot@anthropic.com)"
216.73.216.48 - - [05/Jul/2025:16:32:26 +0000] "GET /tmp/awstats/ssl/awstats092020.wrightimagegroup.wrightimagegroup.com.txt HTTP/1.1" 200 9015 "-" "Mozilla/5.0 AppleWebKit/537.36 (KHTML, like Gecko; compatible; ClaudeBot/1.0; +claudebot@anthropic.com)"
114.119.135.202 - - [05/Jul/2025:16:32:53 +0000] "GET /tmp/awstats/awstats062022.wrightimagegroup.wrightimagegroup.com.txt HTTP/1.1" 200 62204 "http://www.wrightimagegroup.org/tmp/awstats/?C=S%3BO%3DD" "Mozilla/5.0 (Linux; Android 7.0;) AppleWebKit/537.36 (KHTML, like Gecko) Mobile Safari/537.36 (compatible; PetalBot;+https://webmaster.petalsearch.com/site/petalbot)"
51.222.253.15 - - [05/Jul/2025:16:33:15 +0000] "GET /tmp/analog/2.html HTTP/1.1" 304 - "-" "Mozilla/5.0 (compatible; AhrefsBot/7.0; +http://ahrefs.com/robot/)"
216.244.66.229 - - [05/Jul/2025:16:33:18 +0000] "GET /?C=N HTTP/1.1" 200 2800 "-" "Mozilla/5.0 (compatible; DotBot/1.2; +https://opensiteexplorer.org/dotbot; help@moz.com)"
114.119.140.169 - - [05/Jul/2025:16:33:25 +0000] "GET /tmp/awstats/awstats062019.wrightimagegroup.com.txt HTTP/1.1" 200 8035 "http://www.wrightimagegroup.org/tmp/awstats/?C=S%3BO%3DD" "Mozilla/5.0 (Linux; Android 7.0;) AppleWebKit/537.36 (KHTML, like Gecko) Mobile Safari/537.36 (compatible; PetalBot;+https://webmaster.petalsearch.com/site/petalbot)"
114.119.135.202 - - [05/Jul/2025:16:34:49 +0000] "GET /tmp/awstats/awstats062019.triumphofflight.org.wrightimagegroup.com.txt HTTP/1.1" 200 5911 "http://www.wrightimagegroup.org/tmp/awstats/?C=S%3BO%3DD" "Mozilla/5.0 (Linux; Android 7.0;) AppleWebKit/537.36 (KHTML, like Gecko) Mobile Safari/537.36 (compatible; PetalBot;+https://webmaster.petalsearch.com/site/petalbot)"
216.73.216.48 - - [05/Jul/2025:16:35:38 +0000] "GET /tmp/awstats/awstats122017.wrightimagegroup.wrightimagegroup.com.txt HTTP/1.1" 200 6403 "-" "Mozilla/5.0 AppleWebKit/537.36 (KHTML, like Gecko; compatible; ClaudeBot/1.0; +claudebot@anthropic.com)"
114.119.149.89 - - [05/Jul/2025:16:36:14 +0000] "GET /tmp/awstats/awstats022018.wrightimagegroup.com.txt HTTP/1.1" 200 10330 "http://www.wrightimagegroup.org/tmp/awstats/?C=S%3BO%3DD" "Mozilla/5.0 (Linux; Android 7.0;) AppleWebKit/537.36 (KHTML, like Gecko) Mobile Safari/537.36 (compatible; PetalBot;+https://webmaster.petalsearch.com/site/petalbot)"
114.119.146.18 - - [05/Jul/2025:16:37:38 +0000] "GET /tmp/analog/ssl/wrightimagegroup.wrightimagegroup.com/dir.png HTTP/1.1" 200 2509 "http://www.wrightimagegroup.org/tmp/analog/ssl/wrightimagegroup.wrightimagegroup.com/5.html" "Mozilla/5.0 (Linux; Android 7.0;) AppleWebKit/537.36 (KHTML, like Gecko) Mobile Safari/537.36 (compatible; PetalBot;+https://webmaster.petalsearch.com/site/petalbot)"
51.222.253.18 - - [05/Jul/2025:16:38:05 +0000] "GET /tmp/analog/3.html HTTP/1.1" 304 - "-" "Mozilla/5.0 (compatible; AhrefsBot/7.0; +http://ahrefs.com/robot/)"
114.119.146.18 - - [05/Jul/2025:16:39:00 +0000] "GET /tmp/webalizer/usage_202401.html HTTP/1.1" 200 104525 "http://wrightimagegroup.org/tmp/webalizer/usage_202401.html" "Mozilla/5.0 (Linux; Android 7.0;) AppleWebKit/537.36 (KHTML, like Gecko) Mobile Safari/537.36 (compatible; PetalBot;+https://webmaster.petalsearch.com/site/petalbot)"
114.119.149.89 - - [05/Jul/2025:16:40:23 +0000] "GET /tmp/awstats/ssl/awstats122023.wrightimagegroup.com.txt HTTP/1.1" 200 15749 "http://wrightimagegroup.org/tmp/awstats/ssl/?C=M%3BO%3DA" "Mozilla/5.0 (Linux; Android 7.0;) AppleWebKit/537.36 (KHTML, like Gecko) Mobile Safari/537.36 (compatible; PetalBot;+https://webmaster.petalsearch.com/site/petalbot)"
51.222.253.13 - - [05/Jul/2025:16:42:06 +0000] "GET /tmp/analog/4.html HTTP/1.1" 304 - "-" "Mozilla/5.0 (compatible; AhrefsBot/7.0; +http://ahrefs.com/robot/)"
114.119.135.202 - - [05/Jul/2025:16:42:22 +0000] "GET /tmp/awstats/ssl/awstats112023.wrightimagegroup.wrightimagegroup.com.txt HTTP/1.1" 200 82463 "http://wrightimagegroup.org/tmp/awstats/ssl/?C=M%3BO%3DA" "Mozilla/5.0 (Linux; Android 7.0;) AppleWebKit/537.36 (KHTML, like Gecko) Mobile Safari/537.36 (compatible; PetalBot;+https://webmaster.petalsearch.com/site/petalbot)"
114.119.140.169 - - [05/Jul/2025:16:43:58 +0000] "GET /tmp/awstats/ssl/awstats052020.wrightimagegroup.com.txt HTTP/1.1" 200 7537 "http://wrightimagegroup.org/tmp/awstats/ssl/?C=M%3BO%3DA" "Mozilla/5.0 (Linux; Android 7.0;) AppleWebKit/537.36 (KHTML, like Gecko) Mobile Safari/537.36 (compatible; PetalBot;+https://webmaster.petalsearch.com/site/petalbot)"
114.119.146.18 - - [05/Jul/2025:16:45:12 +0000] "GET /tmp/awstats/awstats072019.wrightimagegroup.wrightimagegroup.com.txt HTTP/1.1" 200 14737 "http://wrightimagegroup.org/tmp/awstats/?C=S%3BO%3DA" "Mozilla/5.0 (Linux; Android 7.0;) AppleWebKit/537.36 (KHTML, like Gecko) Mobile Safari/537.36 (compatible; PetalBot;+https://webmaster.petalsearch.com/site/petalbot)"
114.119.140.169 - - [05/Jul/2025:16:46:19 +0000] "GET /tmp/awstats/awstats052020.wrightimagegroup.wrightimagegroup.com.txt HTTP/1.1" 200 23041 "http://wrightimagegroup.org/tmp/awstats/?C=S%3BO%3DA" "Mozilla/5.0 (Linux; Android 7.0;) AppleWebKit/537.36 (KHTML, like Gecko) Mobile Safari/537.36 (compatible; PetalBot;+https://webmaster.petalsearch.com/site/petalbot)"
51.222.253.8 - - [05/Jul/2025:16:47:20 +0000] "GET /tmp/analog/5.html HTTP/1.1" 304 - "-" "Mozilla/5.0 (compatible; AhrefsBot/7.0; +http://ahrefs.com/robot/)"
114.119.146.18 - - [05/Jul/2025:16:47:21 +0000] "GET /tmp/awstats/awstats052017.triumphofflight.org.wrightimagegroup.com.txt HTTP/1.1" 200 6672 "http://wrightimagegroup.org/tmp/awstats/?C=S%3BO%3DA" "Mozilla/5.0 (Linux; Android 7.0;) AppleWebKit/537.36 (KHTML, like Gecko) Mobile Safari/537.36 (compatible; PetalBot;+https://webmaster.petalsearch.com/site/petalbot)"
216.73.216.48 - - [05/Jul/2025:16:49:15 +0000] "GET /robots.txt HTTP/1.1" 404 - "-" "Mozilla/5.0 AppleWebKit/537.36 (KHTML, like Gecko; compatible; ClaudeBot/1.0; +claudebot@anthropic.com)"
216.73.216.48 - - [05/Jul/2025:16:49:18 +0000] "GET /tmp/webalizer/usage_202104.html HTTP/1.1" 200 83303 "-" "Mozilla/5.0 AppleWebKit/537.36 (KHTML, like Gecko; compatible; ClaudeBot/1.0; +claudebot@anthropic.com)"
114.119.132.85 - - [05/Jul/2025:16:49:27 +0000] "GET /tmp/awstats/awstats032024.wrightimagegroup.com.txt HTTP/1.1" 200 25867 "http://wrightimagegroup.org/tmp/awstats/?C=S%3BO%3DA" "Mozilla/5.0 (Linux; Android 7.0;) AppleWebKit/537.36 (KHTML, like Gecko) Mobile Safari/537.36 (compatible; PetalBot;+https://webmaster.petalsearch.com/site/petalbot)"
51.222.253.14 - - [05/Jul/2025:16:49:39 +0000] "GET /tmp/analog/ssl/wrightimagegroup.com/4.html HTTP/1.1" 304 - "-" "Mozilla/5.0 (compatible; AhrefsBot/7.0; +http://ahrefs.com/robot/)"
51.222.253.14 - - [05/Jul/2025:16:53:03 +0000] "GET /tmp/analog/6.html HTTP/1.1" 304 - "-" "Mozilla/5.0 (compatible; AhrefsBot/7.0; +http://ahrefs.com/robot/)"
194.145.227.125 - - [05/Jul/2025:16:56:03 +0000] "GET /sites/default/modules/civicrm/packages/OpenFlashChart/php-ofc-library/ofc_upload_image.php HTTP/1.1" 404 - "-" "ALittle Client"
51.222.253.7 - - [05/Jul/2025:16:59:13 +0000] "GET /tmp/analog/7.html HTTP/1.1" 304 - "-" "Mozilla/5.0 (compatible; AhrefsBot/7.0; +http://ahrefs.com/robot/)"
36.111.67.189 - - [05/Jul/2025:17:01:14 +0000] "GET / HTTP/1.1" 200 2799 "-" "Mozilla/5.0 (iPhone; CPU iPhone OS 13_2_3 like Mac OS X) AppleWebKit/605.1.15 (KHTML, like Gecko) Version/13.0.3 Mobile/15E148 Safari/604.1"
216.73.216.48 - - [05/Jul/2025:17:01:38 +0000] "GET /tmp/analog/ssl/wrightimagegroup.com/2.html HTTP/1.1" 200 116944 "-" "Mozilla/5.0 AppleWebKit/537.36 (KHTML, like Gecko; compatible; ClaudeBot/1.0; +claudebot@anthropic.com)"
51.222.253.17 - - [05/Jul/2025:17:04:58 +0000] "GET /tmp/analog/8.html HTTP/1.1" 304 - "-" "Mozilla/5.0 (compatible; AhrefsBot/7.0; +http://ahrefs.com/robot/)"
51.222.253.11 - - [05/Jul/2025:17:10:58 +0000] "GET /tmp/analog/9.html HTTP/1.1" 304 - "-" "Mozilla/5.0 (compatible; AhrefsBot/7.0; +http://ahrefs.com/robot/)"
216.73.216.44 - - [05/Jul/2025:17:14:24 +0000] "GET /robots.txt HTTP/1.1" 404 - "-" "Mozilla/5.0 AppleWebKit/537.36 (KHTML, like Gecko; compatible; ClaudeBot/1.0; +claudebot@anthropic.com)"
216.73.216.44 - - [05/Jul/2025:17:14:28 +0000] "GET /tmp/awstats/awstats062018.wrightimagegroup.com.txt HTTP/1.1" 200 9147 "-" "Mozilla/5.0 AppleWebKit/537.36 (KHTML, like Gecko; compatible; ClaudeBot/1.0; +claudebot@anthropic.com)"
51.222.253.14 - - [05/Jul/2025:17:15:39 +0000] "GET /tmp/analog/ssl/wrightimagegroup.wrightimagegroup.com/4.html HTTP/1.1" 304 - "-" "Mozilla/5.0 (compatible; AhrefsBot/7.0; +http://ahrefs.com/robot/)"
51.222.253.2 - - [05/Jul/2025:17:16:46 +0000] "GET /tmp/webalizer/usage_202411.html HTTP/1.1" 304 - "-" "Mozilla/5.0 (compatible; AhrefsBot/7.0; +http://ahrefs.com/robot/)"
51.222.253.18 - - [05/Jul/2025:17:21:12 +0000] "GET /tmp/webalizer/usage_202407.html HTTP/1.1" 304 - "-" "Mozilla/5.0 (compatible; AhrefsBot/7.0; +http://ahrefs.com/robot/)"
51.222.253.13 - - [05/Jul/2025:17:26:25 +0000] "GET /tmp/webalizer/usage_202408.html HTTP/1.1" 304 - "-" "Mozilla/5.0 (compatible; AhrefsBot/7.0; +http://ahrefs.com/robot/)"
51.222.253.6 - - [05/Jul/2025:17:29:06 +0000] "GET /tmp/webalizer/usage_202504.html HTTP/1.1" 304 - "-" "Mozilla/5.0 (compatible; AhrefsBot/7.0; +http://ahrefs.com/robot/)"
216.73.216.48 - - [05/Jul/2025:17:29:40 +0000] "GET /tmp/awstats/ssl/awstats072021.wrightimagegroup.com.txt HTTP/1.1" 200 8366 "-" "Mozilla/5.0 AppleWebKit/537.36 (KHTML, like Gecko; compatible; ClaudeBot/1.0; +claudebot@anthropic.com)"
51.222.253.9 - - [05/Jul/2025:17:32:28 +0000] "GET /tmp/webalizer/usage_202409.html HTTP/1.1" 304 - "-" "Mozilla/5.0 (compatible; AhrefsBot/7.0; +http://ahrefs.com/robot/)"
216.73.216.44 - - [05/Jul/2025:17:34:20 +0000] "GET /tmp/analog/ssl/wrightimagegroup.com/1.html HTTP/1.1" 200 116906 "-" "Mozilla/5.0 AppleWebKit/537.36 (KHTML, like Gecko; compatible; ClaudeBot/1.0; +claudebot@anthropic.com)"
51.222.253.9 - - [05/Jul/2025:17:38:14 +0000] "GET /tmp/webalizer/usage_202406.html HTTP/1.1" 304 - "-" "Mozilla/5.0 (compatible; AhrefsBot/7.0; +http://ahrefs.com/robot/)"
51.222.253.17 - - [05/Jul/2025:17:40:29 +0000] "GET /tmp/analog/ssl/wrightimagegroup.com/4.html HTTP/1.1" 304 - "-" "Mozilla/5.0 (compatible; AhrefsBot/7.0; +http://ahrefs.com/robot/)"
100.29.34.97 - - [05/Jul/2025:17:43:56 +0000] "GET /robots.txt HTTP/1.1" 404 - "-" "Mozilla/5.0 AppleWebKit/537.36 (KHTML, like Gecko; compatible; Amazonbot/0.1; +https://developer.amazon.com/support/amazonbot) Chrome/119.0.6045.214 Safari/537.36"
44.206.93.215 - - [05/Jul/2025:17:43:57 +0000] "GET /?locale=pt HTTP/1.1" 200 2799 "-" "Mozilla/5.0 AppleWebKit/537.36 (KHTML, like Gecko; compatible; Amazonbot/0.1; +https://developer.amazon.com/support/amazonbot) Chrome/119.0.6045.214 Safari/537.36"
54.80.185.200 - - [05/Jul/2025:17:44:09 +0000] "GET /robots.txt HTTP/1.1" 404 - "-" "Mozilla/5.0 AppleWebKit/537.36 (KHTML, like Gecko; compatible; Amazonbot/0.1; +https://developer.amazon.com/support/amazonbot) Chrome/119.0.6045.214 Safari/537.36"
35.169.240.53 - - [05/Jul/2025:17:44:09 +0000] "GET /public_ftp/ HTTP/1.1" 200 857 "-" "Mozilla/5.0 AppleWebKit/537.36 (KHTML, like Gecko; compatible; Amazonbot/0.1; +https://developer.amazon.com/support/amazonbot) Chrome/119.0.6045.214 Safari/537.36"
144.76.19.146 - - [05/Jul/2025:17:44:50 +0000] "GET /robots.txt HTTP/1.1" 404 - "-" "Mozilla/5.0 (compatible; BLEXBot/1.0; +https://help.seranking.com/en/blex-crawler)"
144.76.19.146 - - [05/Jul/2025:17:44:50 +0000] "GET /etc/ HTTP/1.1" 200 1201 "-" "Mozilla/5.0 (compatible; BLEXBot/1.0; +https://help.seranking.com/en/blex-crawler)"
144.76.19.146 - - [05/Jul/2025:17:45:18 +0000] "GET /ssl/ HTTP/1.1" 200 1535 "-" "Mozilla/5.0 (compatible; BLEXBot/1.0; +https://help.seranking.com/en/blex-crawler)"
144.76.19.146 - - [05/Jul/2025:17:45:46 +0000] "GET /tmp/ HTTP/1.1" 200 1551 "-" "Mozilla/5.0 (compatible; BLEXBot/1.0; +https://help.seranking.com/en/blex-crawler)"
144.76.19.146 - - [05/Jul/2025:17:46:09 +0000] "GET /tof/ HTTP/1.1" 200 837 "-" "Mozilla/5.0 (compatible; BLEXBot/1.0; +https://help.seranking.com/en/blex-crawler)"
144.76.19.146 - - [05/Jul/2025:17:46:30 +0000] "GET /www/ HTTP/1.1" 301 305 "-" "Mozilla/5.0 (compatible; BLEXBot/1.0; +https://help.seranking.com/en/blex-crawler)"
217.182.195.181 - - [05/Jul/2025:17:46:55 +0000] "GET /robots.txt HTTP/1.1" 404 - "-" "Mozilla/5.0 (compatible; MJ12bot/v1.4.8; http://mj12bot.com/)"
217.182.195.181 - - [05/Jul/2025:17:46:56 +0000] "GET /?%3E' HTTP/1.1" 200 2812 "-" "Mozilla/5.0 (compatible; MJ12bot/v1.4.8; http://mj12bot.com/)"
144.76.19.146 - - [05/Jul/2025:17:46:57 +0000] "GET /logs/ HTTP/1.1" 200 3279 "-" "Mozilla/5.0 (compatible; BLEXBot/1.0; +https://help.seranking.com/en/blex-crawler)"
217.182.195.181 - - [05/Jul/2025:17:46:57 +0000] "GET /robots.txt HTTP/1.1" 404 - "-" "Mozilla/5.0 (compatible; MJ12bot/v1.4.8; http://mj12bot.com/)"
217.182.195.181 - - [05/Jul/2025:17:46:59 +0000] "GET /?%3E' HTTP/1.1" 200 2816 "-" "Mozilla/5.0 (compatible; MJ12bot/v1.4.8; http://mj12bot.com/)"
217.182.195.181 - - [05/Jul/2025:17:47:00 +0000] "GET /tmp/analog/ssl/wrightimagegroup.com/cache HTTP/1.1" 200 2146865 "-" "Mozilla/5.0 (compatible; MJ12bot/v1.4.8; http://mj12bot.com/)"
217.182.195.181 - - [05/Jul/2025:17:47:04 +0000] "GET /tmp/analog/ssl/wrightimagegroup.wrightimagegroup.com/cache HTTP/1.1" 200 7557130 "-" "Mozilla/5.0 (compatible; MJ12bot/v1.4.8; http://mj12bot.com/)"
144.76.19.146 - - [05/Jul/2025:17:47:18 +0000] "GET /mail/ HTTP/1.1" 200 2859 "-" "Mozilla/5.0 (compatible; BLEXBot/1.0; +https://help.seranking.com/en/blex-crawler)"
144.76.19.146 - - [05/Jul/2025:17:47:40 +0000] "GET /cache/ HTTP/1.1" 200 3982 "-" "Mozilla/5.0 (compatible; BLEXBot/1.0; +https://help.seranking.com/en/blex-crawler)"
216.73.216.44 - - [05/Jul/2025:17:47:44 +0000] "GET /tmp/awstats/awstats112020.wrightimagegroup.com.txt HTTP/1.1" 200 10093 "-" "Mozilla/5.0 AppleWebKit/537.36 (KHTML, like Gecko; compatible; ClaudeBot/1.0; +claudebot@anthropic.com)"
144.76.19.146 - - [05/Jul/2025:17:47:53 +0000] "GET /?C=D;O=A HTTP/1.1" 200 2795 "-" "Mozilla/5.0 (compatible; BLEXBot/1.0; +https://help.seranking.com/en/blex-crawler)"
144.76.19.146 - - [05/Jul/2025:17:48:16 +0000] "GET /?C=M;O=A HTTP/1.1" 200 2795 "-" "Mozilla/5.0 (compatible; BLEXBot/1.0; +https://help.seranking.com/en/blex-crawler)"
144.76.19.146 - - [05/Jul/2025:17:48:30 +0000] "GET /?C=N;O=D HTTP/1.1" 200 2795 "-" "Mozilla/5.0 (compatible; BLEXBot/1.0; +https://help.seranking.com/en/blex-crawler)"
144.76.19.146 - - [05/Jul/2025:17:48:53 +0000] "GET /?C=S;O=A HTTP/1.1" 200 2795 "-" "Mozilla/5.0 (compatible; BLEXBot/1.0; +https://help.seranking.com/en/blex-crawler)"
144.76.19.146 - - [05/Jul/2025:17:49:15 +0000] "GET /cgi-bin/ HTTP/1.1" 404 - "-" "Mozilla/5.0 (compatible; BLEXBot/1.0; +https://help.seranking.com/en/blex-crawler)"
144.76.19.146 - - [05/Jul/2025:17:49:26 +0000] "GET /public_ftp/ HTTP/1.1" 200 852 "-" "Mozilla/5.0 (compatible; BLEXBot/1.0; +https://help.seranking.com/en/blex-crawler)"
144.76.19.146 - - [05/Jul/2025:17:49:41 +0000] "GET /access-logs/ HTTP/1.1" 200 1699 "-" "Mozilla/5.0 (compatible; BLEXBot/1.0; +https://help.seranking.com/en/blex-crawler)"
51.222.253.13 - - [05/Jul/2025:17:49:55 +0000] "GET /etc/wrightimagegroup.com/?C=S;O=A HTTP/1.1" 200 728 "-" "Mozilla/5.0 (compatible; AhrefsBot/7.0; +http://ahrefs.com/robot/)"
144.76.19.146 - - [05/Jul/2025:17:50:01 +0000] "GET /public_html/ HTTP/1.1" 301 305 "-" "Mozilla/5.0 (compatible; BLEXBot/1.0; +https://help.seranking.com/en/blex-crawler)"
144.76.19.146 - - [05/Jul/2025:17:50:25 +0000] "GET /triumphofflight.com/ HTTP/1.1" 200 869 "-" "Mozilla/5.0 (compatible; BLEXBot/1.0; +https://help.seranking.com/en/blex-crawler)"
216.244.66.230 - - [05/Jul/2025:17:50:57 +0000] "GET /robots.txt HTTP/1.1" 404 - "-" "Mozilla/5.0 (compatible; DotBot/1.2; +https://opensiteexplorer.org/dotbot; help@moz.com)"
216.244.66.230 - - [05/Jul/2025:17:50:57 +0000] "GET /robots.txt HTTP/1.1" 404 - "-" "Mozilla/5.0 (compatible; DotBot/1.2; +https://opensiteexplorer.org/dotbot; help@moz.com)"
216.244.66.229 - - [05/Jul/2025:17:57:08 +0000] "GET /robots.txt HTTP/1.1" 404 - "-" "Mozilla/5.0 (compatible; DotBot/1.2; +https://opensiteexplorer.org/dotbot; help@moz.com)"
216.244.66.229 - - [05/Jul/2025:17:57:08 +0000] "GET /robots.txt HTTP/1.1" 404 - "-" "Mozilla/5.0 (compatible; DotBot/1.2; +https://opensiteexplorer.org/dotbot; help@moz.com)"
216.244.66.229 - - [05/Jul/2025:17:57:08 +0000] "GET /robots.txt HTTP/1.1" 404 - "-" "Mozilla/5.0 (compatible; DotBot/1.2; +https://opensiteexplorer.org/dotbot; help@moz.com)"
216.244.66.230 - - [05/Jul/2025:18:00:25 +0000] "GET /tmp/webalizer/usage_202108.html HTTP/1.1" 200 109092 "-" "Mozilla/5.0 (compatible; DotBot/1.2; +https://opensiteexplorer.org/dotbot; help@moz.com)"
216.244.66.230 - - [05/Jul/2025:18:00:35 +0000] "GET /mail/new/?C=N;O%3DD HTTP/1.1" 200 693 "-" "Mozilla/5.0 (compatible; DotBot/1.2; +https://opensiteexplorer.org/dotbot; help@moz.com)"
216.244.66.230 - - [05/Jul/2025:18:03:14 +0000] "GET /tmp/awstats/?C=D%3BO%3DA HTTP/1.1" 200 56372 "-" "Mozilla/5.0 (compatible; DotBot/1.2; +https://opensiteexplorer.org/dotbot; help@moz.com)"
216.73.216.44 - - [05/Jul/2025:18:04:46 +0000] "GET /tmp/awstats/awstats032019.triumphofflight.org.wrightimagegroup.com.txt HTTP/1.1" 200 6008 "-" "Mozilla/5.0 AppleWebKit/537.36 (KHTML, like Gecko; compatible; ClaudeBot/1.0; +claudebot@anthropic.com)"
216.244.66.230 - - [05/Jul/2025:18:05:17 +0000] "GET /.htpasswds/?C=N;O%3DD HTTP/1.1" 200 692 "-" "Mozilla/5.0 (compatible; DotBot/1.2; +https://opensiteexplorer.org/dotbot; help@moz.com)"
216.73.216.44 - - [05/Jul/2025:18:06:57 +0000] "GET /tmp/awstats/awstats032020.wrightimagegroup.com.txt HTTP/1.1" 200 9424 "-" "Mozilla/5.0 AppleWebKit/537.36 (KHTML, like Gecko; compatible; ClaudeBot/1.0; +claudebot@anthropic.com)"
216.244.66.230 - - [05/Jul/2025:18:09:49 +0000] "GET /tof/?C=D;O%3DD HTTP/1.1" 200 858 "-" "Mozilla/5.0 (compatible; DotBot/1.2; +https://opensiteexplorer.org/dotbot; help@moz.com)"
51.222.253.20 - - [05/Jul/2025:18:12:28 +0000] "GET /tmp/analog/10.html HTTP/1.1" 304 - "-" "Mozilla/5.0 (compatible; AhrefsBot/7.0; +http://ahrefs.com/robot/)"
216.244.66.229 - - [05/Jul/2025:18:17:06 +0000] "GET /.cpaddons/?C=D;O=D HTTP/1.1" 200 857 "-" "Mozilla/5.0 (compatible; DotBot/1.2; +https://opensiteexplorer.org/dotbot; help@moz.com)"
216.244.66.229 - - [05/Jul/2025:18:17:50 +0000] "GET /tmp/webalizer/usage_202209.html HTTP/1.1" 200 106363 "-" "Mozilla/5.0 (compatible; DotBot/1.2; +https://opensiteexplorer.org/dotbot; help@moz.com)"
216.244.66.229 - - [05/Jul/2025:18:18:41 +0000] "GET /access-logs/?C=D%3BO%3DA HTTP/1.1" 200 1704 "-" "Mozilla/5.0 (compatible; DotBot/1.2; +https://opensiteexplorer.org/dotbot; help@moz.com)"
216.244.66.229 - - [05/Jul/2025:18:18:45 +0000] "GET /access-logs/?C=S;O%3DA HTTP/1.1" 200 1704 "-" "Mozilla/5.0 (compatible; DotBot/1.2; +https://opensiteexplorer.org/dotbot; help@moz.com)"
216.244.66.229 - - [05/Jul/2025:18:18:48 +0000] "GET /etc/?C=S;O%3DD HTTP/1.1" 200 1206 "-" "Mozilla/5.0 (compatible; DotBot/1.2; +https://opensiteexplorer.org/dotbot; help@moz.com)"
216.244.66.229 - - [05/Jul/2025:18:18:51 +0000] "GET /public_ftp/?C=N%3BO%3DD HTTP/1.1" 200 857 "-" "Mozilla/5.0 (compatible; DotBot/1.2; +https://opensiteexplorer.org/dotbot; help@moz.com)"
216.244.66.229 - - [05/Jul/2025:18:18:53 +0000] "GET /ssl/?C=M;O%3DA HTTP/1.1" 200 1540 "-" "Mozilla/5.0 (compatible; DotBot/1.2; +https://opensiteexplorer.org/dotbot; help@moz.com)"
216.244.66.229 - - [05/Jul/2025:18:19:15 +0000] "GET /tmp/awstats/ssl/awstats092024.wrightimagegroup.com.txt HTTP/1.1" 200 12327 "-" "Mozilla/5.0 (compatible; DotBot/1.2; +https://opensiteexplorer.org/dotbot; help@moz.com)"
216.244.66.229 - - [05/Jul/2025:18:20:17 +0000] "GET /ssl/keys/?C=D;O%3DA HTTP/1.1" 200 680 "-" "Mozilla/5.0 (compatible; DotBot/1.2; +https://opensiteexplorer.org/dotbot; help@moz.com)"
216.244.66.229 - - [05/Jul/2025:18:20:26 +0000] "GET /tmp/awstats/ssl/awstats082021.wrightimagegroup.wrightimagegroup.com.txt HTTP/1.1" 200 21080 "-" "Mozilla/5.0 (compatible; DotBot/1.2; +https://opensiteexplorer.org/dotbot; help@moz.com)"
216.244.66.229 - - [05/Jul/2025:18:21:06 +0000] "GET /triumphofflight.com/cgi-bin/?C=S%3BO%3DA HTTP/1.1" 200 734 "-" "Mozilla/5.0 (compatible; DotBot/1.2; +https://opensiteexplorer.org/dotbot; help@moz.com)"
216.73.216.44 - - [05/Jul/2025:18:22:47 +0000] "GET /robots.txt HTTP/1.1" 404 - "-" "Mozilla/5.0 AppleWebKit/537.36 (KHTML, like Gecko; compatible; ClaudeBot/1.0; +claudebot@anthropic.com)"
216.73.216.44 - - [05/Jul/2025:18:22:50 +0000] "GET /tmp/awstats/ssl/awstats072024.wrightimagegroup.com.txt HTTP/1.1" 200 14426 "-" "Mozilla/5.0 AppleWebKit/537.36 (KHTML, like Gecko; compatible; ClaudeBot/1.0; +claudebot@anthropic.com)"
216.244.66.229 - - [05/Jul/2025:18:24:54 +0000] "GET /?%27%20print%289347655345-4954366%29%20%27 HTTP/1.1" 200 2795 "-" "Mozilla/5.0 (compatible; DotBot/1.2; +https://opensiteexplorer.org/dotbot; help@moz.com)"
51.222.253.7 - - [05/Jul/2025:18:25:20 +0000] "GET /tmp/analog/11.html HTTP/1.1" 304 - "-" "Mozilla/5.0 (compatible; AhrefsBot/7.0; +http://ahrefs.com/robot/)"
216.73.216.44 - - [05/Jul/2025:18:25:31 +0000] "GET /tmp/awstats/awstats102017.wrightimagegroup.com.txt HTTP/1.1" 200 8674 "-" "Mozilla/5.0 AppleWebKit/537.36 (KHTML, like Gecko; compatible; ClaudeBot/1.0; +claudebot@anthropic.com)"
18.232.36.1 - - [05/Jul/2025:18:28:36 +0000] "GET /robots.txt HTTP/1.1" 404 - "-" "Mozilla/5.0 AppleWebKit/537.36 (KHTML, like Gecko; compatible; Amazonbot/0.1; +https://developer.amazon.com/support/amazonbot) Chrome/119.0.6045.214 Safari/537.36"
3.218.103.254 - - [05/Jul/2025:18:28:36 +0000] "GET /.cpaddons/moderation/ HTTP/1.1" 200 705 "-" "Mozilla/5.0 AppleWebKit/537.36 (KHTML, like Gecko; compatible; Amazonbot/0.1; +https://developer.amazon.com/support/amazonbot) Chrome/119.0.6045.214 Safari/537.36"
216.73.216.44 - - [05/Jul/2025:18:30:19 +0000] "GET /tmp/awstats/awstats082017.wrightimagegroup.com.txt HTTP/1.1" 200 6606 "-" "Mozilla/5.0 AppleWebKit/537.36 (KHTML, like Gecko; compatible; ClaudeBot/1.0; +claudebot@anthropic.com)"
54.36.148.160 - - [05/Jul/2025:18:31:24 +0000] "GET /robots.txt HTTP/1.1" 404 - "-" "Mozilla/5.0 (compatible; AhrefsBot/7.0; +http://ahrefs.com/robot/)"
51.222.253.6 - - [05/Jul/2025:18:31:26 +0000] "GET /etc/ HTTP/1.1" 200 1218 "-" "Mozilla/5.0 (compatible; AhrefsBot/7.0; +http://ahrefs.com/robot/)"
114.119.132.85 - - [05/Jul/2025:18:33:30 +0000] "GET /tmp/awstats/awstats042018.wrightimagegroup.wrightimagegroup.com.txt HTTP/1.1" 200 8490 "http://www.wrightimagegroup.org/tmp/awstats/?C=S%3BO%3DD" "Mozilla/5.0 (Linux; Android 7.0;) AppleWebKit/537.36 (KHTML, like Gecko) Mobile Safari/537.36 (compatible; PetalBot;+https://webmaster.petalsearch.com/site/petalbot)"
216.244.66.230 - - [05/Jul/2025:18:34:22 +0000] "GET /robots.txt HTTP/1.1" 404 - "-" "Mozilla/5.0 (compatible; DotBot/1.2; +https://opensiteexplorer.org/dotbot; help@moz.com)"
216.244.66.230 - - [05/Jul/2025:18:34:22 +0000] "GET /robots.txt HTTP/1.1" 404 - "-" "Mozilla/5.0 (compatible; DotBot/1.2; +https://opensiteexplorer.org/dotbot; help@moz.com)"
51.222.253.17 - - [05/Jul/2025:18:38:37 +0000] "GET /tmp/analog/1.html HTTP/1.1" 304 - "-" "Mozilla/5.0 (compatible; AhrefsBot/7.0; +http://ahrefs.com/robot/)"
216.244.66.230 - - [05/Jul/2025:18:42:26 +0000] "GET /mail/tmp/?C=S;O%3DD HTTP/1.1" 200 693 "-" "Mozilla/5.0 (compatible; DotBot/1.2; +https://opensiteexplorer.org/dotbot; help@moz.com)"
216.244.66.230 - - [05/Jul/2025:18:43:10 +0000] "GET /mail/cur/?C=S;O=D HTTP/1.1" 200 697 "-" "Mozilla/5.0 (compatible; DotBot/1.2; +https://opensiteexplorer.org/dotbot; help@moz.com)"
216.244.66.229 - - [05/Jul/2025:18:43:23 +0000] "GET /robots.txt HTTP/1.1" 404 - "-" "Mozilla/5.0 (compatible; DotBot/1.2; +https://opensiteexplorer.org/dotbot; help@moz.com)"
216.244.66.230 - - [05/Jul/2025:18:44:08 +0000] "GET /mail/tmp/?C=M%3BO%3DA HTTP/1.1" 200 697 "-" "Mozilla/5.0 (compatible; DotBot/1.2; +https://opensiteexplorer.org/dotbot; help@moz.com)"
216.244.66.230 - - [05/Jul/2025:18:44:11 +0000] "GET /tmp/webalizerftp/?C=N;O%3DA HTTP/1.1" 200 712 "-" "Mozilla/5.0 (compatible; DotBot/1.2; +https://opensiteexplorer.org/dotbot; help@moz.com)"
216.244.66.230 - - [05/Jul/2025:18:44:15 +0000] "GET /triumphofflight.com/cgi-bin/?C=M;O%3DA HTTP/1.1" 200 750 "-" "Mozilla/5.0 (compatible; DotBot/1.2; +https://opensiteexplorer.org/dotbot; help@moz.com)"
216.244.66.230 - - [05/Jul/2025:18:45:21 +0000] "GET /.cpaddons/?C=S;O%3DD HTTP/1.1" 200 869 "-" "Mozilla/5.0 (compatible; DotBot/1.2; +https://opensiteexplorer.org/dotbot; help@moz.com)"
216.244.66.230 - - [05/Jul/2025:18:47:48 +0000] "GET /access-logs/?C=D%3BO%3DA HTTP/1.1" 200 1720 "-" "Mozilla/5.0 (compatible; DotBot/1.2; +https://opensiteexplorer.org/dotbot; help@moz.com)"
216.244.66.230 - - [05/Jul/2025:18:49:02 +0000] "GET /?locale=pt HTTP/1.1" 200 2816 "-" "Mozilla/5.0 (compatible; DotBot/1.2; +https://opensiteexplorer.org/dotbot; help@moz.com)"
51.222.253.18 - - [05/Jul/2025:18:50:40 +0000] "GET /tmp/analog/6.html HTTP/1.1" 304 - "-" "Mozilla/5.0 (compatible; AhrefsBot/7.0; +http://ahrefs.com/robot/)"
114.119.140.169 - - [05/Jul/2025:18:51:15 +0000] "GET /tmp/awstats/awstats052017.triumphofflight.org.wrightimagegroup.com.txt HTTP/1.1" 200 6672 "http://www.wrightimagegroup.org/tmp/awstats/?C=S%3BO%3DD" "Mozilla/5.0 (Linux; Android 7.0;) AppleWebKit/537.36 (KHTML, like Gecko) Mobile Safari/537.36 (compatible; PetalBot;+https://webmaster.petalsearch.com/site/petalbot)"
150.109.119.38 - - [05/Jul/2025:18:52:00 +0000] "GET / HTTP/1.1" 200 2799 "-" "Mozilla/5.0 (iPhone; CPU iPhone OS 13_2_3 like Mac OS X) AppleWebKit/605.1.15 (KHTML, like Gecko) Version/13.0.3 Mobile/15E148 Safari/604.1"
114.119.149.89 - - [05/Jul/2025:18:52:18 +0000] "GET /tmp/awstats/awstats012023.wrightimagegroup.wrightimagegroup.com.txt HTTP/1.1" 200 222846 "http://www.wrightimagegroup.org/tmp/awstats/?C=S%3BO%3DD" "Mozilla/5.0 (Linux; Android 7.0;) AppleWebKit/537.36 (KHTML, like Gecko) Mobile Safari/537.36 (compatible; PetalBot;+https://webmaster.petalsearch.com/site/petalbot)"
114.119.140.169 - - [05/Jul/2025:18:53:44 +0000] "GET /tmp/awstats/awstats042019.wrightimagegroup.wrightimagegroup.com.txt HTTP/1.1" 200 10931 "http://wrightimagegroup.org/tmp/awstats/?C=S%3BO%3DA" "Mozilla/5.0 (Linux; Android 7.0;) AppleWebKit/537.36 (KHTML, like Gecko) Mobile Safari/537.36 (compatible; PetalBot;+https://webmaster.petalsearch.com/site/petalbot)"
216.244.66.229 - - [05/Jul/2025:18:54:02 +0000] "GET /mail/maildirsize HTTP/1.1" 200 16 "-" "Mozilla/5.0 (compatible; DotBot/1.2; +https://opensiteexplorer.org/dotbot; help@moz.com)"
216.73.216.44 - - [05/Jul/2025:18:59:31 +0000] "GET /tmp/awstats/awstats052019.wrightimagegroup.com.txt HTTP/1.1" 200 8394 "-" "Mozilla/5.0 AppleWebKit/537.36 (KHTML, like Gecko; compatible; ClaudeBot/1.0; +claudebot@anthropic.com)"
202.94.145.6 - - [05/Jul/2025:18:59:43 +0000] "GET /tmp/webalizer/usage_202312.html HTTP/1.1" 200 103709 "-" "Mozilla/5.0 (Macintosh; Intel Mac OS X 12_5) AppleWebKit/537.36 (KHTML, like Gecko) Chrome/114.0.0.0 Safari/537.36 Edg/114.0.1264.71"
202.94.145.6 - - [05/Jul/2025:18:59:48 +0000] "GET / HTTP/1.1" 200 2812 "https://www.google.com/search?q=%3Ca+href%3D%22https://xn--kr-qia.com%22%3Ekraken \xd0\xbe\xd0\xb1\xd0\xbc\xd0\xb5\xd0\xbd\xd0\xbd\xd0\xb8\xd0\xba \xd0\xa0\xd0\xa4%3C%2Fa%3E" "Mozilla/4.0 kraken \xd0\xbe\xd0\xb1\xd0\xbc\xd0\xb5\xd0\xbd\xd0\xbd\xd0\xb8\xd0\xba \xd0\xa0\xd0\xa4 (Windows NT 5.1; U; en) Presto/2.10.229 Version/11.60"
202.94.145.6 - - [05/Jul/2025:18:59:49 +0000] "GET /tmp/webalizer/usage_202312.html HTTP/1.1" 200 103709 "-" "Mozilla/4.0 kraken \xd0\xbe\xd0\xb1\xd0\xbc\xd0\xb5\xd0\xbd\xd0\xbd\xd0\xb8\xd0\xba \xd0\xa0\xd0\xa4 (Windows NT 5.1; U; en) Presto/2.10.229 Version/11.60"
202.94.145.6 - - [05/Jul/2025:18:59:50 +0000] "GET /tmp/webalizer/usage_202507.html HTTP/1.1" 200 86877 "-" "Mozilla/4.0 kraken \xd0\xbe\xd0\xb1\xd0\xbc\xd0\xb5\xd0\xbd\xd0\xbd\xd0\xb8\xd0\xba \xd0\xa0\xd0\xa4 (Windows NT 5.1; U; en) Presto/2.10.229 Version/11.60"
216.244.66.229 - - [05/Jul/2025:19:02:46 +0000] "GET /ssl/keys/?C=D;O=D HTTP/1.1" 200 675 "-" "Mozilla/5.0 (compatible; DotBot/1.2; +https://opensiteexplorer.org/dotbot; help@moz.com)"
216.244.66.229 - - [05/Jul/2025:19:03:25 +0000] "GET /.cpaddons/moderation/?C=D;O=D HTTP/1.1" 200 705 "-" "Mozilla/5.0 (compatible; DotBot/1.2; +https://opensiteexplorer.org/dotbot; help@moz.com)"
216.244.66.229 - - [05/Jul/2025:19:03:31 +0000] "GET /tmp/awstats/ssl/awstats092023.wrightimagegroup.com.txt HTTP/1.1" 200 18492 "-" "Mozilla/5.0 (compatible; DotBot/1.2; +https://opensiteexplorer.org/dotbot; help@moz.com)"
216.244.66.229 - - [05/Jul/2025:19:05:26 +0000] "GET /tmp/awstats/ssl/?C=D;O=D HTTP/1.1" 200 29832 "-" "Mozilla/5.0 (compatible; DotBot/1.2; +https://opensiteexplorer.org/dotbot; help@moz.com)"
114.119.144.41 - - [05/Jul/2025:19:06:55 +0000] "GET /tmp/awstats/ssl/awstats092020.wrightimagegroup.wrightimagegroup.com.txt HTTP/1.1" 200 9015 "http://www.wrightimagegroup.org/tmp/awstats/ssl/?C=M%3BO%3DA" "Mozilla/5.0 (Linux; Android 7.0;) AppleWebKit/537.36 (KHTML, like Gecko) Mobile Safari/537.36 (compatible; PetalBot;+https://webmaster.petalsearch.com/site/petalbot)"
43.167.241.46 - - [05/Jul/2025:19:07:14 +0000] "GET /logs/ HTTP/1.1" 200 3283 "-" "Mozilla/5.0 (iPhone; CPU iPhone OS 13_2_3 like Mac OS X) AppleWebKit/605.1.15 (KHTML, like Gecko) Version/13.0.3 Mobile/15E148 Safari/604.1"
51.222.253.3 - - [05/Jul/2025:19:07:47 +0000] "GET /tmp/analog/ssl/wrightimagegroup.wrightimagegroup.com/4.html HTTP/1.1" 304 - "-" "Mozilla/5.0 (compatible; AhrefsBot/7.0; +http://ahrefs.com/robot/)"
114.119.149.89 - - [05/Jul/2025:19:08:59 +0000] "GET /tmp/awstats/awstats062016.triumphofflight.org.wrightimagegroup.com.txt HTTP/1.1" 200 6097 "http://wrightimagegroup.org/tmp/awstats/?C=S%3BO%3DA" "Mozilla/5.0 (Linux; Android 7.0;) AppleWebKit/537.36 (KHTML, like Gecko) Mobile Safari/537.36 (compatible; PetalBot;+https://webmaster.petalsearch.com/site/petalbot)"
216.73.216.44 - - [05/Jul/2025:19:12:45 +0000] "GET /tmp/awstats/awstats012020.wrightimagegroup.wrightimagegroup.com.txt HTTP/1.1" 200 15360 "-" "Mozilla/5.0 AppleWebKit/537.36 (KHTML, like Gecko; compatible; ClaudeBot/1.0; +claudebot@anthropic.com)"
216.244.66.230 - - [05/Jul/2025:19:17:35 +0000] "GET /robots.txt HTTP/1.1" 404 - "-" "Mozilla/5.0 (compatible; DotBot/1.2; +https://opensiteexplorer.org/dotbot; help@moz.com)"
43.157.53.115 - - [05/Jul/2025:19:18:22 +0000] "GET /public_html/ HTTP/1.1" 301 309 "-" "Mozilla/5.0 (iPhone; CPU iPhone OS 13_2_3 like Mac OS X) AppleWebKit/605.1.15 (KHTML, like Gecko) Version/13.0.3 Mobile/15E148 Safari/604.1"
216.73.216.44 - - [05/Jul/2025:19:19:44 +0000] "GET /tmp/awstats/awstats012017.triumphofflight.org.wrightimagegroup.com.txt HTTP/1.1" 200 6646 "-" "Mozilla/5.0 AppleWebKit/537.36 (KHTML, like Gecko; compatible; ClaudeBot/1.0; +claudebot@anthropic.com)"
216.244.66.230 - - [05/Jul/2025:19:25:54 +0000] "GET /tmp/awstats/ssl/?C=D;O%3DD HTTP/1.1" 200 29853 "-" "Mozilla/5.0 (compatible; DotBot/1.2; +https://opensiteexplorer.org/dotbot; help@moz.com)"
216.73.216.44 - - [05/Jul/2025:19:27:01 +0000] "GET /robots.txt HTTP/1.1" 404 - "-" "Mozilla/5.0 AppleWebKit/537.36 (KHTML, like Gecko; compatible; ClaudeBot/1.0; +claudebot@anthropic.com)"
216.73.216.44 - - [05/Jul/2025:19:27:04 +0000] "GET /tmp/awstats/awstats032021.wrightimagegroup.com.txt HTTP/1.1" 200 15257 "-" "Mozilla/5.0 AppleWebKit/537.36 (KHTML, like Gecko; compatible; ClaudeBot/1.0; +claudebot@anthropic.com)"
216.73.216.44 - - [05/Jul/2025:19:27:05 +0000] "GET /tmp/awstats/ssl/awstats012022.wrightimagegroup.wrightimagegroup.com.txt HTTP/1.1" 200 29036 "-" "Mozilla/5.0 AppleWebKit/537.36 (KHTML, like Gecko; compatible; ClaudeBot/1.0; +claudebot@anthropic.com)"
216.244.66.230 - - [05/Jul/2025:19:27:35 +0000] "GET /etc/wrightimagegroup.com/?C=M;O%3DD HTTP/1.1" 200 728 "-" "Mozilla/5.0 (compatible; DotBot/1.2; +https://opensiteexplorer.org/dotbot; help@moz.com)"
114.119.135.202 - - [05/Jul/2025:19:28:14 +0000] "GET /tmp/webalizer/usage_202309.html HTTP/1.1" 200 109852 "http://www.wrightimagegroup.org/tmp/webalizer/usage_202309.html" "Mozilla/5.0 (Linux; Android 7.0;) AppleWebKit/537.36 (KHTML, like Gecko) Mobile Safari/537.36 (compatible; PetalBot;+https://webmaster.petalsearch.com/site/petalbot)"
114.119.149.89 - - [05/Jul/2025:19:29:36 +0000] "GET /tmp/awstats/awstats082018.wrightimagegroup.com.txt HTTP/1.1" 200 8046 "http://www.wrightimagegroup.org/tmp/awstats/?C=S%3BO%3DD" "Mozilla/5.0 (Linux; Android 7.0;) AppleWebKit/537.36 (KHTML, like Gecko) Mobile Safari/537.36 (compatible; PetalBot;+https://webmaster.petalsearch.com/site/petalbot)"
49.51.72.76 - - [05/Jul/2025:19:29:50 +0000] "GET /mail/ HTTP/1.1" 200 2863 "-" "Mozilla/5.0 (iPhone; CPU iPhone OS 13_2_3 like Mac OS X) AppleWebKit/605.1.15 (KHTML, like Gecko) Version/13.0.3 Mobile/15E148 Safari/604.1"
216.244.66.230 - - [05/Jul/2025:19:30:57 +0000] "GET /access-logs/?C=M;O%3DA HTTP/1.1" 200 1720 "-" "Mozilla/5.0 (compatible; DotBot/1.2; +https://opensiteexplorer.org/dotbot; help@moz.com)"
216.244.66.230 - - [05/Jul/2025:19:31:00 +0000] "GET /tmp/?C=D;O%3DA HTTP/1.1" 200 1572 "-" "Mozilla/5.0 (compatible; DotBot/1.2; +https://opensiteexplorer.org/dotbot; help@moz.com)"
51.222.253.3 - - [05/Jul/2025:19:31:01 +0000] "GET /tmp/analog/?C=S;O=D HTTP/1.1" 200 5853 "-" "Mozilla/5.0 (compatible; AhrefsBot/7.0; +http://ahrefs.com/robot/)"
114.119.140.169 - - [05/Jul/2025:19:30:59 +0000] "GET /tmp/webalizer/usage_202212.html HTTP/1.1" 200 104749 "http://wrightimagegroup.org/tmp/webalizer/usage_202212.html" "Mozilla/5.0 (Linux; Android 7.0;) AppleWebKit/537.36 (KHTML, like Gecko) Mobile Safari/537.36 (compatible; PetalBot;+https://webmaster.petalsearch.com/site/petalbot)"
216.244.66.229 - - [05/Jul/2025:19:31:35 +0000] "GET /robots.txt HTTP/1.1" 404 - "-" "Mozilla/5.0 (compatible; DotBot/1.2; +https://opensiteexplorer.org/dotbot; help@moz.com)"
216.244.66.229 - - [05/Jul/2025:19:31:36 +0000] "GET /robots.txt HTTP/1.1" 404 - "-" "Mozilla/5.0 (compatible; DotBot/1.2; +https://opensiteexplorer.org/dotbot; help@moz.com)"
216.244.66.230 - - [05/Jul/2025:19:32:34 +0000] "GET /?locale=ar HTTP/1.1" 200 2816 "-" "Mozilla/5.0 (compatible; DotBot/1.2; +https://opensiteexplorer.org/dotbot; help@moz.com)"
