216.244.66.229 - - [01/Jul/2025:12:51:07 +0000] "GET /public_ftp/incoming/?C=N;O%3DD HTTP/1.1" 200 704 "-" "Mozilla/5.0 (compatible; DotBot/1.2; +https://opensiteexplorer.org/dotbot; help@moz.com)"
216.244.66.229 - - [01/Jul/2025:12:51:08 +0000] "GET /tmp/awstats/ssl/awstats032021.wrightimagegroup.wrightimagegroup.com.txt HTTP/1.1" 200 14296 "-" "Mozilla/5.0 (compatible; DotBot/1.2; +https://opensiteexplorer.org/dotbot; help@moz.com)"
216.244.66.229 - - [01/Jul/2025:12:51:09 +0000] "GET /tmp/awstats/ssl/awstats072022.wrightimagegroup.wrightimagegroup.com.txt HTTP/1.1" 200 34647 "-" "Mozilla/5.0 (compatible; DotBot/1.2; +https://opensiteexplorer.org/dotbot; help@moz.com)"
216.244.66.229 - - [01/Jul/2025:12:53:15 +0000] "GET /tmp/analog/ssl/?C=S;O=D HTTP/1.1" 200 1092 "-" "Mozilla/5.0 (compatible; DotBot/1.2; +https://opensiteexplorer.org/dotbot; help@moz.com)"
114.119.152.177 - - [01/Jul/2025:12:53:49 +0000] "GET /tmp/awstats/awstats072019.wrightimagegroup.com.txt HTTP/1.1" 200 8766 "http://wrightimagegroup.org/tmp/awstats/?C=S%3BO%3DA" "Mozilla/5.0 (Linux; Android 7.0;) AppleWebKit/537.36 (KHTML, like Gecko) Mobile Safari/537.36 (compatible; PetalBot;+https://webmaster.petalsearch.com/site/petalbot)"
216.244.66.229 - - [01/Jul/2025:12:54:49 +0000] "GET /tmp/analog/triumphofflight.org.wrightimagegroup.com/?C=M;O=D HTTP/1.1" 200 4453 "-" "Mozilla/5.0 (compatible; DotBot/1.2; +https://opensiteexplorer.org/dotbot; help@moz.com)"
216.244.66.229 - - [01/Jul/2025:12:55:33 +0000] "GET /tmp/analog/ssl/wrightimagegroup.com/?C=N;O=D HTTP/1.1" 200 5127 "-" "Mozilla/5.0 (compatible; DotBot/1.2; +https://opensiteexplorer.org/dotbot; help@moz.com)"
114.119.135.202 - - [01/Jul/2025:12:56:53 +0000] "GET /tmp/awstats/awstats032017.triumphofflight.org.wrightimagegroup.com.txt HTTP/1.1" 200 6385 "http://wrightimagegroup.org/tmp/awstats/?C=S%3BO%3DA" "Mozilla/5.0 (Linux; Android 7.0;) AppleWebKit/537.36 (KHTML, like Gecko) Mobile Safari/537.36 (compatible; PetalBot;+https://webmaster.petalsearch.com/site/petalbot)"
114.119.132.85 - - [01/Jul/2025:12:58:18 +0000] "GET /tmp/awstats/awstats052016.wrightimagegroup.wrightimagegroup.com.txt HTTP/1.1" 200 6235 "http://wrightimagegroup.org/tmp/awstats/?C=S%3BO%3DA" "Mozilla/5.0 (Linux; Android 7.0;) AppleWebKit/537.36 (KHTML, like Gecko) Mobile Safari/537.36 (compatible; PetalBot;+https://webmaster.petalsearch.com/site/petalbot)"
216.73.217.3 - - [01/Jul/2025:12:59:19 +0000] "GET /cache/cache_8c1e2d0573ed1f99fd247768110f872f HTTP/1.1" 200 7 "-" "Mozilla/5.0 AppleWebKit/537.36 (KHTML, like Gecko; compatible; ClaudeBot/1.0; +claudebot@anthropic.com)"
114.119.149.89 - - [01/Jul/2025:12:59:21 +0000] "GET /ssl/ssl.db.cache HTTP/1.1" 200 189 "https://wrightimagegroup.org/ssl/" "Mozilla/5.0 (Linux; Android 7.0;) AppleWebKit/537.36 (KHTML, like Gecko) Mobile Safari/537.36 (compatible; PetalBot;+https://webmaster.petalsearch.com/site/petalbot)"
138.68.180.18 - - [01/Jul/2025:12:59:56 +0000] "GET / HTTP/1.1" 200 2795 "-" "Mozilla/5.0 (Windows NT 10.0; Win64; x64) AppleWebKit/537.36 (KHTML, like Gecko) Chrome/124.0.0.0 Safari/537.36"
138.68.180.18 - - [01/Jul/2025:12:59:56 +0000] "GET /?C=N;O=D HTTP/1.1" 200 2795 "-" "Mozilla/5.0 (Windows NT 10.0; Win64; x64) AppleWebKit/537.36 (KHTML, like Gecko) Chrome/124.0.0.0 Safari/537.36"
138.68.180.18 - - [01/Jul/2025:12:59:57 +0000] "GET /access-logs/ HTTP/1.1" 200 1699 "-" "Mozilla/5.0 (Windows NT 10.0; Win64; x64) AppleWebKit/537.36 (KHTML, like Gecko) Chrome/124.0.0.0 Safari/537.36"
138.68.180.18 - - [01/Jul/2025:12:59:57 +0000] "GET /cache/ HTTP/1.1" 200 3982 "-" "Mozilla/5.0 (Windows NT 10.0; Win64; x64) AppleWebKit/537.36 (KHTML, like Gecko) Chrome/124.0.0.0 Safari/537.36"
138.68.180.18 - - [01/Jul/2025:12:59:58 +0000] "GET /cgi-bin/ HTTP/1.1" 404 - "-" "Mozilla/5.0 (Windows NT 10.0; Win64; x64) AppleWebKit/537.36 (KHTML, like Gecko) Chrome/124.0.0.0 Safari/537.36"
138.68.180.18 - - [01/Jul/2025:12:59:58 +0000] "GET /etc/ HTTP/1.1" 200 1201 "-" "Mozilla/5.0 (Windows NT 10.0; Win64; x64) AppleWebKit/537.36 (KHTML, like Gecko) Chrome/124.0.0.0 Safari/537.36"
138.68.180.18 - - [01/Jul/2025:12:59:59 +0000] "GET /logs/ HTTP/1.1" 200 3279 "-" "Mozilla/5.0 (Windows NT 10.0; Win64; x64) AppleWebKit/537.36 (KHTML, like Gecko) Chrome/124.0.0.0 Safari/537.36"
51.222.253.1 - - [01/Jul/2025:13:01:46 +0000] "GET /tmp/analog/ssl/wrightimagegroup.com/4.html HTTP/1.1" 304 - "-" "Mozilla/5.0 (compatible; AhrefsBot/7.0; +http://ahrefs.com/robot/)"
216.73.217.3 - - [01/Jul/2025:13:04:09 +0000] "GET /ssl/keys HTTP/1.1" 301 315 "-" "Mozilla/5.0 AppleWebKit/537.36 (KHTML, like Gecko; compatible; ClaudeBot/1.0; +claudebot@anthropic.com)"
216.73.217.3 - - [01/Jul/2025:13:04:11 +0000] "GET /ssl/keys/ HTTP/1.1" 200 675 "http://wrightimagegroup.org/ssl/keys" "Mozilla/5.0 AppleWebKit/537.36 (KHTML, like Gecko; compatible; ClaudeBot/1.0; +claudebot@anthropic.com)"
95.217.37.214 - - [01/Jul/2025:13:06:47 +0000] "GET /tmp/webalizer/ HTTP/1.0" 200 9923 "-" "Mozilla/5.0 (Windows NT 10.0; Win64; x64) AppleWebKit/537.36 (KHTML, like Gecko) Chrome/118.0.0.0 Safari/537.36"
216.73.217.3 - - [01/Jul/2025:13:09:41 +0000] "GET /access-logs/?C=M&O=A HTTP/1.1" 200 1699 "-" "Mozilla/5.0 AppleWebKit/537.36 (KHTML, like Gecko; compatible; ClaudeBot/1.0; +claudebot@anthropic.com)"
51.222.253.17 - - [01/Jul/2025:13:12:04 +0000] "GET /tmp/webalizer/usage_202504.html HTTP/1.1" 304 - "-" "Mozilla/5.0 (compatible; AhrefsBot/7.0; +http://ahrefs.com/robot/)"
66.249.73.98 - - [01/Jul/2025:13:13:29 +0000] "GET /robots.txt HTTP/1.1" 404 - "-" "Mozilla/5.0 (compatible; Googlebot/2.1; +http://www.google.com/bot.html)"
66.249.73.100 - - [01/Jul/2025:13:13:29 +0000] "GET /tmp/analog/browsum.png HTTP/1.1" 200 3625 "-" "Googlebot-Image/1.0"
51.222.253.17 - - [01/Jul/2025:13:14:09 +0000] "GET /tmp/webalizer/usage_202410.html HTTP/1.1" 304 - "-" "Mozilla/5.0 (compatible; AhrefsBot/7.0; +http://ahrefs.com/robot/)"
216.73.217.3 - - [01/Jul/2025:13:14:18 +0000] "GET /access-logs/?C=S&O=A HTTP/1.1" 200 1699 "-" "Mozilla/5.0 AppleWebKit/537.36 (KHTML, like Gecko; compatible; ClaudeBot/1.0; +claudebot@anthropic.com)"
216.73.217.3 - - [01/Jul/2025:13:15:02 +0000] "GET /cache/cache_39dd3588e30373634e6397b31f5cdf54 HTTP/1.1" 200 - "-" "Mozilla/5.0 AppleWebKit/537.36 (KHTML, like Gecko; compatible; ClaudeBot/1.0; +claudebot@anthropic.com)"
216.73.217.3 - - [01/Jul/2025:13:15:54 +0000] "GET /ssl/certs HTTP/1.1" 301 316 "-" "Mozilla/5.0 AppleWebKit/537.36 (KHTML, like Gecko; compatible; ClaudeBot/1.0; +claudebot@anthropic.com)"
216.73.217.3 - - [01/Jul/2025:13:15:56 +0000] "GET /ssl/certs/ HTTP/1.1" 200 677 "http://wrightimagegroup.org/ssl/certs" "Mozilla/5.0 AppleWebKit/537.36 (KHTML, like Gecko; compatible; ClaudeBot/1.0; +claudebot@anthropic.com)"
51.222.253.2 - - [01/Jul/2025:13:20:44 +0000] "GET /tmp/webalizer/usage_202502.html HTTP/1.1" 304 - "-" "Mozilla/5.0 (compatible; AhrefsBot/7.0; +http://ahrefs.com/robot/)"
216.244.66.229 - - [01/Jul/2025:13:22:16 +0000] "GET /robots.txt HTTP/1.1" 404 - "-" "Mozilla/5.0 (compatible; DotBot/1.2; +https://opensiteexplorer.org/dotbot; help@moz.com)"
51.222.253.4 - - [01/Jul/2025:13:27:12 +0000] "GET /tmp/webalizer/usage_202412.html HTTP/1.1" 304 - "-" "Mozilla/5.0 (compatible; AhrefsBot/7.0; +http://ahrefs.com/robot/)"
51.222.253.19 - - [01/Jul/2025:13:33:53 +0000] "GET /tmp/webalizer/usage_202504.html HTTP/1.1" 304 - "-" "Mozilla/5.0 (compatible; AhrefsBot/7.0; +http://ahrefs.com/robot/)"
216.73.217.3 - - [01/Jul/2025:13:34:22 +0000] "GET /robots.txt HTTP/1.1" 404 - "-" "Mozilla/5.0 AppleWebKit/537.36 (KHTML, like Gecko; compatible; ClaudeBot/1.0; +claudebot@anthropic.com)"
216.73.217.3 - - [01/Jul/2025:13:34:24 +0000] "GET /cache/cache_03ccc987bb84ad942c7bdc1b37a1d5af HTTP/1.1" 200 7 "-" "Mozilla/5.0 AppleWebKit/537.36 (KHTML, like Gecko; compatible; ClaudeBot/1.0; +claudebot@anthropic.com)"
216.73.217.3 - - [01/Jul/2025:13:37:52 +0000] "GET /cache/cache_c455d6e8f57ee34aca786d7ef78d02d5 HTTP/1.1" 200 - "-" "Mozilla/5.0 AppleWebKit/537.36 (KHTML, like Gecko; compatible; ClaudeBot/1.0; +claudebot@anthropic.com)"
51.222.253.12 - - [01/Jul/2025:13:39:59 +0000] "GET /tmp/webalizer/usage_202501.html HTTP/1.1" 304 - "-" "Mozilla/5.0 (compatible; AhrefsBot/7.0; +http://ahrefs.com/robot/)"
216.73.217.3 - - [01/Jul/2025:13:40:52 +0000] "GET /?C=D&O=D HTTP/1.1" 200 2795 "-" "Mozilla/5.0 AppleWebKit/537.36 (KHTML, like Gecko; compatible; ClaudeBot/1.0; +claudebot@anthropic.com)"
51.222.253.3 - - [01/Jul/2025:13:41:45 +0000] "GET /tmp/analog/10.html HTTP/1.1" 304 - "-" "Mozilla/5.0 (compatible; AhrefsBot/7.0; +http://ahrefs.com/robot/)"
3.227.180.70 - - [01/Jul/2025:13:41:53 +0000] "GET /robots.txt HTTP/1.1" 404 - "-" "Mozilla/5.0 AppleWebKit/537.36 (KHTML, like Gecko; compatible; Amazonbot/0.1; +https://developer.amazon.com/support/amazonbot) Chrome/119.0.6045.214 Safari/537.36"
44.215.210.112 - - [01/Jul/2025:13:41:53 +0000] "GET /ssl/certs/ HTTP/1.1" 200 682 "-" "Mozilla/5.0 AppleWebKit/537.36 (KHTML, like Gecko; compatible; Amazonbot/0.1; +https://developer.amazon.com/support/amazonbot) Chrome/119.0.6045.214 Safari/537.36"
185.191.171.3 - - [01/Jul/2025:13:42:42 +0000] "GET /public_ftp/ HTTP/1.1" 200 856 "-" "Mozilla/5.0 (compatible; SemrushBot/7~bl; +http://www.semrush.com/bot.html)"
216.73.217.3 - - [01/Jul/2025:13:42:53 +0000] "GET /public_ftp/incoming HTTP/1.1" 301 326 "-" "Mozilla/5.0 AppleWebKit/537.36 (KHTML, like Gecko; compatible; ClaudeBot/1.0; +claudebot@anthropic.com)"
216.73.217.3 - - [01/Jul/2025:13:42:53 +0000] "GET /public_ftp/incoming/ HTTP/1.1" 200 704 "http://wrightimagegroup.org/public_ftp/incoming" "Mozilla/5.0 AppleWebKit/537.36 (KHTML, like Gecko; compatible; ClaudeBot/1.0; +claudebot@anthropic.com)"
51.222.253.17 - - [01/Jul/2025:13:46:38 +0000] "GET /tmp/webalizer/usage_202503.html HTTP/1.1" 304 - "-" "Mozilla/5.0 (compatible; AhrefsBot/7.0; +http://ahrefs.com/robot/)"
216.244.66.229 - - [01/Jul/2025:13:49:35 +0000] "GET /.cpaddons/moderation/?C=D;O=D HTTP/1.1" 200 709 "-" "Mozilla/5.0 (compatible; DotBot/1.2; +https://opensiteexplorer.org/dotbot; help@moz.com)"
216.73.217.3 - - [01/Jul/2025:13:50:57 +0000] "GET /tmp/?C=D&O=A HTTP/1.1" 200 1551 "-" "Mozilla/5.0 AppleWebKit/537.36 (KHTML, like Gecko; compatible; ClaudeBot/1.0; +claudebot@anthropic.com)"
51.222.253.1 - - [01/Jul/2025:13:52:08 +0000] "GET /tmp/analog/ssl/wrightimagegroup.wrightimagegroup.com/4.html HTTP/1.1" 304 - "-" "Mozilla/5.0 (compatible; AhrefsBot/7.0; +http://ahrefs.com/robot/)"
51.222.253.19 - - [01/Jul/2025:13:52:59 +0000] "GET /tmp/analog/1.html HTTP/1.1" 304 - "-" "Mozilla/5.0 (compatible; AhrefsBot/7.0; +http://ahrefs.com/robot/)"
216.244.66.229 - - [01/Jul/2025:13:55:16 +0000] "GET /?C=N;O%3DD HTTP/1.1" 200 2799 "-" "Mozilla/5.0 (compatible; DotBot/1.2; +https://opensiteexplorer.org/dotbot; help@moz.com)"
216.73.217.3 - - [01/Jul/2025:13:58:15 +0000] "GET /cache/?C=S&O=A HTTP/1.1" 200 3982 "-" "Mozilla/5.0 AppleWebKit/537.36 (KHTML, like Gecko; compatible; ClaudeBot/1.0; +claudebot@anthropic.com)"
216.73.217.3 - - [01/Jul/2025:13:58:16 +0000] "GET /tmp/webalizerftp HTTP/1.1" 301 323 "-" "Mozilla/5.0 AppleWebKit/537.36 (KHTML, like Gecko; compatible; ClaudeBot/1.0; +claudebot@anthropic.com)"
216.73.217.3 - - [01/Jul/2025:13:58:16 +0000] "GET /tmp/webalizerftp/ HTTP/1.1" 200 691 "http://wrightimagegroup.org/tmp/webalizerftp" "Mozilla/5.0 AppleWebKit/537.36 (KHTML, like Gecko; compatible; ClaudeBot/1.0; +claudebot@anthropic.com)"
216.73.217.3 - - [01/Jul/2025:13:59:02 +0000] "GET /etc/?C=S&O=A HTTP/1.1" 200 1201 "-" "Mozilla/5.0 AppleWebKit/537.36 (KHTML, like Gecko; compatible; ClaudeBot/1.0; +claudebot@anthropic.com)"
216.73.217.3 - - [01/Jul/2025:13:59:02 +0000] "GET /tmp/awstats HTTP/1.1" 301 318 "-" "Mozilla/5.0 AppleWebKit/537.36 (KHTML, like Gecko; compatible; ClaudeBot/1.0; +claudebot@anthropic.com)"
216.73.217.3 - - [01/Jul/2025:13:59:03 +0000] "GET /?C=S&O=D HTTP/1.1" 200 2795 "-" "Mozilla/5.0 AppleWebKit/537.36 (KHTML, like Gecko; compatible; ClaudeBot/1.0; +claudebot@anthropic.com)"
216.73.217.3 - - [01/Jul/2025:13:59:04 +0000] "GET /tmp/awstats/ HTTP/1.1" 200 56351 "http://wrightimagegroup.org/tmp/awstats" "Mozilla/5.0 AppleWebKit/537.36 (KHTML, like Gecko; compatible; ClaudeBot/1.0; +claudebot@anthropic.com)"
51.222.253.8 - - [01/Jul/2025:13:59:40 +0000] "GET /tmp/analog/10.html HTTP/1.1" 304 - "-" "Mozilla/5.0 (compatible; AhrefsBot/7.0; +http://ahrefs.com/robot/)"
216.73.217.3 - - [01/Jul/2025:14:04:08 +0000] "GET /tmp/cpbandwidth HTTP/1.1" 301 322 "-" "Mozilla/5.0 AppleWebKit/537.36 (KHTML, like Gecko; compatible; ClaudeBot/1.0; +claudebot@anthropic.com)"
216.73.217.3 - - [01/Jul/2025:14:04:08 +0000] "GET /tmp/cpbandwidth/ HTTP/1.1" 200 890 "http://wrightimagegroup.org/tmp/cpbandwidth" "Mozilla/5.0 AppleWebKit/537.36 (KHTML, like Gecko; compatible; ClaudeBot/1.0; +claudebot@anthropic.com)"
66.249.74.130 - - [01/Jul/2025:14:04:43 +0000] "GET /robots.txt HTTP/1.1" 404 - "-" "Mozilla/5.0 (compatible; Googlebot/2.1; +http://www.google.com/bot.html)"
66.249.74.129 - - [01/Jul/2025:14:04:43 +0000] "GET /tmp/analog/triumphofflight.org.wrightimagegroup.com/browsum.png HTTP/1.1" 200 3369 "-" "Googlebot-Image/1.0"
51.222.253.8 - - [01/Jul/2025:14:06:00 +0000] "GET /tmp/analog/11.html HTTP/1.1" 304 - "-" "Mozilla/5.0 (compatible; AhrefsBot/7.0; +http://ahrefs.com/robot/)"
124.243.179.140 - - [01/Jul/2025:14:08:52 +0000] "GET /tmp/webalizer/usage_202506.html HTTP/1.1" 200 112308 "http://wrightimagegroup.org/tmp/webalizer/usage_202506.html" "Mozilla/5.0 (Windows NT 10.0; Win64; x64) AppleWebKit/537.36 (KHTML, like Gecko) Chrome/116.0.0.0 Safari/537.36"
216.73.217.3 - - [01/Jul/2025:14:11:54 +0000] "GET /cache/?C=D&O=A HTTP/1.1" 200 3982 "-" "Mozilla/5.0 AppleWebKit/537.36 (KHTML, like Gecko; compatible; ClaudeBot/1.0; +claudebot@anthropic.com)"
51.222.253.10 - - [01/Jul/2025:14:12:45 +0000] "GET /tmp/analog/12.html HTTP/1.1" 304 - "-" "Mozilla/5.0 (compatible; AhrefsBot/7.0; +http://ahrefs.com/robot/)"
216.73.217.3 - - [01/Jul/2025:14:16:01 +0000] "GET /ssl/?C=D&O=A HTTP/1.1" 200 1535 "-" "Mozilla/5.0 AppleWebKit/537.36 (KHTML, like Gecko; compatible; ClaudeBot/1.0; +claudebot@anthropic.com)"
216.73.217.3 - - [01/Jul/2025:14:16:04 +0000] "GET /tmp/?C=M&O=A HTTP/1.1" 200 1551 "-" "Mozilla/5.0 AppleWebKit/537.36 (KHTML, like Gecko; compatible; ClaudeBot/1.0; +claudebot@anthropic.com)"
216.73.217.3 - - [01/Jul/2025:14:16:04 +0000] "GET /logs/wrightimagegroup.wrightimagegroup.com-Jun-2025.gz HTTP/1.1" 200 607336 "-" "Mozilla/5.0 AppleWebKit/537.36 (KHTML, like Gecko; compatible; ClaudeBot/1.0; +claudebot@anthropic.com)"
216.73.217.3 - - [01/Jul/2025:14:17:34 +0000] "GET /cache/cache_bb2ededb25cca840249e9c626a0be427 HTTP/1.1" 200 - "-" "Mozilla/5.0 AppleWebKit/537.36 (KHTML, like Gecko; compatible; ClaudeBot/1.0; +claudebot@anthropic.com)"
216.73.217.3 - - [01/Jul/2025:14:17:35 +0000] "GET /cache/cache_1901997ff266475fafa9d67e6271fb9e HTTP/1.1" 200 - "-" "Mozilla/5.0 AppleWebKit/537.36 (KHTML, like Gecko; compatible; ClaudeBot/1.0; +claudebot@anthropic.com)"
216.73.217.3 - - [01/Jul/2025:14:18:23 +0000] "GET /cache/cache_55633767a0967a8dcb0aff1183cf0fd5 HTTP/1.1" 200 - "-" "Mozilla/5.0 AppleWebKit/537.36 (KHTML, like Gecko; compatible; ClaudeBot/1.0; +claudebot@anthropic.com)"
51.222.253.11 - - [01/Jul/2025:14:18:49 +0000] "GET /tmp/analog/2.html HTTP/1.1" 304 - "-" "Mozilla/5.0 (compatible; AhrefsBot/7.0; +http://ahrefs.com/robot/)"
52.202.233.37 - - [01/Jul/2025:14:20:26 +0000] "GET /?C=D;O%3DA HTTP/1.1" 200 2799 "-" "Mozilla/5.0 AppleWebKit/537.36 (KHTML, like Gecko; compatible; Amazonbot/0.1; +https://developer.amazon.com/support/amazonbot) Chrome/119.0.6045.214 Safari/537.36"
216.73.217.3 - - [01/Jul/2025:14:21:31 +0000] "GET /etc/?C=N&O=D HTTP/1.1" 200 1201 "-" "Mozilla/5.0 AppleWebKit/537.36 (KHTML, like Gecko; compatible; ClaudeBot/1.0; +claudebot@anthropic.com)"
51.222.253.3 - - [01/Jul/2025:14:22:04 +0000] "GET /tmp/analog/ssl/wrightimagegroup.com/4.html HTTP/1.1" 304 - "-" "Mozilla/5.0 (compatible; AhrefsBot/7.0; +http://ahrefs.com/robot/)"
216.73.217.3 - - [01/Jul/2025:14:24:39 +0000] "GET /public_ftp/?C=D&O=A HTTP/1.1" 200 852 "-" "Mozilla/5.0 AppleWebKit/537.36 (KHTML, like Gecko; compatible; ClaudeBot/1.0; +claudebot@anthropic.com)"
216.73.217.3 - - [01/Jul/2025:14:24:40 +0000] "GET /cache/cache_3ebbab63ff1d3bffdaddb17747049f2d HTTP/1.1" 200 7 "-" "Mozilla/5.0 AppleWebKit/537.36 (KHTML, like Gecko; compatible; ClaudeBot/1.0; +claudebot@anthropic.com)"
182.44.12.37 - - [01/Jul/2025:14:25:28 +0000] "GET / HTTP/1.1" 200 2799 "-" "Mozilla/5.0 (iPhone; CPU iPhone OS 13_2_3 like Mac OS X) AppleWebKit/605.1.15 (KHTML, like Gecko) Version/13.0.3 Mobile/15E148 Safari/604.1"
54.36.148.161 - - [01/Jul/2025:14:26:12 +0000] "GET /robots.txt HTTP/1.1" 404 - "-" "Mozilla/5.0 (compatible; AhrefsBot/7.0; +http://ahrefs.com/robot/)"
51.222.253.1 - - [01/Jul/2025:14:26:14 +0000] "GET /tmp/analog/3.html HTTP/1.1" 304 - "-" "Mozilla/5.0 (compatible; AhrefsBot/7.0; +http://ahrefs.com/robot/)"
216.73.217.3 - - [01/Jul/2025:14:26:28 +0000] "GET /cache/cache_763860a21a94412ffb8081c5efb43196 HTTP/1.1" 200 7 "-" "Mozilla/5.0 AppleWebKit/537.36 (KHTML, like Gecko; compatible; ClaudeBot/1.0; +claudebot@anthropic.com)"
85.208.96.202 - - [01/Jul/2025:14:28:49 +0000] "GET /robots.txt HTTP/1.1" 404 - "-" "Mozilla/5.0 (compatible; SemrushBot/7~bl; +http://www.semrush.com/bot.html)"
85.208.96.199 - - [01/Jul/2025:14:28:50 +0000] "GET /cache/cache_763860a21a94412ffb8081c5efb43196 HTTP/1.1" 200 7 "-" "Mozilla/5.0 (compatible; SemrushBot/7~bl; +http://www.semrush.com/bot.html)"
51.222.253.6 - - [01/Jul/2025:14:31:56 +0000] "GET /tmp/analog/4.html HTTP/1.1" 304 - "-" "Mozilla/5.0 (compatible; AhrefsBot/7.0; +http://ahrefs.com/robot/)"
216.73.217.3 - - [01/Jul/2025:14:32:26 +0000] "GET /cache/cache_8c8e788cebc63413d300e711b2ddae43 HTTP/1.1" 200 7 "-" "Mozilla/5.0 AppleWebKit/537.36 (KHTML, like Gecko; compatible; ClaudeBot/1.0; +claudebot@anthropic.com)"
51.222.253.15 - - [01/Jul/2025:14:37:57 +0000] "GET /tmp/analog/5.html HTTP/1.1" 304 - "-" "Mozilla/5.0 (compatible; AhrefsBot/7.0; +http://ahrefs.com/robot/)"
51.222.253.11 - - [01/Jul/2025:14:42:57 +0000] "GET /tmp/analog/ssl/wrightimagegroup.wrightimagegroup.com/4.html HTTP/1.1" 304 - "-" "Mozilla/5.0 (compatible; AhrefsBot/7.0; +http://ahrefs.com/robot/)"
51.222.253.19 - - [01/Jul/2025:14:44:22 +0000] "GET /tmp/analog/6.html HTTP/1.1" 304 - "-" "Mozilla/5.0 (compatible; AhrefsBot/7.0; +http://ahrefs.com/robot/)"
216.73.217.3 - - [01/Jul/2025:14:45:01 +0000] "GET /robots.txt HTTP/1.1" 404 - "-" "Mozilla/5.0 AppleWebKit/537.36 (KHTML, like Gecko; compatible; ClaudeBot/1.0; +claudebot@anthropic.com)"
216.73.217.3 - - [01/Jul/2025:14:45:02 +0000] "GET /access-logs/?C=N&O=D HTTP/1.1" 200 1699 "-" "Mozilla/5.0 AppleWebKit/537.36 (KHTML, like Gecko; compatible; ClaudeBot/1.0; +claudebot@anthropic.com)"
216.73.217.3 - - [01/Jul/2025:14:45:03 +0000] "GET /tmp/webalizer HTTP/1.1" 301 320 "-" "Mozilla/5.0 AppleWebKit/537.36 (KHTML, like Gecko; compatible; ClaudeBot/1.0; +claudebot@anthropic.com)"
216.73.217.3 - - [01/Jul/2025:14:45:03 +0000] "GET /tmp/webalizer/ HTTP/1.1" 200 9923 "http://wrightimagegroup.org/tmp/webalizer" "Mozilla/5.0 AppleWebKit/537.36 (KHTML, like Gecko; compatible; ClaudeBot/1.0; +claudebot@anthropic.com)"
216.73.217.3 - - [01/Jul/2025:14:45:40 +0000] "GET /etc/cacheid HTTP/1.1" 200 10 "-" "Mozilla/5.0 AppleWebKit/537.36 (KHTML, like Gecko; compatible; ClaudeBot/1.0; +claudebot@anthropic.com)"
216.73.217.3 - - [01/Jul/2025:14:49:51 +0000] "GET /tof/?C=M&O=A HTTP/1.1" 200 837 "-" "Mozilla/5.0 AppleWebKit/537.36 (KHTML, like Gecko; compatible; ClaudeBot/1.0; +claudebot@anthropic.com)"
216.73.217.3 - - [01/Jul/2025:14:49:51 +0000] "GET /logs/?C=S&O=A HTTP/1.1" 200 3279 "-" "Mozilla/5.0 AppleWebKit/537.36 (KHTML, like Gecko; compatible; ClaudeBot/1.0; +claudebot@anthropic.com)"
51.222.253.7 - - [01/Jul/2025:14:51:20 +0000] "GET /tmp/analog/7.html HTTP/1.1" 304 - "-" "Mozilla/5.0 (compatible; AhrefsBot/7.0; +http://ahrefs.com/robot/)"
216.73.217.3 - - [01/Jul/2025:14:53:29 +0000] "GET /tof/?C=S&O=A HTTP/1.1" 200 837 "-" "Mozilla/5.0 AppleWebKit/537.36 (KHTML, like Gecko; compatible; ClaudeBot/1.0; +claudebot@anthropic.com)"
51.222.253.1 - - [01/Jul/2025:14:53:47 +0000] "GET /tmp/analog/ssl/wrightimagegroup.com/4.html HTTP/1.1" 304 - "-" "Mozilla/5.0 (compatible; AhrefsBot/7.0; +http://ahrefs.com/robot/)"
216.73.217.3 - - [01/Jul/2025:14:54:06 +0000] "GET /tmp/?C=S&O=A HTTP/1.1" 200 1551 "-" "Mozilla/5.0 AppleWebKit/537.36 (KHTML, like Gecko; compatible; ClaudeBot/1.0; +claudebot@anthropic.com)"
216.73.217.3 - - [01/Jul/2025:14:55:51 +0000] "GET /access-logs/?C=D&O=A HTTP/1.1" 200 1699 "-" "Mozilla/5.0 AppleWebKit/537.36 (KHTML, like Gecko; compatible; ClaudeBot/1.0; +claudebot@anthropic.com)"
51.222.253.6 - - [01/Jul/2025:14:58:05 +0000] "GET /tmp/analog/8.html HTTP/1.1" 304 - "-" "Mozilla/5.0 (compatible; AhrefsBot/7.0; +http://ahrefs.com/robot/)"
216.73.217.3 - - [01/Jul/2025:15:01:34 +0000] "GET /cache/cache_85daced7c4de2f5a2c332a7d8a7a3803 HTTP/1.1" 200 7 "-" "Mozilla/5.0 AppleWebKit/537.36 (KHTML, like Gecko; compatible; ClaudeBot/1.0; +claudebot@anthropic.com)"
216.73.217.3 - - [01/Jul/2025:15:02:58 +0000] "GET /cache/?C=M&O=A HTTP/1.1" 200 3982 "-" "Mozilla/5.0 AppleWebKit/537.36 (KHTML, like Gecko; compatible; ClaudeBot/1.0; +claudebot@anthropic.com)"
85.208.96.212 - - [01/Jul/2025:15:03:17 +0000] "GET /mail/maildirsize HTTP/1.1" 200 16 "-" "Mozilla/5.0 (compatible; SemrushBot/7~bl; +http://www.semrush.com/bot.html)"
51.222.253.2 - - [01/Jul/2025:15:03:37 +0000] "GET /tmp/webalizer/usage_202504.html HTTP/1.1" 304 - "-" "Mozilla/5.0 (compatible; AhrefsBot/7.0; +http://ahrefs.com/robot/)"
51.222.253.14 - - [01/Jul/2025:15:04:43 +0000] "GET /tmp/analog/9.html HTTP/1.1" 304 - "-" "Mozilla/5.0 (compatible; AhrefsBot/7.0; +http://ahrefs.com/robot/)"
170.106.35.153 - - [01/Jul/2025:15:05:46 +0000] "GET / HTTP/1.1" 200 2799 "-" "Mozilla/5.0 (iPhone; CPU iPhone OS 13_2_3 like Mac OS X) AppleWebKit/605.1.15 (KHTML, like Gecko) Version/13.0.3 Mobile/15E148 Safari/604.1"
216.73.217.3 - - [01/Jul/2025:15:06:17 +0000] "GET /ssl/?C=N&O=D HTTP/1.1" 200 1535 "-" "Mozilla/5.0 AppleWebKit/537.36 (KHTML, like Gecko; compatible; ClaudeBot/1.0; +claudebot@anthropic.com)"
185.191.171.4 - - [01/Jul/2025:15:06:19 +0000] "GET /cache/cache_03ccc987bb84ad942c7bdc1b37a1d5af HTTP/1.1" 200 7 "-" "Mozilla/5.0 (compatible; SemrushBot/7~bl; +http://www.semrush.com/bot.html)"
216.73.217.3 - - [01/Jul/2025:15:10:07 +0000] "GET /cache/cache_ef19e71ffaa23cd34a95526d0b4cb47a HTTP/1.1" 200 - "-" "Mozilla/5.0 AppleWebKit/537.36 (KHTML, like Gecko; compatible; ClaudeBot/1.0; +claudebot@anthropic.com)"
216.73.217.3 - - [01/Jul/2025:15:10:52 +0000] "GET /logs/?C=D&O=A HTTP/1.1" 200 3279 "-" "Mozilla/5.0 AppleWebKit/537.36 (KHTML, like Gecko; compatible; ClaudeBot/1.0; +claudebot@anthropic.com)"
216.73.217.3 - - [01/Jul/2025:15:10:53 +0000] "GET /logs/wrightimagegroup.com-Jun-2025.gz HTTP/1.1" 200 78222 "-" "Mozilla/5.0 AppleWebKit/537.36 (KHTML, like Gecko; compatible; ClaudeBot/1.0; +claudebot@anthropic.com)"
51.222.253.15 - - [01/Jul/2025:15:10:58 +0000] "GET /tmp/webalizer/usage_202411.html HTTP/1.1" 304 - "-" "Mozilla/5.0 (compatible; AhrefsBot/7.0; +http://ahrefs.com/robot/)"
216.73.217.3 - - [01/Jul/2025:15:13:58 +0000] "GET /public_ftp/?C=S&O=A HTTP/1.1" 200 852 "-" "Mozilla/5.0 AppleWebKit/537.36 (KHTML, like Gecko; compatible; ClaudeBot/1.0; +claudebot@anthropic.com)"
51.222.253.20 - - [01/Jul/2025:15:17:27 +0000] "GET /tmp/awstats/ssl/awstats062025.wrightimagegroup.com.txt HTTP/1.1" 200 22961 "-" "Mozilla/5.0 (compatible; AhrefsBot/7.0; +http://ahrefs.com/robot/)"
216.73.217.3 - - [01/Jul/2025:15:18:50 +0000] "GET /logs/?C=M&O=A HTTP/1.1" 200 3279 "-" "Mozilla/5.0 AppleWebKit/537.36 (KHTML, like Gecko; compatible; ClaudeBot/1.0; +claudebot@anthropic.com)"
43.157.168.43 - - [01/Jul/2025:15:20:20 +0000] "GET / HTTP/1.1" 200 2812 "-" "Mozilla/5.0 (iPhone; CPU iPhone OS 13_2_3 like Mac OS X) AppleWebKit/605.1.15 (KHTML, like Gecko) Version/13.0.3 Mobile/15E148 Safari/604.1"
51.222.253.9 - - [01/Jul/2025:15:23:23 +0000] "GET /tmp/analog/11.html HTTP/1.1" 304 - "-" "Mozilla/5.0 (compatible; AhrefsBot/7.0; +http://ahrefs.com/robot/)"
51.222.253.5 - - [01/Jul/2025:15:24:03 +0000] "GET /tmp/awstats/ssl/awstats062025.wrightimagegroup.wrightimagegroup.com.txt HTTP/1.1" 200 65858 "-" "Mozilla/5.0 (compatible; AhrefsBot/7.0; +http://ahrefs.com/robot/)"
216.73.217.3 - - [01/Jul/2025:15:25:54 +0000] "GET /ssl/?C=M&O=A HTTP/1.1" 200 1535 "-" "Mozilla/5.0 AppleWebKit/537.36 (KHTML, like Gecko; compatible; ClaudeBot/1.0; +claudebot@anthropic.com)"
114.119.152.177 - - [01/Jul/2025:15:27:21 +0000] "GET /tmp/awstats/ssl/awstats122022.wrightimagegroup.wrightimagegroup.com.txt HTTP/1.1" 200 35527 "http://www.wrightimagegroup.org/tmp/awstats/ssl/?C=M%3BO%3DA" "Mozilla/5.0 (Linux; Android 7.0;) AppleWebKit/537.36 (KHTML, like Gecko) Mobile Safari/537.36 (compatible; PetalBot;+https://webmaster.petalsearch.com/site/petalbot)"
85.208.96.197 - - [01/Jul/2025:15:29:20 +0000] "GET /robots.txt HTTP/1.1" 404 - "-" "Mozilla/5.0 (compatible; SemrushBot/7~bl; +http://www.semrush.com/bot.html)"
185.191.171.3 - - [01/Jul/2025:15:29:20 +0000] "GET /tmp/ HTTP/1.1" 200 1555 "-" "Mozilla/5.0 (compatible; SemrushBot/7~bl; +http://www.semrush.com/bot.html)"
51.222.253.19 - - [01/Jul/2025:15:30:37 +0000] "GET /logs/?C=D;O=A HTTP/1.1" 200 3296 "-" "Mozilla/5.0 (compatible; AhrefsBot/7.0; +http://ahrefs.com/robot/)"
114.119.138.179 - - [01/Jul/2025:15:30:42 +0000] "GET /tmp/awstats/awstats072016.triumphofflight.org.wrightimagegroup.com.txt HTTP/1.1" 200 6595 "http://www.wrightimagegroup.org/tmp/awstats/?C=S%3BO%3DD" "Mozilla/5.0 (Linux; Android 7.0;) AppleWebKit/537.36 (KHTML, like Gecko) Mobile Safari/537.36 (compatible; PetalBot;+https://webmaster.petalsearch.com/site/petalbot)"
114.119.140.169 - - [01/Jul/2025:15:33:48 +0000] "GET /tmp/awstats/awstats082022.wrightimagegroup.com.txt HTTP/1.1" 200 21651 "http://wrightimagegroup.org/tmp/awstats/?C=S%3BO%3DA" "Mozilla/5.0 (Linux; Android 7.0;) AppleWebKit/537.36 (KHTML, like Gecko) Mobile Safari/537.36 (compatible; PetalBot;+https://webmaster.petalsearch.com/site/petalbot)"
51.222.253.3 - - [01/Jul/2025:15:34:02 +0000] "GET /tmp/analog/1.html HTTP/1.1" 304 - "-" "Mozilla/5.0 (compatible; AhrefsBot/7.0; +http://ahrefs.com/robot/)"
216.73.217.3 - - [01/Jul/2025:15:34:53 +0000] "GET /logs/?C=N&O=D HTTP/1.1" 200 3279 "-" "Mozilla/5.0 AppleWebKit/537.36 (KHTML, like Gecko; compatible; ClaudeBot/1.0; +claudebot@anthropic.com)"
51.222.253.3 - - [01/Jul/2025:15:36:25 +0000] "GET /public_ftp/ HTTP/1.1" 200 873 "-" "Mozilla/5.0 (compatible; AhrefsBot/7.0; +http://ahrefs.com/robot/)"
185.191.171.5 - - [01/Jul/2025:15:36:43 +0000] "GET /cache/ HTTP/1.1" 200 3986 "-" "Mozilla/5.0 (compatible; SemrushBot/7~bl; +http://www.semrush.com/bot.html)"
3.232.102.111 - - [01/Jul/2025:15:40:01 +0000] "GET /?locale=fr HTTP/1.1" 200 2799 "-" "Mozilla/5.0 AppleWebKit/537.36 (KHTML, like Gecko; compatible; Amazonbot/0.1; +https://developer.amazon.com/support/amazonbot) Chrome/119.0.6045.214 Safari/537.36"
23.23.137.202 - - [01/Jul/2025:15:40:11 +0000] "GET /ssl/certs/ HTTP/1.1" 200 677 "-" "Mozilla/5.0 AppleWebKit/537.36 (KHTML, like Gecko; compatible; Amazonbot/0.1; +https://developer.amazon.com/support/amazonbot) Chrome/119.0.6045.214 Safari/537.36"
3.221.244.28 - - [01/Jul/2025:15:40:13 +0000] "GET /?locale=ko HTTP/1.1" 200 2799 "-" "Mozilla/5.0 AppleWebKit/537.36 (KHTML, like Gecko; compatible; Amazonbot/0.1; +https://developer.amazon.com/support/amazonbot) Chrome/119.0.6045.214 Safari/537.36"
18.207.89.138 - - [01/Jul/2025:15:40:17 +0000] "GET /tmp/webalizer/ HTTP/1.1" 200 9923 "-" "Mozilla/5.0 AppleWebKit/537.36 (KHTML, like Gecko; compatible; Amazonbot/0.1; +https://developer.amazon.com/support/amazonbot) Chrome/119.0.6045.214 Safari/537.36"
51.222.253.1 - - [01/Jul/2025:15:43:02 +0000] "GET /tmp/webalizer/usage_202409.html HTTP/1.1" 304 - "-" "Mozilla/5.0 (compatible; AhrefsBot/7.0; +http://ahrefs.com/robot/)"
51.222.253.12 - - [01/Jul/2025:15:43:31 +0000] "GET /tmp/analog/6.html HTTP/1.1" 304 - "-" "Mozilla/5.0 (compatible; AhrefsBot/7.0; +http://ahrefs.com/robot/)"
216.73.217.3 - - [01/Jul/2025:15:44:58 +0000] "GET /tof/?C=N&O=A HTTP/1.1" 200 837 "-" "Mozilla/5.0 AppleWebKit/537.36 (KHTML, like Gecko; compatible; ClaudeBot/1.0; +claudebot@anthropic.com)"
216.244.66.229 - - [01/Jul/2025:15:47:17 +0000] "GET /robots.txt HTTP/1.1" 404 - "-" "Mozilla/5.0 (compatible; DotBot/1.2; +https://opensiteexplorer.org/dotbot; help@moz.com)"
51.222.253.18 - - [01/Jul/2025:15:49:33 +0000] "GET /logs/?C=M;O=A HTTP/1.1" 200 3296 "-" "Mozilla/5.0 (compatible; AhrefsBot/7.0; +http://ahrefs.com/robot/)"
51.222.253.3 - - [01/Jul/2025:15:53:12 +0000] "GET /tmp/analog/ssl/wrightimagegroup.wrightimagegroup.com/4.html HTTP/1.1" 304 - "-" "Mozilla/5.0 (compatible; AhrefsBot/7.0; +http://ahrefs.com/robot/)"
51.222.253.11 - - [01/Jul/2025:15:56:02 +0000] "GET /logs/?C=S;O=A HTTP/1.1" 200 3296 "-" "Mozilla/5.0 (compatible; AhrefsBot/7.0; +http://ahrefs.com/robot/)"
216.73.216.88 - - [01/Jul/2025:15:59:19 +0000] "GET /robots.txt HTTP/1.1" 404 - "-" "Mozilla/5.0 AppleWebKit/537.36 (KHTML, like Gecko; compatible; ClaudeBot/1.0; +claudebot@anthropic.com)"
216.73.216.88 - - [01/Jul/2025:15:59:21 +0000] "GET /etc/?C=D&O=D HTTP/1.1" 200 1201 "-" "Mozilla/5.0 AppleWebKit/537.36 (KHTML, like Gecko; compatible; ClaudeBot/1.0; +claudebot@anthropic.com)"
51.222.253.18 - - [01/Jul/2025:16:02:59 +0000] "GET /tmp/analog/ HTTP/1.1" 200 5857 "-" "Mozilla/5.0 (compatible; AhrefsBot/7.0; +http://ahrefs.com/robot/)"
114.119.146.18 - - [01/Jul/2025:16:05:30 +0000] "GET /tmp/awstats/ssl/awstats102023.wrightimagegroup.com.txt HTTP/1.1" 200 14309 "http://wrightimagegroup.org/tmp/awstats/ssl/?C=M%3BO%3DA" "Mozilla/5.0 (Linux; Android 7.0;) AppleWebKit/537.36 (KHTML, like Gecko) Mobile Safari/537.36 (compatible; PetalBot;+https://webmaster.petalsearch.com/site/petalbot)"
114.119.149.89 - - [01/Jul/2025:16:06:48 +0000] "GET /tmp/awstats/awstats122022.wrightimagegroup.com.txt HTTP/1.1" 200 22006 "http://www.wrightimagegroup.org/tmp/awstats/?C=S%3BO%3DD" "Mozilla/5.0 (Linux; Android 7.0;) AppleWebKit/537.36 (KHTML, like Gecko) Mobile Safari/537.36 (compatible; PetalBot;+https://webmaster.petalsearch.com/site/petalbot)"
114.119.144.41 - - [01/Jul/2025:16:08:33 +0000] "GET /tmp/awstats/awstats062021.wrightimagegroup.wrightimagegroup.com.txt HTTP/1.1" 200 50590 "http://wrightimagegroup.org/tmp/awstats/?C=S%3BO%3DA" "Mozilla/5.0 (Linux; Android 7.0;) AppleWebKit/537.36 (KHTML, like Gecko) Mobile Safari/537.36 (compatible; PetalBot;+https://webmaster.petalsearch.com/site/petalbot)"
51.222.253.13 - - [01/Jul/2025:16:10:25 +0000] "GET /tmp/webalizer/usage_202504.html HTTP/1.1" 304 - "-" "Mozilla/5.0 (compatible; AhrefsBot/7.0; +http://ahrefs.com/robot/)"
216.73.216.88 - - [01/Jul/2025:16:13:52 +0000] "GET /tof/?C=D&O=D HTTP/1.1" 200 837 "-" "Mozilla/5.0 AppleWebKit/537.36 (KHTML, like Gecko; compatible; ClaudeBot/1.0; +claudebot@anthropic.com)"
216.73.216.88 - - [01/Jul/2025:16:13:53 +0000] "GET /tof/cgi-bin/?C=N&O=D HTTP/1.1" 200 681 "-" "Mozilla/5.0 AppleWebKit/537.36 (KHTML, like Gecko; compatible; ClaudeBot/1.0; +claudebot@anthropic.com)"
101.33.66.34 - - [01/Jul/2025:16:15:29 +0000] "GET / HTTP/1.1" 200 2816 "-" "Mozilla/5.0 (iPhone; CPU iPhone OS 13_2_3 like Mac OS X) AppleWebKit/605.1.15 (KHTML, like Gecko) Version/13.0.3 Mobile/15E148 Safari/604.1"
104.210.140.134 - - [01/Jul/2025:16:18:11 +0000] "GET /robots.txt HTTP/1.1" 404 - "-" "Mozilla/5.0 (Macintosh; Intel Mac OS X 10_15_7) AppleWebKit/537.36 (KHTML, like Gecko) Chrome/131.0.0.0 Safari/537.36; compatible; OAI-SearchBot/1.0; +https://openai.com/searchbot"
216.244.66.229 - - [01/Jul/2025:16:18:25 +0000] "GET /?C=D;O%3DD HTTP/1.1" 200 2799 "-" "Mozilla/5.0 (compatible; DotBot/1.2; +https://opensiteexplorer.org/dotbot; help@moz.com)"
216.244.66.229 - - [01/Jul/2025:16:18:30 +0000] "GET /?C=M;O%3DD HTTP/1.1" 200 2799 "-" "Mozilla/5.0 (compatible; DotBot/1.2; +https://opensiteexplorer.org/dotbot; help@moz.com)"
114.119.135.202 - - [01/Jul/2025:16:18:53 +0000] "GET /tmp/awstats/ssl/awstats052022.wrightimagegroup.wrightimagegroup.com.txt HTTP/1.1" 200 36351 "http://www.wrightimagegroup.org/tmp/awstats/ssl/?C=M%3BO%3DA" "Mozilla/5.0 (Linux; Android 7.0;) AppleWebKit/537.36 (KHTML, like Gecko) Mobile Safari/537.36 (compatible; PetalBot;+https://webmaster.petalsearch.com/site/petalbot)"
114.119.140.169 - - [01/Jul/2025:16:20:26 +0000] "GET /tmp/awstats/awstats112022.wrightimagegroup.wrightimagegroup.com.txt HTTP/1.1" 200 48868 "http://www.wrightimagegroup.org/tmp/awstats/?C=S%3BO%3DD" "Mozilla/5.0 (Linux; Android 7.0;) AppleWebKit/537.36 (KHTML, like Gecko) Mobile Safari/537.36 (compatible; PetalBot;+https://webmaster.petalsearch.com/site/petalbot)"
51.222.253.6 - - [01/Jul/2025:16:22:19 +0000] "GET /tmp/analog/ssl/wrightimagegroup.com/4.html HTTP/1.1" 304 - "-" "Mozilla/5.0 (compatible; AhrefsBot/7.0; +http://ahrefs.com/robot/)"
216.73.216.88 - - [01/Jul/2025:16:26:48 +0000] "GET /etc/?C=M&O=D HTTP/1.1" 200 1201 "-" "Mozilla/5.0 AppleWebKit/537.36 (KHTML, like Gecko; compatible; ClaudeBot/1.0; +claudebot@anthropic.com)"
216.73.216.88 - - [01/Jul/2025:16:26:48 +0000] "GET /public_ftp/?C=M&O=D HTTP/1.1" 200 852 "-" "Mozilla/5.0 AppleWebKit/537.36 (KHTML, like Gecko; compatible; ClaudeBot/1.0; +claudebot@anthropic.com)"
159.138.101.167 - - [01/Jul/2025:16:36:12 +0000] "GET /robots.txt HTTP/1.1" 404 - "http://wrightimagegroup.org/robots.txt" "Mozilla/5.0 (Windows NT 10.0; Win64; x64) AppleWebKit/537.36 (KHTML, like Gecko) Chrome/110.0.0.0 Safari/537.36"
51.222.253.1 - - [01/Jul/2025:16:36:12 +0000] "GET /tmp/webalizer/usage_202410.html HTTP/1.1" 304 - "-" "Mozilla/5.0 (compatible; AhrefsBot/7.0; +http://ahrefs.com/robot/)"
51.222.253.17 - - [01/Jul/2025:16:42:11 +0000] "GET /tmp/webalizer/usage_202502.html HTTP/1.1" 304 - "-" "Mozilla/5.0 (compatible; AhrefsBot/7.0; +http://ahrefs.com/robot/)"
51.222.253.15 - - [01/Jul/2025:16:42:44 +0000] "GET /robots.txt HTTP/1.1" 404 - "-" "Mozilla/5.0 (compatible; AhrefsBot/7.0; +http://ahrefs.com/robot/)"
51.222.253.9 - - [01/Jul/2025:16:42:45 +0000] "GET /tmp/analog/ssl/wrightimagegroup.wrightimagegroup.com/4.html HTTP/1.1" 304 - "-" "Mozilla/5.0 (compatible; AhrefsBot/7.0; +http://ahrefs.com/robot/)"
114.119.135.202 - - [01/Jul/2025:16:43:06 +0000] "GET /tmp/awstats/awstats052016.wrightimagegroup.com.txt HTTP/1.1" 200 7025 "http://www.wrightimagegroup.org/tmp/awstats/?C=S%3BO%3DD" "Mozilla/5.0 (Linux; Android 7.0;) AppleWebKit/537.36 (KHTML, like Gecko) Mobile Safari/537.36 (compatible; PetalBot;+https://webmaster.petalsearch.com/site/petalbot)"
114.119.140.169 - - [01/Jul/2025:16:44:32 +0000] "GET /tmp/awstats/ssl/awstats012022.wrightimagegroup.wrightimagegroup.com.txt HTTP/1.1" 200 29036 "http://www.wrightimagegroup.org/tmp/awstats/ssl/?C=M%3BO%3DA" "Mozilla/5.0 (Linux; Android 7.0;) AppleWebKit/537.36 (KHTML, like Gecko) Mobile Safari/537.36 (compatible; PetalBot;+https://webmaster.petalsearch.com/site/petalbot)"
216.244.66.230 - - [01/Jul/2025:16:44:41 +0000] "GET /robots.txt HTTP/1.1" 404 - "-" "Mozilla/5.0 (compatible; DotBot/1.2; +https://opensiteexplorer.org/dotbot; help@moz.com)"
114.119.149.89 - - [01/Jul/2025:16:47:25 +0000] "GET /tmp/awstats/awstats122019.wrightimagegroup.wrightimagegroup.com.txt HTTP/1.1" 200 15060 "http://wrightimagegroup.org/tmp/awstats/?C=S%3BO%3DA" "Mozilla/5.0 (Linux; Android 7.0;) AppleWebKit/537.36 (KHTML, like Gecko) Mobile Safari/537.36 (compatible; PetalBot;+https://webmaster.petalsearch.com/site/petalbot)"
216.244.66.229 - - [01/Jul/2025:16:48:21 +0000] "GET /robots.txt HTTP/1.1" 404 - "-" "Mozilla/5.0 (compatible; DotBot/1.2; +https://opensiteexplorer.org/dotbot; help@moz.com)"
216.244.66.229 - - [01/Jul/2025:16:48:21 +0000] "GET /robots.txt HTTP/1.1" 404 - "-" "Mozilla/5.0 (compatible; DotBot/1.2; +https://opensiteexplorer.org/dotbot; help@moz.com)"
51.222.253.8 - - [01/Jul/2025:16:49:02 +0000] "GET /tmp/webalizer/usage_202412.html HTTP/1.1" 304 - "-" "Mozilla/5.0 (compatible; AhrefsBot/7.0; +http://ahrefs.com/robot/)"
85.208.96.194 - - [01/Jul/2025:16:50:48 +0000] "GET /robots.txt HTTP/1.1" 404 - "-" "Mozilla/5.0 (compatible; SemrushBot/7~bl; +http://www.semrush.com/bot.html)"
85.208.96.198 - - [01/Jul/2025:16:50:48 +0000] "GET /mail/dovecot-uidvalidity HTTP/1.1" 200 8 "-" "Mozilla/5.0 (compatible; SemrushBot/7~bl; +http://www.semrush.com/bot.html)"
51.222.253.16 - - [01/Jul/2025:16:52:53 +0000] "GET /tmp/analog/ssl/wrightimagegroup.com/4.html HTTP/1.1" 304 - "-" "Mozilla/5.0 (compatible; AhrefsBot/7.0; +http://ahrefs.com/robot/)"
51.222.253.15 - - [01/Jul/2025:16:55:11 +0000] "GET /tmp/webalizer/usage_202504.html HTTP/1.1" 304 - "-" "Mozilla/5.0 (compatible; AhrefsBot/7.0; +http://ahrefs.com/robot/)"
216.244.66.230 - - [01/Jul/2025:16:55:17 +0000] "GET /ssl/?C=N%3BO%3DD HTTP/1.1" 200 1556 "-" "Mozilla/5.0 (compatible; DotBot/1.2; +https://opensiteexplorer.org/dotbot; help@moz.com)"
216.244.66.230 - - [01/Jul/2025:16:55:38 +0000] "GET /public_ftp/?C=N%3BO%3DD HTTP/1.1" 200 873 "-" "Mozilla/5.0 (compatible; DotBot/1.2; +https://opensiteexplorer.org/dotbot; help@moz.com)"
216.244.66.230 - - [01/Jul/2025:16:56:27 +0000] "GET /?locale=nb HTTP/1.1" 200 2816 "-" "Mozilla/5.0 (compatible; DotBot/1.2; +https://opensiteexplorer.org/dotbot; help@moz.com)"
216.244.66.230 - - [01/Jul/2025:16:56:31 +0000] "GET /?locale=sl HTTP/1.1" 200 2816 "-" "Mozilla/5.0 (compatible; DotBot/1.2; +https://opensiteexplorer.org/dotbot; help@moz.com)"
216.244.66.230 - - [01/Jul/2025:16:56:36 +0000] "GET /?locale=zh_tw HTTP/1.1" 200 2816 "-" "Mozilla/5.0 (compatible; DotBot/1.2; +https://opensiteexplorer.org/dotbot; help@moz.com)"
114.119.149.89 - - [01/Jul/2025:16:57:46 +0000] "GET /tmp/awstats/ssl/awstats022021.wrightimagegroup.com.txt HTTP/1.1" 200 8606 "http://www.wrightimagegroup.org/tmp/awstats/ssl/?C=M%3BO%3DA" "Mozilla/5.0 (Linux; Android 7.0;) AppleWebKit/537.36 (KHTML, like Gecko) Mobile Safari/537.36 (compatible; PetalBot;+https://webmaster.petalsearch.com/site/petalbot)"
114.119.138.179 - - [01/Jul/2025:17:00:22 +0000] "GET /tmp/awstats/ssl/awstats072022.wrightimagegroup.com.txt HTTP/1.1" 200 15595 "http://wrightimagegroup.org/tmp/awstats/ssl/?C=M%3BO%3DA" "Mozilla/5.0 (Linux; Android 7.0;) AppleWebKit/537.36 (KHTML, like Gecko) Mobile Safari/537.36 (compatible; PetalBot;+https://webmaster.petalsearch.com/site/petalbot)"
51.222.253.5 - - [01/Jul/2025:17:01:32 +0000] "GET /tmp/webalizer/usage_202501.html HTTP/1.1" 304 - "-" "Mozilla/5.0 (compatible; AhrefsBot/7.0; +http://ahrefs.com/robot/)"
51.222.253.5 - - [01/Jul/2025:17:03:36 +0000] "GET /tmp/webalizer/usage_202504.html HTTP/1.1" 304 - "-" "Mozilla/5.0 (compatible; AhrefsBot/7.0; +http://ahrefs.com/robot/)"
85.208.96.210 - - [01/Jul/2025:17:04:33 +0000] "GET /public_html/ HTTP/1.1" 301 309 "-" "Mozilla/5.0 (compatible; SemrushBot/7~bl; +http://www.semrush.com/bot.html)"
51.222.253.13 - - [01/Jul/2025:17:07:28 +0000] "GET /tmp/webalizer/usage_202503.html HTTP/1.1" 304 - "-" "Mozilla/5.0 (compatible; AhrefsBot/7.0; +http://ahrefs.com/robot/)"
216.244.66.229 - - [01/Jul/2025:17:10:15 +0000] "GET /tmp/webalizer/usage_202109.html HTTP/1.1" 200 95557 "-" "Mozilla/5.0 (compatible; DotBot/1.2; +https://opensiteexplorer.org/dotbot; help@moz.com)"
34.53.63.89 - - [01/Jul/2025:17:10:24 +0000] "HEAD /wordpress HTTP/1.1" 404 - "-" "Mozilla/5.0 (Windows NT 10.0; Win64; x64) AppleWebKit/537.36 (KHTML, like Gecko) Chrome/74.0.3729.169 Safari/537.36"
34.53.63.89 - - [01/Jul/2025:17:10:24 +0000] "HEAD / HTTP/1.1" 200 - "-" "Mozilla/5.0 (Windows NT 10.0; Win64; x64) AppleWebKit/537.36 (KHTML, like Gecko) Chrome/74.0.3729.169 Safari/537.36"
34.53.63.89 - - [01/Jul/2025:17:10:24 +0000] "HEAD /wp HTTP/1.1" 404 - "-" "Mozilla/5.0 (Windows NT 10.0; Win64; x64) AppleWebKit/537.36 (KHTML, like Gecko) Chrome/74.0.3729.169 Safari/537.36"
34.53.63.89 - - [01/Jul/2025:17:10:25 +0000] "HEAD /bc HTTP/1.1" 404 - "-" "Mozilla/5.0 (Windows NT 10.0; Win64; x64) AppleWebKit/537.36 (KHTML, like Gecko) Chrome/74.0.3729.169 Safari/537.36"
34.53.63.89 - - [01/Jul/2025:17:10:25 +0000] "HEAD /bk HTTP/1.1" 404 - "-" "Mozilla/5.0 (Windows NT 10.0; Win64; x64) AppleWebKit/537.36 (KHTML, like Gecko) Chrome/74.0.3729.169 Safari/537.36"
34.53.63.89 - - [01/Jul/2025:17:10:25 +0000] "HEAD /backup HTTP/1.1" 404 - "-" "Mozilla/5.0 (Windows NT 10.0; Win64; x64) AppleWebKit/537.36 (KHTML, like Gecko) Chrome/74.0.3729.169 Safari/537.36"
34.53.63.89 - - [01/Jul/2025:17:10:25 +0000] "HEAD /old HTTP/1.1" 404 - "-" "Mozilla/5.0 (Windows NT 10.0; Win64; x64) AppleWebKit/537.36 (KHTML, like Gecko) Chrome/74.0.3729.169 Safari/537.36"
34.53.63.89 - - [01/Jul/2025:17:10:25 +0000] "HEAD /new HTTP/1.1" 404 - "-" "Mozilla/5.0 (Windows NT 10.0; Win64; x64) AppleWebKit/537.36 (KHTML, like Gecko) Chrome/74.0.3729.169 Safari/537.36"
34.53.63.89 - - [01/Jul/2025:17:10:25 +0000] "HEAD /main HTTP/1.1" 404 - "-" "Mozilla/5.0 (Windows NT 10.0; Win64; x64) AppleWebKit/537.36 (KHTML, like Gecko) Chrome/74.0.3729.169 Safari/537.36"
34.53.63.89 - - [01/Jul/2025:17:10:25 +0000] "HEAD /home HTTP/1.1" 404 - "-" "Mozilla/5.0 (Windows NT 10.0; Win64; x64) AppleWebKit/537.36 (KHTML, like Gecko) Chrome/74.0.3729.169 Safari/537.36"
85.208.96.197 - - [01/Jul/2025:17:11:00 +0000] "GET /mail/cur/ HTTP/1.1" 200 680 "-" "Mozilla/5.0 (compatible; SemrushBot/7~bl; +http://www.semrush.com/bot.html)"
216.73.216.163 - - [01/Jul/2025:17:11:22 +0000] "GET /robots.txt HTTP/1.1" 404 - "-" "Mozilla/5.0 AppleWebKit/537.36 (KHTML, like Gecko; compatible; ClaudeBot/1.0; +claudebot@anthropic.com)"
216.73.216.163 - - [01/Jul/2025:17:11:23 +0000] "GET /tof/cgi-bin/?C=S&O=A HTTP/1.1" 200 681 "-" "Mozilla/5.0 AppleWebKit/537.36 (KHTML, like Gecko; compatible; ClaudeBot/1.0; +claudebot@anthropic.com)"
51.222.253.4 - - [01/Jul/2025:17:14:04 +0000] "GET /tmp/analog/1.html HTTP/1.1" 304 - "-" "Mozilla/5.0 (compatible; AhrefsBot/7.0; +http://ahrefs.com/robot/)"
216.244.66.229 - - [01/Jul/2025:17:14:41 +0000] "GET /tmp/awstats/ssl/awstats102023.wrightimagegroup.wrightimagegroup.com.txt HTTP/1.1" 200 69670 "-" "Mozilla/5.0 (compatible; DotBot/1.2; +https://opensiteexplorer.org/dotbot; help@moz.com)"
216.244.66.229 - - [01/Jul/2025:17:17:03 +0000] "GET /tmp/awstats/ssl/?C=N;O%3DD HTTP/1.1" 200 29837 "-" "Mozilla/5.0 (compatible; DotBot/1.2; +https://opensiteexplorer.org/dotbot; help@moz.com)"
51.222.253.16 - - [01/Jul/2025:17:20:25 +0000] "GET /tmp/analog/10.html HTTP/1.1" 304 - "-" "Mozilla/5.0 (compatible; AhrefsBot/7.0; +http://ahrefs.com/robot/)"
114.119.140.169 - - [01/Jul/2025:17:24:03 +0000] "GET /tmp/webalizer/usage_202102.html HTTP/1.1" 200 85621 "http://wrightimagegroup.org/tmp/webalizer/usage_202102.html" "Mozilla/5.0 (Linux; Android 7.0;) AppleWebKit/537.36 (KHTML, like Gecko) Mobile Safari/537.36 (compatible; PetalBot;+https://webmaster.petalsearch.com/site/petalbot)"
114.119.146.18 - - [01/Jul/2025:17:24:51 +0000] "GET /tmp/awstats/awstats102016.triumphofflight.org.wrightimagegroup.com.txt HTTP/1.1" 200 6475 "http://wrightimagegroup.org/tmp/awstats/?C=S%3BO%3DA" "Mozilla/5.0 (Linux; Android 7.0;) AppleWebKit/537.36 (KHTML, like Gecko) Mobile Safari/537.36 (compatible; PetalBot;+https://webmaster.petalsearch.com/site/petalbot)"
51.222.253.11 - - [01/Jul/2025:17:26:35 +0000] "GET /tmp/analog/11.html HTTP/1.1" 304 - "-" "Mozilla/5.0 (compatible; AhrefsBot/7.0; +http://ahrefs.com/robot/)"
51.222.253.14 - - [01/Jul/2025:17:32:57 +0000] "GET /tmp/analog/10.html HTTP/1.1" 304 - "-" "Mozilla/5.0 (compatible; AhrefsBot/7.0; +http://ahrefs.com/robot/)"
51.222.253.8 - - [01/Jul/2025:17:33:10 +0000] "GET /tmp/analog/12.html HTTP/1.1" 304 - "-" "Mozilla/5.0 (compatible; AhrefsBot/7.0; +http://ahrefs.com/robot/)"
216.244.66.229 - - [01/Jul/2025:17:36:44 +0000] "GET /robots.txt HTTP/1.1" 404 - "-" "Mozilla/5.0 (compatible; DotBot/1.2; +https://opensiteexplorer.org/dotbot; help@moz.com)"
216.244.66.229 - - [01/Jul/2025:17:36:45 +0000] "GET /robots.txt HTTP/1.1" 404 - "-" "Mozilla/5.0 (compatible; DotBot/1.2; +https://opensiteexplorer.org/dotbot; help@moz.com)"
51.222.253.7 - - [01/Jul/2025:17:39:42 +0000] "GET /tmp/analog/2.html HTTP/1.1" 304 - "-" "Mozilla/5.0 (compatible; AhrefsBot/7.0; +http://ahrefs.com/robot/)"
3.17.255.71 - - [01/Jul/2025:17:42:22 +0000] "GET / HTTP/1.1" 200 2800 "-" "Mozilla/5.0 zgrab/0.x"
114.96.103.33 - - [01/Jul/2025:17:42:27 +0000] "GET / HTTP/1.1" 200 2795 "-" "Mozilla/5.0 (iPhone; CPU iPhone OS 13_2_3 like Mac OS X) AppleWebKit/605.1.15 (KHTML, like Gecko) Version/13.0.3 Mobile/15E148 Safari/604.1"
51.222.253.14 - - [01/Jul/2025:17:42:45 +0000] "GET /tmp/analog/4.html HTTP/1.1" 304 - "-" "Mozilla/5.0 (compatible; AhrefsBot/7.0; +http://ahrefs.com/robot/)"
51.222.253.17 - - [01/Jul/2025:17:46:00 +0000] "GET /tmp/analog/3.html HTTP/1.1" 304 - "-" "Mozilla/5.0 (compatible; AhrefsBot/7.0; +http://ahrefs.com/robot/)"
185.191.171.12 - - [01/Jul/2025:17:48:59 +0000] "GET /cgi-bin/ HTTP/1.1" 404 - "-" "Mozilla/5.0 (compatible; SemrushBot/7~bl; +http://www.semrush.com/bot.html)"
114.119.152.177 - - [01/Jul/2025:17:49:59 +0000] "GET /tmp/webalizer/usage_202201.html HTTP/1.1" 200 99777 "http://www.wrightimagegroup.org/tmp/webalizer/usage_202201.html" "Mozilla/5.0 (Linux; Android 7.0;) AppleWebKit/537.36 (KHTML, like Gecko) Mobile Safari/537.36 (compatible; PetalBot;+https://webmaster.petalsearch.com/site/petalbot)"
114.119.140.169 - - [01/Jul/2025:17:51:22 +0000] "GET /tmp/awstats/awstats102018.wrightimagegroup.com.txt HTTP/1.1" 200 10618 "http://www.wrightimagegroup.org/tmp/awstats/?C=S%3BO%3DD" "Mozilla/5.0 (Linux; Android 7.0;) AppleWebKit/537.36 (KHTML, like Gecko) Mobile Safari/537.36 (compatible; PetalBot;+https://webmaster.petalsearch.com/site/petalbot)"
114.119.144.41 - - [01/Jul/2025:17:53:13 +0000] "GET /tmp/awstats/awstats082023.wrightimagegroup.wrightimagegroup.com.txt HTTP/1.1" 200 83813 "http://www.wrightimagegroup.org/tmp/awstats/?C=S%3BO%3DD" "Mozilla/5.0 (Linux; Android 7.0;) AppleWebKit/537.36 (KHTML, like Gecko) Mobile Safari/537.36 (compatible; PetalBot;+https://webmaster.petalsearch.com/site/petalbot)"
114.119.152.177 - - [01/Jul/2025:17:55:36 +0000] "GET /tmp/awstats/awstats022025.wrightimagegroup.wrightimagegroup.com.txt HTTP/1.1" 200 167476 "http://www.wrightimagegroup.org/tmp/awstats/?C=S%3BO%3DD" "Mozilla/5.0 (Linux; Android 7.0;) AppleWebKit/537.36 (KHTML, like Gecko) Mobile Safari/537.36 (compatible; PetalBot;+https://webmaster.petalsearch.com/site/petalbot)"
114.119.135.202 - - [01/Jul/2025:17:57:39 +0000] "GET /tmp/awstats/awstats052024.wrightimagegroup.wrightimagegroup.com.txt HTTP/1.1" 200 153446 "http://www.wrightimagegroup.org/tmp/awstats/?C=S%3BO%3DD" "Mozilla/5.0 (Linux; Android 7.0;) AppleWebKit/537.36 (KHTML, like Gecko) Mobile Safari/537.36 (compatible; PetalBot;+https://webmaster.petalsearch.com/site/petalbot)"
114.119.152.177 - - [01/Jul/2025:17:58:57 +0000] "GET /tmp/awstats/awstats022024.wrightimagegroup.wrightimagegroup.com.txt HTTP/1.1" 200 122001 "http://www.wrightimagegroup.org/tmp/awstats/?C=S%3BO%3DD" "Mozilla/5.0 (Linux; Android 7.0;) AppleWebKit/537.36 (KHTML, like Gecko) Mobile Safari/537.36 (compatible; PetalBot;+https://webmaster.petalsearch.com/site/petalbot)"
114.119.152.177 - - [01/Jul/2025:18:00:38 +0000] "GET /cache/cache_7e42e28da57cdcc6f9ddcbdab50384fb HTTP/1.1" 200 - "http://www.wrightimagegroup.org/cache/?C=S%3BO%3DD" "Mozilla/5.0 (Linux; Android 7.0;) AppleWebKit/537.36 (KHTML, like Gecko) Mobile Safari/537.36 (compatible; PetalBot;+https://webmaster.petalsearch.com/site/petalbot)"
114.119.140.169 - - [01/Jul/2025:18:01:19 +0000] "GET /cache/cache_0f1ff313f7d5dc65958843d70148d9f6 HTTP/1.1" 200 7 "http://www.wrightimagegroup.org/cache/?C=S%3BO%3DD" "Mozilla/5.0 (Linux; Android 7.0;) AppleWebKit/537.36 (KHTML, like Gecko) Mobile Safari/537.36 (compatible; PetalBot;+https://webmaster.petalsearch.com/site/petalbot)"
216.244.66.229 - - [01/Jul/2025:18:02:25 +0000] "GET /etc/?C=M%3BO%3DA HTTP/1.1" 200 1206 "-" "Mozilla/5.0 (compatible; DotBot/1.2; +https://opensiteexplorer.org/dotbot; help@moz.com)"
216.244.66.229 - - [01/Jul/2025:18:02:30 +0000] "GET /etc/?C=N%3BO%3DD HTTP/1.1" 200 1206 "-" "Mozilla/5.0 (compatible; DotBot/1.2; +https://opensiteexplorer.org/dotbot; help@moz.com)"
216.244.66.229 - - [01/Jul/2025:18:03:16 +0000] "GET /www/triumphofflight.org/?C=N;O%3DD HTTP/1.1" 200 886 "-" "Mozilla/5.0 (compatible; DotBot/1.2; +https://opensiteexplorer.org/dotbot; help@moz.com)"
216.244.66.229 - - [01/Jul/2025:18:03:23 +0000] "GET /www/triumphofflight.org/?C=S;O%3DA HTTP/1.1" 200 886 "-" "Mozilla/5.0 (compatible; DotBot/1.2; +https://opensiteexplorer.org/dotbot; help@moz.com)"
216.244.66.229 - - [01/Jul/2025:18:04:18 +0000] "GET /tmp/awstats/ssl/awstats022021.wrightimagegroup.wrightimagegroup.com.txt HTTP/1.1" 200 11748 "-" "Mozilla/5.0 (compatible; DotBot/1.2; +https://opensiteexplorer.org/dotbot; help@moz.com)"
216.244.66.229 - - [01/Jul/2025:18:05:46 +0000] "GET /tmp/awstats/ssl/?C=M;O=D HTTP/1.1" 200 29832 "-" "Mozilla/5.0 (compatible; DotBot/1.2; +https://opensiteexplorer.org/dotbot; help@moz.com)"
216.73.216.163 - - [01/Jul/2025:18:12:32 +0000] "GET /robots.txt HTTP/1.1" 404 - "-" "Mozilla/5.0 AppleWebKit/537.36 (KHTML, like Gecko; compatible; ClaudeBot/1.0; +claudebot@anthropic.com)"
216.73.216.163 - - [01/Jul/2025:18:12:33 +0000] "GET /tof/cgi-bin/?C=M&O=A HTTP/1.1" 200 681 "-" "Mozilla/5.0 AppleWebKit/537.36 (KHTML, like Gecko; compatible; ClaudeBot/1.0; +claudebot@anthropic.com)"
216.73.216.163 - - [01/Jul/2025:18:13:41 +0000] "GET /ssl/csrs/?C=M&O=A HTTP/1.1" 200 675 "-" "Mozilla/5.0 AppleWebKit/537.36 (KHTML, like Gecko; compatible; ClaudeBot/1.0; +claudebot@anthropic.com)"
