216.244.66.229 - - [01/Jul/2025:18:25:09 +0000] "GET /robots.txt HTTP/1.1" 404 - "-" "Mozilla/5.0 (compatible; DotBot/1.2; +https://opensiteexplorer.org/dotbot; help@moz.com)"
216.244.66.229 - - [01/Jul/2025:18:25:09 +0000] "GET /robots.txt HTTP/1.1" 404 - "-" "Mozilla/5.0 (compatible; DotBot/1.2; +https://opensiteexplorer.org/dotbot; help@moz.com)"
216.73.216.163 - - [01/Jul/2025:18:28:09 +0000] "GET /ssl/csrs/?C=S&O=A HTTP/1.1" 200 675 "-" "Mozilla/5.0 AppleWebKit/537.36 (KHTML, like Gecko; compatible; ClaudeBot/1.0; +claudebot@anthropic.com)"
216.73.216.163 - - [01/Jul/2025:18:34:16 +0000] "GET /tof/cgi-bin/?C=D&O=A HTTP/1.1" 200 681 "-" "Mozilla/5.0 AppleWebKit/537.36 (KHTML, like Gecko; compatible; ClaudeBot/1.0; +claudebot@anthropic.com)"
114.119.146.18 - - [01/Jul/2025:18:37:52 +0000] "GET /tmp/awstats/ssl/awstats.wrightimagegroup.com.conf HTTP/1.1" 200 23904 "http://www.wrightimagegroup.org/tmp/awstats/ssl/?C=M%3BO%3DA" "Mozilla/5.0 (Linux; Android 7.0;) AppleWebKit/537.36 (KHTML, like Gecko) Mobile Safari/537.36 (compatible; PetalBot;+https://webmaster.petalsearch.com/site/petalbot)"
114.119.140.169 - - [01/Jul/2025:18:39:06 +0000] "GET /tmp/awstats/awstats112017.wrightimagegroup.wrightimagegroup.com.tmp.20692 HTTP/1.1" 200 - "http://www.wrightimagegroup.org/tmp/awstats/?C=S%3BO%3DD" "Mozilla/5.0 (Linux; Android 7.0;) AppleWebKit/537.36 (KHTML, like Gecko) Mobile Safari/537.36 (compatible; PetalBot;+https://webmaster.petalsearch.com/site/petalbot)"
114.119.132.85 - - [01/Jul/2025:18:40:51 +0000] "GET /tmp/webalizer/usage_202312.html HTTP/1.1" 200 103709 "http://wrightimagegroup.org/tmp/webalizer/usage_202312.html" "Mozilla/5.0 (Linux; Android 7.0;) AppleWebKit/537.36 (KHTML, like Gecko) Mobile Safari/537.36 (compatible; PetalBot;+https://webmaster.petalsearch.com/site/petalbot)"
34.227.234.246 - - [01/Jul/2025:18:41:38 +0000] "GET /mail/ HTTP/1.1" 200 2859 "-" "Mozilla/5.0 AppleWebKit/537.36 (KHTML, like Gecko; compatible; Amazonbot/0.1; +https://developer.amazon.com/support/amazonbot) Chrome/119.0.6045.214 Safari/537.36"
52.200.58.199 - - [01/Jul/2025:18:41:42 +0000] "GET /mail/dovecot-uidlist HTTP/1.1" 200 51 "-" "Mozilla/5.0 AppleWebKit/537.36 (KHTML, like Gecko; compatible; Amazonbot/0.1; +https://developer.amazon.com/support/amazonbot) Chrome/119.0.6045.214 Safari/537.36"
114.119.146.18 - - [01/Jul/2025:18:41:45 +0000] "GET /tmp/awstats/awstats082023.wrightimagegroup.wrightimagegroup.com.txt HTTP/1.1" 200 83813 "http://wrightimagegroup.org/tmp/awstats/?C=S%3BO%3DA" "Mozilla/5.0 (Linux; Android 7.0;) AppleWebKit/537.36 (KHTML, like Gecko) Mobile Safari/537.36 (compatible; PetalBot;+https://webmaster.petalsearch.com/site/petalbot)"
114.119.146.18 - - [01/Jul/2025:18:43:11 +0000] "GET /etc/ftpquota HTTP/1.1" 200 - "http://wrightimagegroup.org/etc/?C=D%3BO%3DA" "Mozilla/5.0 (Linux; Android 7.0;) AppleWebKit/537.36 (KHTML, like Gecko) Mobile Safari/537.36 (compatible; PetalBot;+https://webmaster.petalsearch.com/site/petalbot)"
216.244.66.229 - - [01/Jul/2025:18:44:11 +0000] "GET /.cpaddons/moderation/?C=N;O=D HTTP/1.1" 200 710 "-" "Mozilla/5.0 (compatible; DotBot/1.2; +https://opensiteexplorer.org/dotbot; help@moz.com)"
216.73.216.163 - - [01/Jul/2025:18:45:00 +0000] "GET /ssl/csrs/?C=N&O=D HTTP/1.1" 200 675 "-" "Mozilla/5.0 AppleWebKit/537.36 (KHTML, like Gecko; compatible; ClaudeBot/1.0; +claudebot@anthropic.com)"
216.244.66.229 - - [01/Jul/2025:18:45:37 +0000] "GET /access-logs/?C=N%3BO%3DD HTTP/1.1" 200 1704 "-" "Mozilla/5.0 (compatible; DotBot/1.2; +https://opensiteexplorer.org/dotbot; help@moz.com)"
216.244.66.229 - - [01/Jul/2025:18:45:41 +0000] "GET /etc/?C=M;O%3DA HTTP/1.1" 200 1206 "-" "Mozilla/5.0 (compatible; DotBot/1.2; +https://opensiteexplorer.org/dotbot; help@moz.com)"
216.244.66.229 - - [01/Jul/2025:18:46:34 +0000] "GET /tmp/awstats/ssl/awstats082024.wrightimagegroup.com.txt HTTP/1.1" 200 13118 "-" "Mozilla/5.0 (compatible; DotBot/1.2; +https://opensiteexplorer.org/dotbot; help@moz.com)"
216.244.66.229 - - [01/Jul/2025:18:47:06 +0000] "GET /mail/wrightimagegroup.com/?C=M;O%3DA HTTP/1.1" 200 715 "-" "Mozilla/5.0 (compatible; DotBot/1.2; +https://opensiteexplorer.org/dotbot; help@moz.com)"
216.244.66.229 - - [01/Jul/2025:18:47:17 +0000] "GET /tmp/awstats/ssl/awstats062020.wrightimagegroup.wrightimagegroup.com.txt HTTP/1.1" 200 7128 "-" "Mozilla/5.0 (compatible; DotBot/1.2; +https://opensiteexplorer.org/dotbot; help@moz.com)"
216.73.216.163 - - [01/Jul/2025:18:47:27 +0000] "GET /etc/?C=N&O=A HTTP/1.1" 200 1201 "-" "Mozilla/5.0 AppleWebKit/537.36 (KHTML, like Gecko; compatible; ClaudeBot/1.0; +claudebot@anthropic.com)"
216.244.66.229 - - [01/Jul/2025:18:51:04 +0000] "GET /tmp/analog/ssl/wrightimagegroup.com/?C=M;O=D HTTP/1.1" 200 5132 "-" "Mozilla/5.0 (compatible; DotBot/1.2; +https://opensiteexplorer.org/dotbot; help@moz.com)"
216.244.66.229 - - [01/Jul/2025:18:52:41 +0000] "GET /tmp/analog/ssl/wrightimagegroup.com/?C=N;O%3DD HTTP/1.1" 200 5132 "-" "Mozilla/5.0 (compatible; DotBot/1.2; +https://opensiteexplorer.org/dotbot; help@moz.com)"
51.222.253.5 - - [01/Jul/2025:18:54:20 +0000] "GET /tmp/analog/ssl/wrightimagegroup.wrightimagegroup.com/4.html HTTP/1.1" 304 - "-" "Mozilla/5.0 (compatible; AhrefsBot/7.0; +http://ahrefs.com/robot/)"
114.119.149.89 - - [01/Jul/2025:18:56:47 +0000] "GET /tmp/awstats/ssl/awstats032024.wrightimagegroup.com.txt HTTP/1.1" 200 13731 "http://www.wrightimagegroup.org/tmp/awstats/ssl/?C=M%3BO%3DA" "Mozilla/5.0 (Linux; Android 7.0;) AppleWebKit/537.36 (KHTML, like Gecko) Mobile Safari/537.36 (compatible; PetalBot;+https://webmaster.petalsearch.com/site/petalbot)"
216.73.216.163 - - [01/Jul/2025:19:03:05 +0000] "GET /public_ftp/?C=N&O=A HTTP/1.1" 200 852 "-" "Mozilla/5.0 AppleWebKit/537.36 (KHTML, like Gecko; compatible; ClaudeBot/1.0; +claudebot@anthropic.com)"
216.73.216.163 - - [01/Jul/2025:19:03:05 +0000] "GET /ssl/?C=N&O=A HTTP/1.1" 200 1535 "-" "Mozilla/5.0 AppleWebKit/537.36 (KHTML, like Gecko; compatible; ClaudeBot/1.0; +claudebot@anthropic.com)"
216.73.216.163 - - [01/Jul/2025:19:03:05 +0000] "GET /ssl/?C=S&O=D HTTP/1.1" 200 1535 "-" "Mozilla/5.0 AppleWebKit/537.36 (KHTML, like Gecko; compatible; ClaudeBot/1.0; +claudebot@anthropic.com)"
194.145.227.125 - - [01/Jul/2025:19:11:22 +0000] "GET /tinymce/plugins/elfinder/php/connector.php HTTP/1.1" 404 - "-" "ALittle Client"
216.244.66.229 - - [01/Jul/2025:19:13:53 +0000] "GET /robots.txt HTTP/1.1" 404 - "-" "Mozilla/5.0 (compatible; DotBot/1.2; +https://opensiteexplorer.org/dotbot; help@moz.com)"
216.244.66.229 - - [01/Jul/2025:19:13:53 +0000] "GET /robots.txt HTTP/1.1" 404 - "-" "Mozilla/5.0 (compatible; DotBot/1.2; +https://opensiteexplorer.org/dotbot; help@moz.com)"
52.205.141.124 - - [01/Jul/2025:19:15:08 +0000] "GET /?C=S;O%3DA HTTP/1.1" 200 2799 "-" "Mozilla/5.0 AppleWebKit/537.36 (KHTML, like Gecko; compatible; Amazonbot/0.1; +https://developer.amazon.com/support/amazonbot) Chrome/119.0.6045.214 Safari/537.36"
114.119.138.179 - - [01/Jul/2025:19:19:32 +0000] "GET /tmp/awstats/awstats082017.triumphofflight.org.wrightimagegroup.com.txt HTTP/1.1" 200 7943 "http://www.wrightimagegroup.org/tmp/awstats/?C=S%3BO%3DD" "Mozilla/5.0 (Linux; Android 7.0;) AppleWebKit/537.36 (KHTML, like Gecko) Mobile Safari/537.36 (compatible; PetalBot;+https://webmaster.petalsearch.com/site/petalbot)"
85.208.96.209 - - [01/Jul/2025:19:19:37 +0000] "GET /robots.txt HTTP/1.1" 404 - "-" "Mozilla/5.0 (compatible; SemrushBot/7~bl; +http://www.semrush.com/bot.html)"
85.208.96.198 - - [01/Jul/2025:19:19:37 +0000] "GET /logs/ HTTP/1.1" 200 3283 "-" "Mozilla/5.0 (compatible; SemrushBot/7~bl; +http://www.semrush.com/bot.html)"
114.119.135.202 - - [01/Jul/2025:19:21:03 +0000] "GET /tmp/awstats/awstats082017.wrightimagegroup.com.txt HTTP/1.1" 200 6606 "http://www.wrightimagegroup.org/tmp/awstats/?C=S%3BO%3DD" "Mozilla/5.0 (Linux; Android 7.0;) AppleWebKit/537.36 (KHTML, like Gecko) Mobile Safari/537.36 (compatible; PetalBot;+https://webmaster.petalsearch.com/site/petalbot)"
51.222.253.8 - - [01/Jul/2025:19:21:12 +0000] "GET /tmp/webalizer/usage_202504.html HTTP/1.1" 304 - "-" "Mozilla/5.0 (compatible; AhrefsBot/7.0; +http://ahrefs.com/robot/)"
199.244.88.224 - - [01/Jul/2025:19:24:30 +0000] "GET / HTTP/1.1" 200 2795 "-" "Mozilla/5.0 (X11; Linux x86_64) AppleWebKit/537.36 (KHTML, like Gecko) Chrome/105.0.0.0 Safari/537.36"
216.73.216.163 - - [01/Jul/2025:19:28:29 +0000] "GET /robots.txt HTTP/1.1" 404 - "-" "Mozilla/5.0 AppleWebKit/537.36 (KHTML, like Gecko; compatible; ClaudeBot/1.0; +claudebot@anthropic.com)"
216.73.216.163 - - [01/Jul/2025:19:28:31 +0000] "GET /ssl/csrs/?C=D&O=A HTTP/1.1" 200 675 "-" "Mozilla/5.0 AppleWebKit/537.36 (KHTML, like Gecko; compatible; ClaudeBot/1.0; +claudebot@anthropic.com)"
216.244.66.229 - - [01/Jul/2025:19:30:45 +0000] "GET /tmp/analog/ssl/wrightimagegroup.wrightimagegroup.com/1.html HTTP/1.1" 200 422184 "-" "Mozilla/5.0 (compatible; DotBot/1.2; +https://opensiteexplorer.org/dotbot; help@moz.com)"
216.244.66.229 - - [01/Jul/2025:19:31:32 +0000] "GET /ssl/?C=M HTTP/1.1" 200 1535 "-" "Mozilla/5.0 (compatible; DotBot/1.2; +https://opensiteexplorer.org/dotbot; help@moz.com)"
216.73.216.163 - - [01/Jul/2025:19:32:45 +0000] "GET /tmp/analog/cache HTTP/1.1" 200 205730 "-" "Mozilla/5.0 AppleWebKit/537.36 (KHTML, like Gecko; compatible; ClaudeBot/1.0; +claudebot@anthropic.com)"
216.244.66.229 - - [01/Jul/2025:19:32:46 +0000] "GET /tmp/analog/ssl/?C=N;O=A HTTP/1.1" 200 1097 "-" "Mozilla/5.0 (compatible; DotBot/1.2; +https://opensiteexplorer.org/dotbot; help@moz.com)"
216.73.216.163 - - [01/Jul/2025:19:33:24 +0000] "GET /cache/?C=N&O=A HTTP/1.1" 200 3982 "-" "Mozilla/5.0 AppleWebKit/537.36 (KHTML, like Gecko; compatible; ClaudeBot/1.0; +claudebot@anthropic.com)"
216.244.66.229 - - [01/Jul/2025:19:33:29 +0000] "GET /mail/?C=D;O%3DD HTTP/1.1" 200 2864 "-" "Mozilla/5.0 (compatible; DotBot/1.2; +https://opensiteexplorer.org/dotbot; help@moz.com)"
216.244.66.229 - - [01/Jul/2025:19:33:33 +0000] "GET /public_ftp/?C=S;O%3DA HTTP/1.1" 200 857 "-" "Mozilla/5.0 (compatible; DotBot/1.2; +https://opensiteexplorer.org/dotbot; help@moz.com)"
216.73.216.163 - - [01/Jul/2025:19:34:27 +0000] "GET /ssl/certs/?C=D&O=A HTTP/1.1" 200 677 "-" "Mozilla/5.0 AppleWebKit/537.36 (KHTML, like Gecko; compatible; ClaudeBot/1.0; +claudebot@anthropic.com)"
216.244.66.229 - - [01/Jul/2025:19:35:12 +0000] "GET /?locale=he HTTP/1.1" 200 2800 "-" "Mozilla/5.0 (compatible; DotBot/1.2; +https://opensiteexplorer.org/dotbot; help@moz.com)"
216.244.66.229 - - [01/Jul/2025:19:35:19 +0000] "GET /mail/tmp/?C=N;O%3DD HTTP/1.1" 200 681 "-" "Mozilla/5.0 (compatible; DotBot/1.2; +https://opensiteexplorer.org/dotbot; help@moz.com)"
216.244.66.229 - - [01/Jul/2025:19:35:21 +0000] "GET /public_ftp/incoming/?C=S;O%3DD HTTP/1.1" 200 709 "-" "Mozilla/5.0 (compatible; DotBot/1.2; +https://opensiteexplorer.org/dotbot; help@moz.com)"
216.244.66.229 - - [01/Jul/2025:19:36:04 +0000] "GET /?45.85.249.182 HTTP/1.1" 200 2800 "-" "Mozilla/5.0 (compatible; DotBot/1.2; +https://opensiteexplorer.org/dotbot; help@moz.com)"
216.73.216.163 - - [01/Jul/2025:19:36:10 +0000] "GET /tmp/webalizer/usage_202409.html HTTP/1.1" 200 107940 "-" "Mozilla/5.0 AppleWebKit/537.36 (KHTML, like Gecko; compatible; ClaudeBot/1.0; +claudebot@anthropic.com)"
216.73.216.163 - - [01/Jul/2025:19:38:15 +0000] "GET /access-logs/?C=S&O=D HTTP/1.1" 200 1699 "-" "Mozilla/5.0 AppleWebKit/537.36 (KHTML, like Gecko; compatible; ClaudeBot/1.0; +claudebot@anthropic.com)"
216.73.216.163 - - [01/Jul/2025:19:41:10 +0000] "GET /tmp/cpbandwidth/wrightimagegroup.com-bytes_log HTTP/1.1" 200 375 "-" "Mozilla/5.0 AppleWebKit/537.36 (KHTML, like Gecko; compatible; ClaudeBot/1.0; +claudebot@anthropic.com)"
114.119.149.89 - - [01/Jul/2025:19:42:08 +0000] "GET /tmp/webalizer/usage_202108.html HTTP/1.1" 200 109092 "http://wrightimagegroup.org/tmp/webalizer/usage_202108.html" "Mozilla/5.0 (Linux; Android 7.0;) AppleWebKit/537.36 (KHTML, like Gecko) Mobile Safari/537.36 (compatible; PetalBot;+https://webmaster.petalsearch.com/site/petalbot)"
216.73.216.163 - - [01/Jul/2025:19:42:42 +0000] "GET /tmp/analog/12.html HTTP/1.1" 200 43792 "-" "Mozilla/5.0 AppleWebKit/537.36 (KHTML, like Gecko; compatible; ClaudeBot/1.0; +claudebot@anthropic.com)"
216.73.216.163 - - [01/Jul/2025:19:44:05 +0000] "GET /tmp/?C=M&O=D HTTP/1.1" 200 1551 "-" "Mozilla/5.0 AppleWebKit/537.36 (KHTML, like Gecko; compatible; ClaudeBot/1.0; +claudebot@anthropic.com)"
216.73.216.163 - - [01/Jul/2025:19:45:25 +0000] "GET /tmp/webalizer/usage_202408.html HTTP/1.1" 200 110836 "-" "Mozilla/5.0 AppleWebKit/537.36 (KHTML, like Gecko; compatible; ClaudeBot/1.0; +claudebot@anthropic.com)"
85.208.96.205 - - [01/Jul/2025:19:45:42 +0000] "GET /ssl/certs/ HTTP/1.1" 200 681 "-" "Mozilla/5.0 (compatible; SemrushBot/7~bl; +http://www.semrush.com/bot.html)"
51.222.253.10 - - [01/Jul/2025:19:47:09 +0000] "GET /tmp/webalizer/usage_202410.html HTTP/1.1" 304 - "-" "Mozilla/5.0 (compatible; AhrefsBot/7.0; +http://ahrefs.com/robot/)"
216.244.66.230 - - [01/Jul/2025:19:47:20 +0000] "GET /robots.txt HTTP/1.1" 404 - "-" "Mozilla/5.0 (compatible; DotBot/1.2; +https://opensiteexplorer.org/dotbot; help@moz.com)"
216.73.216.163 - - [01/Jul/2025:19:47:32 +0000] "GET /tmp/webalizerftp/?C=M&O=A HTTP/1.1" 200 691 "-" "Mozilla/5.0 AppleWebKit/537.36 (KHTML, like Gecko; compatible; ClaudeBot/1.0; +claudebot@anthropic.com)"
51.222.253.2 - - [01/Jul/2025:19:47:36 +0000] "GET /tmp/analog/ssl/wrightimagegroup.com/4.html HTTP/1.1" 304 - "-" "Mozilla/5.0 (compatible; AhrefsBot/7.0; +http://ahrefs.com/robot/)"
216.73.216.163 - - [01/Jul/2025:19:48:13 +0000] "GET /tmp/awstats/awstats122024.wrightimagegroup.com.txt HTTP/1.1" 200 33915 "-" "Mozilla/5.0 AppleWebKit/537.36 (KHTML, like Gecko; compatible; ClaudeBot/1.0; +claudebot@anthropic.com)"
216.244.66.229 - - [01/Jul/2025:19:48:51 +0000] "GET /?138.197.99.242 HTTP/1.1" 200 2800 "-" "Mozilla/5.0 (compatible; DotBot/1.2; +https://opensiteexplorer.org/dotbot; help@moz.com)"
216.73.216.163 - - [01/Jul/2025:19:49:34 +0000] "GET /public_ftp/incoming/?C=N&O=D HTTP/1.1" 200 704 "-" "Mozilla/5.0 AppleWebKit/537.36 (KHTML, like Gecko; compatible; ClaudeBot/1.0; +claudebot@anthropic.com)"
66.249.65.41 - - [01/Jul/2025:19:50:35 +0000] "GET /?locale=ko HTTP/1.1" 200 2812 "-" "Mozilla/5.0 (Linux; Android 6.0.1; Nexus 5X Build/MMB29P) AppleWebKit/537.36 (KHTML, like Gecko) Chrome/137.0.7151.103 Mobile Safari/537.36 (compatible; Googlebot/2.1; +http://www.google.com/bot.html)"
216.73.216.163 - - [01/Jul/2025:19:52:39 +0000] "GET /public_ftp/incoming/?C=M&O=A HTTP/1.1" 200 704 "-" "Mozilla/5.0 AppleWebKit/537.36 (KHTML, like Gecko; compatible; ClaudeBot/1.0; +claudebot@anthropic.com)"
51.222.253.16 - - [01/Jul/2025:19:53:42 +0000] "GET /tmp/webalizer/usage_202502.html HTTP/1.1" 304 - "-" "Mozilla/5.0 (compatible; AhrefsBot/7.0; +http://ahrefs.com/robot/)"
216.73.216.163 - - [01/Jul/2025:19:54:40 +0000] "GET /tmp/awstats/awstats052025.wrightimagegroup.com.txt HTTP/1.1" 200 89151 "-" "Mozilla/5.0 AppleWebKit/537.36 (KHTML, like Gecko; compatible; ClaudeBot/1.0; +claudebot@anthropic.com)"
216.244.66.230 - - [01/Jul/2025:19:54:50 +0000] "GET /www/triumphofflight.org/?C=N;O=D HTTP/1.1" 200 902 "-" "Mozilla/5.0 (compatible; DotBot/1.2; +https://opensiteexplorer.org/dotbot; help@moz.com)"
216.73.216.163 - - [01/Jul/2025:19:58:43 +0000] "GET /tmp/awstats/awstats032025.wrightimagegroup.com.txt HTTP/1.1" 200 34541 "-" "Mozilla/5.0 AppleWebKit/537.36 (KHTML, like Gecko; compatible; ClaudeBot/1.0; +claudebot@anthropic.com)"
51.222.253.2 - - [01/Jul/2025:19:59:56 +0000] "GET /tmp/webalizer/usage_202412.html HTTP/1.1" 304 - "-" "Mozilla/5.0 (compatible; AhrefsBot/7.0; +http://ahrefs.com/robot/)"
216.73.216.163 - - [01/Jul/2025:20:03:29 +0000] "GET /tmp/?C=D&O=D HTTP/1.1" 200 1551 "-" "Mozilla/5.0 AppleWebKit/537.36 (KHTML, like Gecko; compatible; ClaudeBot/1.0; +claudebot@anthropic.com)"
51.222.253.5 - - [01/Jul/2025:20:06:07 +0000] "GET /tmp/webalizer/usage_202504.html HTTP/1.1" 304 - "-" "Mozilla/5.0 (compatible; AhrefsBot/7.0; +http://ahrefs.com/robot/)"
51.222.253.3 - - [01/Jul/2025:20:12:54 +0000] "GET /tmp/webalizer/usage_202501.html HTTP/1.1" 304 - "-" "Mozilla/5.0 (compatible; AhrefsBot/7.0; +http://ahrefs.com/robot/)"
216.73.216.163 - - [01/Jul/2025:20:15:27 +0000] "GET /public_ftp/incoming/?C=D&O=A HTTP/1.1" 200 704 "-" "Mozilla/5.0 AppleWebKit/537.36 (KHTML, like Gecko; compatible; ClaudeBot/1.0; +claudebot@anthropic.com)"
216.73.216.163 - - [01/Jul/2025:20:16:14 +0000] "GET /tmp/awstats/awstats012025.wrightimagegroup.com.txt HTTP/1.1" 200 36233 "-" "Mozilla/5.0 AppleWebKit/537.36 (KHTML, like Gecko; compatible; ClaudeBot/1.0; +claudebot@anthropic.com)"
216.73.216.163 - - [01/Jul/2025:20:17:30 +0000] "GET /etc/?C=S&O=D HTTP/1.1" 200 1201 "-" "Mozilla/5.0 AppleWebKit/537.36 (KHTML, like Gecko; compatible; ClaudeBot/1.0; +claudebot@anthropic.com)"
216.73.216.163 - - [01/Jul/2025:20:17:30 +0000] "GET /tmp/cpbandwidth/?C=S&O=A HTTP/1.1" 200 890 "-" "Mozilla/5.0 AppleWebKit/537.36 (KHTML, like Gecko; compatible; ClaudeBot/1.0; +claudebot@anthropic.com)"
216.244.66.229 - - [01/Jul/2025:20:17:33 +0000] "GET /robots.txt HTTP/1.1" 404 - "-" "Mozilla/5.0 (compatible; DotBot/1.2; +https://opensiteexplorer.org/dotbot; help@moz.com)"
216.244.66.229 - - [01/Jul/2025:20:17:33 +0000] "GET /robots.txt HTTP/1.1" 404 - "-" "Mozilla/5.0 (compatible; DotBot/1.2; +https://opensiteexplorer.org/dotbot; help@moz.com)"
216.244.66.229 - - [01/Jul/2025:20:17:35 +0000] "GET /robots.txt HTTP/1.1" 404 - "-" "Mozilla/5.0 (compatible; DotBot/1.2; +https://opensiteexplorer.org/dotbot; help@moz.com)"
216.73.216.163 - - [01/Jul/2025:20:18:17 +0000] "GET /tmp/awstats/?C=D&O=A HTTP/1.1" 200 56351 "-" "Mozilla/5.0 AppleWebKit/537.36 (KHTML, like Gecko; compatible; ClaudeBot/1.0; +claudebot@anthropic.com)"
51.222.253.11 - - [01/Jul/2025:20:18:43 +0000] "GET /tmp/webalizer/usage_202503.html HTTP/1.1" 304 - "-" "Mozilla/5.0 (compatible; AhrefsBot/7.0; +http://ahrefs.com/robot/)"
216.73.216.163 - - [01/Jul/2025:20:18:56 +0000] "GET /logs/?C=M&O=D HTTP/1.1" 200 3279 "-" "Mozilla/5.0 AppleWebKit/537.36 (KHTML, like Gecko; compatible; ClaudeBot/1.0; +claudebot@anthropic.com)"
216.73.216.163 - - [01/Jul/2025:20:18:57 +0000] "GET /tmp/analog/5.html HTTP/1.1" 200 48938 "-" "Mozilla/5.0 AppleWebKit/537.36 (KHTML, like Gecko; compatible; ClaudeBot/1.0; +claudebot@anthropic.com)"
51.222.253.9 - - [01/Jul/2025:20:22:50 +0000] "GET /tmp/analog/ssl/wrightimagegroup.wrightimagegroup.com/4.html HTTP/1.1" 304 - "-" "Mozilla/5.0 (compatible; AhrefsBot/7.0; +http://ahrefs.com/robot/)"
216.73.216.163 - - [01/Jul/2025:20:23:27 +0000] "GET /tmp/analog/2.html HTTP/1.1" 200 45473 "-" "Mozilla/5.0 AppleWebKit/537.36 (KHTML, like Gecko; compatible; ClaudeBot/1.0; +claudebot@anthropic.com)"
216.73.216.163 - - [01/Jul/2025:20:24:56 +0000] "GET /ssl/keys/?C=N&O=D HTTP/1.1" 200 675 "-" "Mozilla/5.0 AppleWebKit/537.36 (KHTML, like Gecko; compatible; ClaudeBot/1.0; +claudebot@anthropic.com)"
51.222.253.12 - - [01/Jul/2025:20:25:27 +0000] "GET /tmp/analog/1.html HTTP/1.1" 304 - "-" "Mozilla/5.0 (compatible; AhrefsBot/7.0; +http://ahrefs.com/robot/)"
216.73.216.163 - - [01/Jul/2025:20:27:41 +0000] "GET /tmp/awstats/?C=M&O=A HTTP/1.1" 200 56351 "-" "Mozilla/5.0 AppleWebKit/537.36 (KHTML, like Gecko; compatible; ClaudeBot/1.0; +claudebot@anthropic.com)"
216.73.216.163 - - [01/Jul/2025:20:29:40 +0000] "GET /robots.txt HTTP/1.1" 404 - "-" "Mozilla/5.0 AppleWebKit/537.36 (KHTML, like Gecko; compatible; ClaudeBot/1.0; +claudebot@anthropic.com)"
216.73.216.163 - - [01/Jul/2025:20:29:42 +0000] "GET /ssl/keys/?C=D&O=A HTTP/1.1" 200 675 "-" "Mozilla/5.0 AppleWebKit/537.36 (KHTML, like Gecko; compatible; ClaudeBot/1.0; +claudebot@anthropic.com)"
216.73.216.163 - - [01/Jul/2025:20:29:42 +0000] "GET /tmp/analog/?C=M&O=A HTTP/1.1" 200 5836 "-" "Mozilla/5.0 AppleWebKit/537.36 (KHTML, like Gecko; compatible; ClaudeBot/1.0; +claudebot@anthropic.com)"
216.73.216.163 - - [01/Jul/2025:20:30:13 +0000] "GET /tmp/webalizer/usage_202504.html HTTP/1.1" 200 108725 "-" "Mozilla/5.0 AppleWebKit/537.36 (KHTML, like Gecko; compatible; ClaudeBot/1.0; +claudebot@anthropic.com)"
185.191.171.1 - - [01/Jul/2025:20:30:51 +0000] "GET /robots.txt HTTP/1.1" 404 - "-" "Mozilla/5.0 (compatible; SemrushBot/7~bl; +http://www.semrush.com/bot.html)"
51.222.253.8 - - [01/Jul/2025:20:32:00 +0000] "GET /tmp/analog/10.html HTTP/1.1" 304 - "-" "Mozilla/5.0 (compatible; AhrefsBot/7.0; +http://ahrefs.com/robot/)"
216.244.66.230 - - [01/Jul/2025:20:32:42 +0000] "GET /robots.txt HTTP/1.1" 404 - "-" "Mozilla/5.0 (compatible; DotBot/1.2; +https://opensiteexplorer.org/dotbot; help@moz.com)"
216.73.216.163 - - [01/Jul/2025:20:33:48 +0000] "GET /tmp/awstats/awstats062025.wrightimagegroup.com.txt HTTP/1.1" 200 38166 "-" "Mozilla/5.0 AppleWebKit/537.36 (KHTML, like Gecko; compatible; ClaudeBot/1.0; +claudebot@anthropic.com)"
101.32.15.141 - - [01/Jul/2025:20:34:16 +0000] "GET / HTTP/1.1" 200 2795 "-" "Mozilla/5.0 (iPhone; CPU iPhone OS 13_2_3 like Mac OS X) AppleWebKit/605.1.15 (KHTML, like Gecko) Version/13.0.3 Mobile/15E148 Safari/604.1"
216.73.216.163 - - [01/Jul/2025:20:34:26 +0000] "GET /tmp/webalizer/usage_202410.html HTTP/1.1" 200 116393 "-" "Mozilla/5.0 AppleWebKit/537.36 (KHTML, like Gecko; compatible; ClaudeBot/1.0; +claudebot@anthropic.com)"
114.119.144.41 - - [01/Jul/2025:20:34:30 +0000] "GET /tmp/awstats/ssl/awstats102024.wrightimagegroup.com.txt HTTP/1.1" 200 24550 "http://www.wrightimagegroup.org/tmp/awstats/ssl/?C=M%3BO%3DA" "Mozilla/5.0 (Linux; Android 7.0;) AppleWebKit/537.36 (KHTML, like Gecko) Mobile Safari/537.36 (compatible; PetalBot;+https://webmaster.petalsearch.com/site/petalbot)"
216.73.216.163 - - [01/Jul/2025:20:35:07 +0000] "GET /ssl/?C=D&O=D HTTP/1.1" 200 1535 "-" "Mozilla/5.0 AppleWebKit/537.36 (KHTML, like Gecko; compatible; ClaudeBot/1.0; +claudebot@anthropic.com)"
216.244.66.229 - - [01/Jul/2025:20:35:35 +0000] "GET /tmp/awstats/awstats092024.wrightimagegroup.com.txt HTTP/1.1" 200 28800 "-" "Mozilla/5.0 (compatible; DotBot/1.2; +https://opensiteexplorer.org/dotbot; help@moz.com)"
114.119.149.89 - - [01/Jul/2025:20:35:45 +0000] "GET /tmp/awstats/ssl/awstats122024.wrightimagegroup.com.txt HTTP/1.1" 200 35842 "http://www.wrightimagegroup.org/tmp/awstats/ssl/?C=M%3BO%3DA" "Mozilla/5.0 (Linux; Android 7.0;) AppleWebKit/537.36 (KHTML, like Gecko) Mobile Safari/537.36 (compatible; PetalBot;+https://webmaster.petalsearch.com/site/petalbot)"
216.73.216.163 - - [01/Jul/2025:20:36:50 +0000] "GET /ssl/?C=M&O=D HTTP/1.1" 200 1535 "-" "Mozilla/5.0 AppleWebKit/537.36 (KHTML, like Gecko; compatible; ClaudeBot/1.0; +claudebot@anthropic.com)"
114.119.152.177 - - [01/Jul/2025:20:37:35 +0000] "GET /tmp/awstats/ssl/awstats012025.wrightimagegroup.com.txt HTTP/1.1" 200 32603 "http://www.wrightimagegroup.org/tmp/awstats/ssl/?C=M%3BO%3DA" "Mozilla/5.0 (Linux; Android 7.0;) AppleWebKit/537.36 (KHTML, like Gecko) Mobile Safari/537.36 (compatible; PetalBot;+https://webmaster.petalsearch.com/site/petalbot)"
51.222.253.14 - - [01/Jul/2025:20:38:27 +0000] "GET /tmp/analog/11.html HTTP/1.1" 304 - "-" "Mozilla/5.0 (compatible; AhrefsBot/7.0; +http://ahrefs.com/robot/)"
216.244.66.229 - - [01/Jul/2025:20:38:36 +0000] "GET /tmp/awstats/ssl/?C=M;O=A HTTP/1.1" 200 29832 "-" "Mozilla/5.0 (compatible; DotBot/1.2; +https://opensiteexplorer.org/dotbot; help@moz.com)"
114.119.149.89 - - [01/Jul/2025:20:38:36 +0000] "GET /tmp/awstats/awstats052023.wrightimagegroup.com.txt HTTP/1.1" 200 19047 "http://www.wrightimagegroup.org/tmp/awstats/?C=S%3BO%3DD" "Mozilla/5.0 (Linux; Android 7.0;) AppleWebKit/537.36 (KHTML, like Gecko) Mobile Safari/537.36 (compatible; PetalBot;+https://webmaster.petalsearch.com/site/petalbot)"
216.244.66.229 - - [01/Jul/2025:20:38:40 +0000] "GET /www/triumphofflight.org/?C=N;O=D HTTP/1.1" 200 881 "-" "Mozilla/5.0 (compatible; DotBot/1.2; +https://opensiteexplorer.org/dotbot; help@moz.com)"
216.244.66.229 - - [01/Jul/2025:20:39:15 +0000] "GET /cache/?C=M%3BO%3DA HTTP/1.1" 200 3987 "-" "Mozilla/5.0 (compatible; DotBot/1.2; +https://opensiteexplorer.org/dotbot; help@moz.com)"
216.244.66.229 - - [01/Jul/2025:20:39:25 +0000] "GET /mail/cur/?C=M;O=D HTTP/1.1" 200 676 "-" "Mozilla/5.0 (compatible; DotBot/1.2; +https://opensiteexplorer.org/dotbot; help@moz.com)"
216.244.66.230 - - [01/Jul/2025:20:40:03 +0000] "GET /ssl/certs/?C=D%3BO%3DA HTTP/1.1" 200 698 "-" "Mozilla/5.0 (compatible; DotBot/1.2; +https://opensiteexplorer.org/dotbot; help@moz.com)"
114.119.152.177 - - [01/Jul/2025:20:40:03 +0000] "GET /tmp/awstats/awstats082020.wrightimagegroup.wrightimagegroup.com.txt HTTP/1.1" 200 27106 "http://www.wrightimagegroup.org/tmp/awstats/?C=S%3BO%3DD" "Mozilla/5.0 (Linux; Android 7.0;) AppleWebKit/537.36 (KHTML, like Gecko) Mobile Safari/537.36 (compatible; PetalBot;+https://webmaster.petalsearch.com/site/petalbot)"
51.222.253.1 - - [01/Jul/2025:20:40:28 +0000] "GET /tmp/analog/ssl/wrightimagegroup.com/4.html HTTP/1.1" 304 - "-" "Mozilla/5.0 (compatible; AhrefsBot/7.0; +http://ahrefs.com/robot/)"
216.244.66.229 - - [01/Jul/2025:20:41:03 +0000] "GET /triumphofflight.com/cgi-bin/?C=D;O%3DA HTTP/1.1" 200 734 "-" "Mozilla/5.0 (compatible; DotBot/1.2; +https://opensiteexplorer.org/dotbot; help@moz.com)"
216.73.216.163 - - [01/Jul/2025:20:41:09 +0000] "GET /tmp/awstats/awstats022025.wrightimagegroup.wrightimagegroup.com.txt HTTP/1.1" 200 167476 "-" "Mozilla/5.0 AppleWebKit/537.36 (KHTML, like Gecko; compatible; ClaudeBot/1.0; +claudebot@anthropic.com)"
114.119.140.169 - - [01/Jul/2025:20:41:13 +0000] "GET /tmp/awstats/ssl/awstats042024.wrightimagegroup.wrightimagegroup.com.txt HTTP/1.1" 200 49604 "http://wrightimagegroup.org/tmp/awstats/ssl/?C=M%3BO%3DA" "Mozilla/5.0 (Linux; Android 7.0;) AppleWebKit/537.36 (KHTML, like Gecko) Mobile Safari/537.36 (compatible; PetalBot;+https://webmaster.petalsearch.com/site/petalbot)"
51.222.253.8 - - [01/Jul/2025:20:44:28 +0000] "GET /tmp/analog/12.html HTTP/1.1" 304 - "-" "Mozilla/5.0 (compatible; AhrefsBot/7.0; +http://ahrefs.com/robot/)"
216.73.216.163 - - [01/Jul/2025:20:44:48 +0000] "GET /logs/wrightimagegroup.com-Jul-2025.gz HTTP/1.1" 200 2916 "-" "Mozilla/5.0 AppleWebKit/537.36 (KHTML, like Gecko; compatible; ClaudeBot/1.0; +claudebot@anthropic.com)"
216.244.66.229 - - [01/Jul/2025:20:45:53 +0000] "GET /tmp/analog/ssl/wrightimagegroup.wrightimagegroup.com/?C=D;O=D HTTP/1.1" 200 5166 "-" "Mozilla/5.0 (compatible; DotBot/1.2; +https://opensiteexplorer.org/dotbot; help@moz.com)"
216.73.216.163 - - [01/Jul/2025:20:47:07 +0000] "GET /logs/?C=D&O=D HTTP/1.1" 200 3279 "-" "Mozilla/5.0 AppleWebKit/537.36 (KHTML, like Gecko; compatible; ClaudeBot/1.0; +claudebot@anthropic.com)"
216.73.216.163 - - [01/Jul/2025:20:48:01 +0000] "GET /public_ftp/?C=S&O=D HTTP/1.1" 200 852 "-" "Mozilla/5.0 AppleWebKit/537.36 (KHTML, like Gecko; compatible; ClaudeBot/1.0; +claudebot@anthropic.com)"
216.73.216.163 - - [01/Jul/2025:20:48:01 +0000] "GET /tmp/awstats/awstats122024.wrightimagegroup.wrightimagegroup.com.txt HTTP/1.1" 200 112503 "-" "Mozilla/5.0 AppleWebKit/537.36 (KHTML, like Gecko; compatible; ClaudeBot/1.0; +claudebot@anthropic.com)"
216.73.216.163 - - [01/Jul/2025:20:48:01 +0000] "GET /tmp/webalizerftp/?C=S&O=A HTTP/1.1" 200 691 "-" "Mozilla/5.0 AppleWebKit/537.36 (KHTML, like Gecko; compatible; ClaudeBot/1.0; +claudebot@anthropic.com)"
216.73.216.163 - - [01/Jul/2025:20:48:01 +0000] "GET /tmp/analog/3.html HTTP/1.1" 200 46206 "-" "Mozilla/5.0 AppleWebKit/537.36 (KHTML, like Gecko; compatible; ClaudeBot/1.0; +claudebot@anthropic.com)"
114.119.152.177 - - [01/Jul/2025:20:48:09 +0000] "GET /tmp/awstats/awstats122017.wrightimagegroup.com.txt HTTP/1.1" 200 6410 "http://www.wrightimagegroup.org/tmp/awstats/?C=S%3BO%3DD" "Mozilla/5.0 (Linux; Android 7.0;) AppleWebKit/537.36 (KHTML, like Gecko) Mobile Safari/537.36 (compatible; PetalBot;+https://webmaster.petalsearch.com/site/petalbot)"
216.73.216.163 - - [01/Jul/2025:20:48:41 +0000] "GET /tmp/analog/4.html HTTP/1.1" 200 48087 "-" "Mozilla/5.0 AppleWebKit/537.36 (KHTML, like Gecko; compatible; ClaudeBot/1.0; +claudebot@anthropic.com)"
114.119.144.41 - - [01/Jul/2025:20:49:45 +0000] "GET /tmp/awstats/ssl/awstats052021.wrightimagegroup.com.txt HTTP/1.1" 200 8742 "http://www.wrightimagegroup.org/tmp/awstats/ssl/?C=M%3BO%3DA" "Mozilla/5.0 (Linux; Android 7.0;) AppleWebKit/537.36 (KHTML, like Gecko) Mobile Safari/537.36 (compatible; PetalBot;+https://webmaster.petalsearch.com/site/petalbot)"
216.73.216.163 - - [01/Jul/2025:20:50:09 +0000] "GET /tmp/analog/10.html HTTP/1.1" 200 52060 "-" "Mozilla/5.0 AppleWebKit/537.36 (KHTML, like Gecko; compatible; ClaudeBot/1.0; +claudebot@anthropic.com)"
51.222.253.10 - - [01/Jul/2025:20:51:01 +0000] "GET /tmp/analog/2.html HTTP/1.1" 304 - "-" "Mozilla/5.0 (compatible; AhrefsBot/7.0; +http://ahrefs.com/robot/)"
216.244.66.229 - - [01/Jul/2025:20:51:09 +0000] "GET /?C=M;O%3DA HTTP/1.1" 200 2799 "-" "Mozilla/5.0 (compatible; DotBot/1.2; +https://opensiteexplorer.org/dotbot; help@moz.com)"
114.119.149.89 - - [01/Jul/2025:20:54:10 +0000] "GET /tmp/awstats/ssl/awstats052022.wrightimagegroup.com.txt HTTP/1.1" 200 14183 "http://wrightimagegroup.org/tmp/awstats/ssl/?C=M%3BO%3DA" "Mozilla/5.0 (Linux; Android 7.0;) AppleWebKit/537.36 (KHTML, like Gecko) Mobile Safari/537.36 (compatible; PetalBot;+https://webmaster.petalsearch.com/site/petalbot)"
114.119.138.179 - - [01/Jul/2025:20:56:35 +0000] "GET /tmp/awstats/ssl/awstats012025.wrightimagegroup.com.txt HTTP/1.1" 200 32603 "http://wrightimagegroup.org/tmp/awstats/ssl/?C=M%3BO%3DA" "Mozilla/5.0 (Linux; Android 7.0;) AppleWebKit/537.36 (KHTML, like Gecko) Mobile Safari/537.36 (compatible; PetalBot;+https://webmaster.petalsearch.com/site/petalbot)"
51.222.253.20 - - [01/Jul/2025:20:57:16 +0000] "GET /tmp/analog/3.html HTTP/1.1" 304 - "-" "Mozilla/5.0 (compatible; AhrefsBot/7.0; +http://ahrefs.com/robot/)"
114.119.132.85 - - [01/Jul/2025:20:58:11 +0000] "GET /tmp/awstats/awstats102016.wrightimagegroup.com.txt HTTP/1.1" 200 7013 "http://wrightimagegroup.org/tmp/awstats/?C=S%3BO%3DA" "Mozilla/5.0 (Linux; Android 7.0;) AppleWebKit/537.36 (KHTML, like Gecko) Mobile Safari/537.36 (compatible; PetalBot;+https://webmaster.petalsearch.com/site/petalbot)"
51.222.253.6 - - [01/Jul/2025:20:58:11 +0000] "GET /tmp/webalizer/usage_202504.html HTTP/1.1" 304 - "-" "Mozilla/5.0 (compatible; AhrefsBot/7.0; +http://ahrefs.com/robot/)"
216.73.216.163 - - [01/Jul/2025:20:59:25 +0000] "GET /tmp/analog/ssl HTTP/1.1" 301 321 "-" "Mozilla/5.0 AppleWebKit/537.36 (KHTML, like Gecko; compatible; ClaudeBot/1.0; +claudebot@anthropic.com)"
216.73.216.163 - - [01/Jul/2025:20:59:26 +0000] "GET /tmp/analog/ssl/ HTTP/1.1" 200 1092 "http://wrightimagegroup.org/tmp/analog/ssl" "Mozilla/5.0 AppleWebKit/537.36 (KHTML, like Gecko; compatible; ClaudeBot/1.0; +claudebot@anthropic.com)"
216.73.216.163 - - [01/Jul/2025:21:00:03 +0000] "GET /tmp/?C=N&O=A HTTP/1.1" 200 1551 "-" "Mozilla/5.0 AppleWebKit/537.36 (KHTML, like Gecko; compatible; ClaudeBot/1.0; +claudebot@anthropic.com)"
114.119.132.85 - - [01/Jul/2025:21:00:22 +0000] "GET /tmp/awstats/awstats032025.wrightimagegroup.com.txt HTTP/1.1" 200 34541 "http://wrightimagegroup.org/tmp/awstats/?C=S%3BO%3DA" "Mozilla/5.0 (Linux; Android 7.0;) AppleWebKit/537.36 (KHTML, like Gecko) Mobile Safari/537.36 (compatible; PetalBot;+https://webmaster.petalsearch.com/site/petalbot)"
114.119.135.202 - - [01/Jul/2025:21:02:22 +0000] "GET /tmp/awstats/awstats042017.triumphofflight.org.wrightimagegroup.com.txt HTTP/1.1" 200 6332 "http://wrightimagegroup.org/tmp/awstats/?C=S%3BO%3DA" "Mozilla/5.0 (Linux; Android 7.0;) AppleWebKit/537.36 (KHTML, like Gecko) Mobile Safari/537.36 (compatible; PetalBot;+https://webmaster.petalsearch.com/site/petalbot)"
216.73.216.163 - - [01/Jul/2025:21:02:51 +0000] "GET /access-logs/?C=D&O=D HTTP/1.1" 200 1699 "-" "Mozilla/5.0 AppleWebKit/537.36 (KHTML, like Gecko; compatible; ClaudeBot/1.0; +claudebot@anthropic.com)"
216.73.216.163 - - [01/Jul/2025:21:02:51 +0000] "GET /tmp/?C=S&O=D HTTP/1.1" 200 1551 "-" "Mozilla/5.0 AppleWebKit/537.36 (KHTML, like Gecko; compatible; ClaudeBot/1.0; +claudebot@anthropic.com)"
216.73.216.163 - - [01/Jul/2025:21:02:51 +0000] "GET /tmp/awstats/awstats052025.wrightimagegroup.wrightimagegroup.com.txt HTTP/1.1" 200 175462 "-" "Mozilla/5.0 AppleWebKit/537.36 (KHTML, like Gecko; compatible; ClaudeBot/1.0; +claudebot@anthropic.com)"
51.222.253.5 - - [01/Jul/2025:21:03:33 +0000] "GET /tmp/analog/4.html HTTP/1.1" 304 - "-" "Mozilla/5.0 (compatible; AhrefsBot/7.0; +http://ahrefs.com/robot/)"
216.73.216.163 - - [01/Jul/2025:21:03:39 +0000] "GET /tmp/cpbandwidth/?C=D&O=A HTTP/1.1" 200 890 "-" "Mozilla/5.0 AppleWebKit/537.36 (KHTML, like Gecko; compatible; ClaudeBot/1.0; +claudebot@anthropic.com)"
43.153.35.128 - - [01/Jul/2025:21:03:55 +0000] "GET /?C=S;O=A HTTP/1.1" 200 2795 "-" "Mozilla/5.0 (iPhone; CPU iPhone OS 13_2_3 like Mac OS X) AppleWebKit/605.1.15 (KHTML, like Gecko) Version/13.0.3 Mobile/15E148 Safari/604.1"
216.73.216.163 - - [01/Jul/2025:21:05:02 +0000] "GET /tmp/analog/?C=D&O=A HTTP/1.1" 200 5836 "-" "Mozilla/5.0 AppleWebKit/537.36 (KHTML, like Gecko; compatible; ClaudeBot/1.0; +claudebot@anthropic.com)"
216.244.66.229 - - [01/Jul/2025:21:06:17 +0000] "GET /robots.txt HTTP/1.1" 404 - "-" "Mozilla/5.0 (compatible; DotBot/1.2; +https://opensiteexplorer.org/dotbot; help@moz.com)"
216.244.66.229 - - [01/Jul/2025:21:06:18 +0000] "GET /robots.txt HTTP/1.1" 404 - "-" "Mozilla/5.0 (compatible; DotBot/1.2; +https://opensiteexplorer.org/dotbot; help@moz.com)"
85.208.96.194 - - [01/Jul/2025:21:08:55 +0000] "GET /access-logs/ HTTP/1.1" 200 1703 "-" "Mozilla/5.0 (compatible; SemrushBot/7~bl; +http://www.semrush.com/bot.html)"
51.222.253.7 - - [01/Jul/2025:21:09:50 +0000] "GET /tmp/analog/5.html HTTP/1.1" 304 - "-" "Mozilla/5.0 (compatible; AhrefsBot/7.0; +http://ahrefs.com/robot/)"
216.73.216.163 - - [01/Jul/2025:21:10:01 +0000] "GET /ssl/certs/?C=M&O=A HTTP/1.1" 200 677 "-" "Mozilla/5.0 AppleWebKit/537.36 (KHTML, like Gecko; compatible; ClaudeBot/1.0; +claudebot@anthropic.com)"
216.73.216.163 - - [01/Jul/2025:21:10:01 +0000] "GET /cache/?C=M&O=D HTTP/1.1" 200 3982 "-" "Mozilla/5.0 AppleWebKit/537.36 (KHTML, like Gecko; compatible; ClaudeBot/1.0; +claudebot@anthropic.com)"
216.73.216.163 - - [01/Jul/2025:21:10:02 +0000] "GET /tmp/webalizer/usage_202505.html HTTP/1.1" 200 113173 "-" "Mozilla/5.0 AppleWebKit/537.36 (KHTML, like Gecko; compatible; ClaudeBot/1.0; +claudebot@anthropic.com)"
216.73.216.163 - - [01/Jul/2025:21:10:41 +0000] "GET /tmp/analog/6.html HTTP/1.1" 200 49646 "-" "Mozilla/5.0 AppleWebKit/537.36 (KHTML, like Gecko; compatible; ClaudeBot/1.0; +claudebot@anthropic.com)"
216.73.216.163 - - [01/Jul/2025:21:12:06 +0000] "GET /tmp/webalizerftp/?C=D&O=A HTTP/1.1" 200 691 "-" "Mozilla/5.0 AppleWebKit/537.36 (KHTML, like Gecko; compatible; ClaudeBot/1.0; +claudebot@anthropic.com)"
216.73.216.163 - - [01/Jul/2025:21:12:06 +0000] "GET /tmp/awstats/awstats072025.wrightimagegroup.wrightimagegroup.com.txt HTTP/1.1" 200 14293 "-" "Mozilla/5.0 AppleWebKit/537.36 (KHTML, like Gecko; compatible; ClaudeBot/1.0; +claudebot@anthropic.com)"
216.73.216.163 - - [01/Jul/2025:21:12:06 +0000] "GET /tmp/analog/9.html HTTP/1.1" 200 50719 "-" "Mozilla/5.0 AppleWebKit/537.36 (KHTML, like Gecko; compatible; ClaudeBot/1.0; +claudebot@anthropic.com)"
43.159.138.217 - - [01/Jul/2025:21:13:10 +0000] "GET /?C=N;O=D HTTP/1.1" 200 2795 "-" "Mozilla/5.0 (iPhone; CPU iPhone OS 13_2_3 like Mac OS X) AppleWebKit/605.1.15 (KHTML, like Gecko) Version/13.0.3 Mobile/15E148 Safari/604.1"
114.119.146.18 - - [01/Jul/2025:21:14:25 +0000] "GET /tmp/awstats/awstats032020.wrightimagegroup.com.txt HTTP/1.1" 200 9424 "http://www.wrightimagegroup.org/tmp/awstats/?C=S%3BO%3DD" "Mozilla/5.0 (Linux; Android 7.0;) AppleWebKit/537.36 (KHTML, like Gecko) Mobile Safari/537.36 (compatible; PetalBot;+https://webmaster.petalsearch.com/site/petalbot)"
185.191.171.16 - - [01/Jul/2025:21:14:40 +0000] "GET /mail/wrightimagegroup.com/ HTTP/1.1" 200 714 "-" "Mozilla/5.0 (compatible; SemrushBot/7~bl; +http://www.semrush.com/bot.html)"
114.119.149.89 - - [01/Jul/2025:21:15:08 +0000] "GET /tmp/analog/5.html HTTP/1.1" 200 48938 "http://www.wrightimagegroup.org/tmp/analog/5.html" "Mozilla/5.0 (Linux; Android 7.0;) AppleWebKit/537.36 (KHTML, like Gecko) Mobile Safari/537.36 (compatible; PetalBot;+https://webmaster.petalsearch.com/site/petalbot)"
51.222.253.9 - - [01/Jul/2025:21:15:44 +0000] "GET /tmp/analog/6.html HTTP/1.1" 304 - "-" "Mozilla/5.0 (compatible; AhrefsBot/7.0; +http://ahrefs.com/robot/)"
216.73.216.163 - - [01/Jul/2025:21:16:24 +0000] "GET /cache/?C=S&O=D HTTP/1.1" 200 3982 "-" "Mozilla/5.0 AppleWebKit/537.36 (KHTML, like Gecko; compatible; ClaudeBot/1.0; +claudebot@anthropic.com)"
114.119.132.85 - - [01/Jul/2025:21:16:35 +0000] "GET /tmp/webalizer/usage_202308.html HTTP/1.1" 200 105562 "http://wrightimagegroup.org/tmp/webalizer/usage_202308.html" "Mozilla/5.0 (Linux; Android 7.0;) AppleWebKit/537.36 (KHTML, like Gecko) Mobile Safari/537.36 (compatible; PetalBot;+https://webmaster.petalsearch.com/site/petalbot)"
216.73.216.163 - - [01/Jul/2025:21:18:39 +0000] "GET /ssl/keys/?C=M&O=A HTTP/1.1" 200 675 "-" "Mozilla/5.0 AppleWebKit/537.36 (KHTML, like Gecko; compatible; ClaudeBot/1.0; +claudebot@anthropic.com)"
216.244.66.230 - - [01/Jul/2025:21:20:06 +0000] "GET /robots.txt HTTP/1.1" 404 - "-" "Mozilla/5.0 (compatible; DotBot/1.2; +https://opensiteexplorer.org/dotbot; help@moz.com)"
216.73.216.163 - - [01/Jul/2025:21:20:23 +0000] "GET /tmp/awstats/awstats062025.wrightimagegroup.wrightimagegroup.com.txt HTTP/1.1" 200 124064 "-" "Mozilla/5.0 AppleWebKit/537.36 (KHTML, like Gecko; compatible; ClaudeBot/1.0; +claudebot@anthropic.com)"
85.208.96.198 - - [01/Jul/2025:21:21:44 +0000] "GET /mail/new/ HTTP/1.1" 200 680 "-" "Mozilla/5.0 (compatible; SemrushBot/7~bl; +http://www.semrush.com/bot.html)"
51.222.253.11 - - [01/Jul/2025:21:21:51 +0000] "GET /tmp/analog/7.html HTTP/1.1" 304 - "-" "Mozilla/5.0 (compatible; AhrefsBot/7.0; +http://ahrefs.com/robot/)"
216.73.216.163 - - [01/Jul/2025:21:22:10 +0000] "GET /tmp/awstats/?C=S&O=A HTTP/1.1" 200 56351 "-" "Mozilla/5.0 AppleWebKit/537.36 (KHTML, like Gecko; compatible; ClaudeBot/1.0; +claudebot@anthropic.com)"
216.73.216.163 - - [01/Jul/2025:21:22:12 +0000] "GET /tmp/analog/1.html HTTP/1.1" 200 44553 "-" "Mozilla/5.0 AppleWebKit/537.36 (KHTML, like Gecko; compatible; ClaudeBot/1.0; +claudebot@anthropic.com)"
85.208.96.206 - - [01/Jul/2025:21:23:14 +0000] "GET /cache/cache_55633767a0967a8dcb0aff1183cf0fd5 HTTP/1.1" 200 - "-" "Mozilla/5.0 (compatible; SemrushBot/7~bl; +http://www.semrush.com/bot.html)"
216.244.66.229 - - [01/Jul/2025:21:23:53 +0000] "GET /tmp/analog/ssl/wrightimagegroup.com/6.html HTTP/1.1" 200 119173 "-" "Mozilla/5.0 (compatible; DotBot/1.2; +https://opensiteexplorer.org/dotbot; help@moz.com)"
216.73.216.163 - - [01/Jul/2025:21:24:13 +0000] "GET /ssl/certs/?C=N&O=D HTTP/1.1" 200 677 "-" "Mozilla/5.0 AppleWebKit/537.36 (KHTML, like Gecko; compatible; ClaudeBot/1.0; +claudebot@anthropic.com)"
216.244.66.229 - - [01/Jul/2025:21:26:12 +0000] "GET /tmp/webalizer/usage_202301.html HTTP/1.1" 200 107167 "-" "Mozilla/5.0 (compatible; DotBot/1.2; +https://opensiteexplorer.org/dotbot; help@moz.com)"
43.153.79.218 - - [01/Jul/2025:21:27:29 +0000] "GET /access-logs/ HTTP/1.1" 200 1699 "-" "Mozilla/5.0 (iPhone; CPU iPhone OS 13_2_3 like Mac OS X) AppleWebKit/605.1.15 (KHTML, like Gecko) Version/13.0.3 Mobile/15E148 Safari/604.1"
51.222.253.6 - - [01/Jul/2025:21:28:03 +0000] "GET /tmp/analog/8.html HTTP/1.1" 304 - "-" "Mozilla/5.0 (compatible; AhrefsBot/7.0; +http://ahrefs.com/robot/)"
216.244.66.229 - - [01/Jul/2025:21:28:08 +0000] "GET /tof/?C=S;O%3DD HTTP/1.1" 200 842 "-" "Mozilla/5.0 (compatible; DotBot/1.2; +https://opensiteexplorer.org/dotbot; help@moz.com)"
216.244.66.230 - - [01/Jul/2025:21:29:03 +0000] "GET /www/triumphofflight.org/?C=M;O=D HTTP/1.1" 200 902 "-" "Mozilla/5.0 (compatible; DotBot/1.2; +https://opensiteexplorer.org/dotbot; help@moz.com)"
216.244.66.229 - - [01/Jul/2025:21:30:08 +0000] "GET /mail/wrightimagegroup.com/?C=N;O%3DD HTTP/1.1" 200 715 "-" "Mozilla/5.0 (compatible; DotBot/1.2; +https://opensiteexplorer.org/dotbot; help@moz.com)"
216.244.66.229 - - [01/Jul/2025:21:30:12 +0000] "GET /ssl/csrs/?C=D%3BO%3DA HTTP/1.1" 200 680 "-" "Mozilla/5.0 (compatible; DotBot/1.2; +https://opensiteexplorer.org/dotbot; help@moz.com)"
216.244.66.229 - - [01/Jul/2025:21:30:18 +0000] "GET /tmp/analog/?C=S%3BO%3DA HTTP/1.1" 200 5841 "-" "Mozilla/5.0 (compatible; DotBot/1.2; +https://opensiteexplorer.org/dotbot; help@moz.com)"
216.244.66.229 - - [01/Jul/2025:21:30:20 +0000] "GET /tof/cgi-bin/?C=D;O%3DD HTTP/1.1" 200 686 "-" "Mozilla/5.0 (compatible; DotBot/1.2; +https://opensiteexplorer.org/dotbot; help@moz.com)"
216.244.66.229 - - [01/Jul/2025:21:30:26 +0000] "GET /tmp/awstats/ssl/awstats112023.wrightimagegroup.wrightimagegroup.com.txt HTTP/1.1" 200 82463 "-" "Mozilla/5.0 (compatible; DotBot/1.2; +https://opensiteexplorer.org/dotbot; help@moz.com)"
51.222.253.7 - - [01/Jul/2025:21:32:58 +0000] "GET /tmp/analog/9.html HTTP/1.1" 304 - "-" "Mozilla/5.0 (compatible; AhrefsBot/7.0; +http://ahrefs.com/robot/)"
216.244.66.229 - - [01/Jul/2025:21:33:01 +0000] "GET /tmp/analog/ssl/wrightimagegroup.wrightimagegroup.com/refsite.png HTTP/1.1" 200 4849 "-" "Mozilla/5.0 (compatible; DotBot/1.2; +https://opensiteexplorer.org/dotbot; help@moz.com)"
216.244.66.229 - - [01/Jul/2025:21:33:03 +0000] "GET /tmp/awstats/ssl/?C=S;O%3DA HTTP/1.1" 200 29837 "-" "Mozilla/5.0 (compatible; DotBot/1.2; +https://opensiteexplorer.org/dotbot; help@moz.com)"
216.244.66.229 - - [01/Jul/2025:21:33:55 +0000] "GET /tmp/analog/wrightimagegroup.wrightimagegroup.com/?C=M;O%3DA HTTP/1.1" 200 5152 "-" "Mozilla/5.0 (compatible; DotBot/1.2; +https://opensiteexplorer.org/dotbot; help@moz.com)"
54.197.82.195 - - [01/Jul/2025:21:33:59 +0000] "GET /?C=M HTTP/1.1" 200 2795 "-" "Mozilla/5.0 AppleWebKit/537.36 (KHTML, like Gecko; compatible; Amazonbot/0.1; +https://developer.amazon.com/support/amazonbot) Chrome/119.0.6045.214 Safari/537.36"
3.214.176.44 - - [01/Jul/2025:21:34:03 +0000] "GET / HTTP/1.1" 200 2795 "-" "Mozilla/5.0 AppleWebKit/537.36 (KHTML, like Gecko; compatible; Amazonbot/0.1; +https://developer.amazon.com/support/amazonbot) Chrome/119.0.6045.214 Safari/537.36"
170.106.65.93 - - [01/Jul/2025:21:36:05 +0000] "GET /cgi-bin/ HTTP/1.1" 404 - "-" "Mozilla/5.0 (iPhone; CPU iPhone OS 13_2_3 like Mac OS X) AppleWebKit/605.1.15 (KHTML, like Gecko) Version/13.0.3 Mobile/15E148 Safari/604.1"
51.222.253.14 - - [01/Jul/2025:21:38:29 +0000] "GET /tmp/webalizer/usage_202411.html HTTP/1.1" 304 - "-" "Mozilla/5.0 (compatible; AhrefsBot/7.0; +http://ahrefs.com/robot/)"
216.73.216.163 - - [01/Jul/2025:21:39:06 +0000] "GET /robots.txt HTTP/1.1" 404 - "-" "Mozilla/5.0 AppleWebKit/537.36 (KHTML, like Gecko; compatible; ClaudeBot/1.0; +claudebot@anthropic.com)"
216.73.216.163 - - [01/Jul/2025:21:39:07 +0000] "GET /tmp/webalizer/usage_202501.html HTTP/1.1" 200 118701 "-" "Mozilla/5.0 AppleWebKit/537.36 (KHTML, like Gecko; compatible; ClaudeBot/1.0; +claudebot@anthropic.com)"
216.73.216.163 - - [01/Jul/2025:21:40:07 +0000] "GET /tof/cgi-bin/?C=N&O=A HTTP/1.1" 200 681 "-" "Mozilla/5.0 AppleWebKit/537.36 (KHTML, like Gecko; compatible; ClaudeBot/1.0; +claudebot@anthropic.com)"
185.191.171.8 - - [01/Jul/2025:21:40:56 +0000] "GET /robots.txt HTTP/1.1" 404 - "-" "Mozilla/5.0 (compatible; SemrushBot/7~bl; +http://www.semrush.com/bot.html)"
85.208.96.205 - - [01/Jul/2025:21:40:56 +0000] "GET /mail/dovecot.list.index.log HTTP/1.1" 200 600 "-" "Mozilla/5.0 (compatible; SemrushBot/7~bl; +http://www.semrush.com/bot.html)"
43.135.139.165 - - [01/Jul/2025:21:44:03 +0000] "GET /ssl/ HTTP/1.1" 200 1535 "-" "Mozilla/5.0 (iPhone; CPU iPhone OS 13_2_3 like Mac OS X) AppleWebKit/605.1.15 (KHTML, like Gecko) Version/13.0.3 Mobile/15E148 Safari/604.1"
51.222.253.16 - - [01/Jul/2025:21:44:22 +0000] "GET /tmp/webalizer/usage_202407.html HTTP/1.1" 304 - "-" "Mozilla/5.0 (compatible; AhrefsBot/7.0; +http://ahrefs.com/robot/)"
216.73.216.163 - - [01/Jul/2025:21:45:39 +0000] "GET /tmp/awstats/awstats032025.wrightimagegroup.wrightimagegroup.com.txt HTTP/1.1" 200 183377 "-" "Mozilla/5.0 AppleWebKit/537.36 (KHTML, like Gecko; compatible; ClaudeBot/1.0; +claudebot@anthropic.com)"
216.73.216.163 - - [01/Jul/2025:21:46:16 +0000] "GET /logs/wrightimagegroup.wrightimagegroup.com-Jul-2025.gz HTTP/1.1" 200 12029 "-" "Mozilla/5.0 AppleWebKit/537.36 (KHTML, like Gecko; compatible; ClaudeBot/1.0; +claudebot@anthropic.com)"
216.73.216.163 - - [01/Jul/2025:21:47:11 +0000] "GET /tmp/awstats/?C=N&O=D HTTP/1.1" 200 56351 "-" "Mozilla/5.0 AppleWebKit/537.36 (KHTML, like Gecko; compatible; ClaudeBot/1.0; +claudebot@anthropic.com)"
216.73.216.163 - - [01/Jul/2025:21:47:12 +0000] "GET /tmp/analog/8.html HTTP/1.1" 200 50413 "-" "Mozilla/5.0 AppleWebKit/537.36 (KHTML, like Gecko; compatible; ClaudeBot/1.0; +claudebot@anthropic.com)"
216.244.66.230 - - [01/Jul/2025:21:49:04 +0000] "GET /public_html HTTP/1.1" 301 360 "-" "Mozilla/5.0 (compatible; DotBot/1.2; +https://opensiteexplorer.org/dotbot; help@moz.com)"
51.222.253.5 - - [01/Jul/2025:21:50:21 +0000] "GET /tmp/webalizer/usage_202408.html HTTP/1.1" 304 - "-" "Mozilla/5.0 (compatible; AhrefsBot/7.0; +http://ahrefs.com/robot/)"
51.222.253.16 - - [01/Jul/2025:21:50:51 +0000] "GET /tmp/analog/10.html HTTP/1.1" 304 - "-" "Mozilla/5.0 (compatible; AhrefsBot/7.0; +http://ahrefs.com/robot/)"
43.133.91.48 - - [01/Jul/2025:21:52:36 +0000] "GET /?C=S;O=D HTTP/1.1" 200 2795 "-" "Mozilla/5.0 (iPhone; CPU iPhone OS 13_2_3 like Mac OS X) AppleWebKit/605.1.15 (KHTML, like Gecko) Version/13.0.3 Mobile/15E148 Safari/604.1"
216.73.216.163 - - [01/Jul/2025:21:54:24 +0000] "GET /tmp/awstats/awstats022025.wrightimagegroup.com.txt HTTP/1.1" 200 24610 "-" "Mozilla/5.0 AppleWebKit/537.36 (KHTML, like Gecko; compatible; ClaudeBot/1.0; +claudebot@anthropic.com)"
216.73.216.163 - - [01/Jul/2025:21:55:05 +0000] "GET /logs/?C=S&O=D HTTP/1.1" 200 3279 "-" "Mozilla/5.0 AppleWebKit/537.36 (KHTML, like Gecko; compatible; ClaudeBot/1.0; +claudebot@anthropic.com)"
216.244.66.229 - - [01/Jul/2025:21:56:17 +0000] "GET /robots.txt HTTP/1.1" 404 - "-" "Mozilla/5.0 (compatible; DotBot/1.2; +https://opensiteexplorer.org/dotbot; help@moz.com)"
216.244.66.229 - - [01/Jul/2025:21:56:18 +0000] "GET /robots.txt HTTP/1.1" 404 - "-" "Mozilla/5.0 (compatible; DotBot/1.2; +https://opensiteexplorer.org/dotbot; help@moz.com)"
216.73.216.163 - - [01/Jul/2025:21:57:06 +0000] "GET /tof/?C=S&O=D HTTP/1.1" 200 837 "-" "Mozilla/5.0 AppleWebKit/537.36 (KHTML, like Gecko; compatible; ClaudeBot/1.0; +claudebot@anthropic.com)"
51.222.253.2 - - [01/Jul/2025:21:57:10 +0000] "GET /tmp/webalizer/usage_202409.html HTTP/1.1" 304 - "-" "Mozilla/5.0 (compatible; AhrefsBot/7.0; +http://ahrefs.com/robot/)"
216.73.216.163 - - [01/Jul/2025:21:57:57 +0000] "GET /logs/?C=N&O=A HTTP/1.1" 200 3279 "-" "Mozilla/5.0 AppleWebKit/537.36 (KHTML, like Gecko; compatible; ClaudeBot/1.0; +claudebot@anthropic.com)"
216.73.216.163 - - [01/Jul/2025:21:57:57 +0000] "GET /tmp/awstats/awstats012025.wrightimagegroup.wrightimagegroup.com.txt HTTP/1.1" 200 140138 "-" "Mozilla/5.0 AppleWebKit/537.36 (KHTML, like Gecko; compatible; ClaudeBot/1.0; +claudebot@anthropic.com)"
216.73.216.163 - - [01/Jul/2025:21:57:59 +0000] "GET /tmp/awstats/awstats112024.wrightimagegroup.wrightimagegroup.com.txt HTTP/1.1" 200 153521 "-" "Mozilla/5.0 AppleWebKit/537.36 (KHTML, like Gecko; compatible; ClaudeBot/1.0; +claudebot@anthropic.com)"
114.119.138.179 - - [01/Jul/2025:22:00:14 +0000] "GET /tmp/awstats/ssl/awstats112023.wrightimagegroup.wrightimagegroup.com.txt HTTP/1.1" 200 82463 "http://www.wrightimagegroup.org/tmp/awstats/ssl/?C=M%3BO%3DA" "Mozilla/5.0 (Linux; Android 7.0;) AppleWebKit/537.36 (KHTML, like Gecko) Mobile Safari/537.36 (compatible; PetalBot;+https://webmaster.petalsearch.com/site/petalbot)"
216.73.216.163 - - [01/Jul/2025:22:01:38 +0000] "GET /tmp/webalizer/usage_202507.html HTTP/1.1" 200 78333 "-" "Mozilla/5.0 AppleWebKit/537.36 (KHTML, like Gecko; compatible; ClaudeBot/1.0; +claudebot@anthropic.com)"
216.73.216.163 - - [01/Jul/2025:22:02:15 +0000] "GET /tmp/webalizer/usage_202411.html HTTP/1.1" 200 111715 "-" "Mozilla/5.0 AppleWebKit/537.36 (KHTML, like Gecko; compatible; ClaudeBot/1.0; +claudebot@anthropic.com)"
216.73.216.163 - - [01/Jul/2025:22:03:06 +0000] "GET /public_ftp/?C=D&O=D HTTP/1.1" 200 852 "-" "Mozilla/5.0 AppleWebKit/537.36 (KHTML, like Gecko; compatible; ClaudeBot/1.0; +claudebot@anthropic.com)"
114.119.149.89 - - [01/Jul/2025:22:03:09 +0000] "GET /tmp/awstats/awstats072017.wrightimagegroup.com.txt HTTP/1.1" 200 6520 "http://www.wrightimagegroup.org/tmp/awstats/?C=S%3BO%3DD" "Mozilla/5.0 (Linux; Android 7.0;) AppleWebKit/537.36 (KHTML, like Gecko) Mobile Safari/537.36 (compatible; PetalBot;+https://webmaster.petalsearch.com/site/petalbot)"
170.106.72.93 - - [01/Jul/2025:22:03:49 +0000] "GET /?C=N;O=A HTTP/1.1" 200 2795 "-" "Mozilla/5.0 (iPhone; CPU iPhone OS 13_2_3 like Mac OS X) AppleWebKit/605.1.15 (KHTML, like Gecko) Version/13.0.3 Mobile/15E148 Safari/604.1"
114.119.140.169 - - [01/Jul/2025:22:04:19 +0000] "GET /tmp/awstats/awstats052024.wrightimagegroup.com.txt HTTP/1.1" 200 29853 "http://www.wrightimagegroup.org/tmp/awstats/?C=S%3BO%3DD" "Mozilla/5.0 (Linux; Android 7.0;) AppleWebKit/537.36 (KHTML, like Gecko) Mobile Safari/537.36 (compatible; PetalBot;+https://webmaster.petalsearch.com/site/petalbot)"
114.119.149.89 - - [01/Jul/2025:22:05:48 +0000] "GET /tmp/awstats/ssl/awstats062020.wrightimagegroup.wrightimagegroup.com.txt HTTP/1.1" 200 7128 "http://www.wrightimagegroup.org/tmp/awstats/ssl/?C=M%3BO%3DA" "Mozilla/5.0 (Linux; Android 7.0;) AppleWebKit/537.36 (KHTML, like Gecko) Mobile Safari/537.36 (compatible; PetalBot;+https://webmaster.petalsearch.com/site/petalbot)"
