51.222.253.5 - - [06/Jul/2025:00:20:47 +0000] "GET /tmp/analog/ssl/wrightimagegroup.wrightimagegroup.com/4.html HTTP/1.1" 304 - "-" "Mozilla/5.0 (compatible; AhrefsBot/7.0; +http://ahrefs.com/robot/)"
101.33.80.42 - - [06/Jul/2025:00:22:18 +0000] "GET /public_ftp/?C=D;O=D HTTP/1.1" 200 873 "-" "Mozilla/5.0 (iPhone; CPU iPhone OS 13_2_3 like Mac OS X) AppleWebKit/605.1.15 (KHTML, like Gecko) Version/13.0.3 Mobile/15E148 Safari/604.1"
216.73.216.44 - - [06/Jul/2025:00:24:25 +0000] "GET /?locale=es_419 HTTP/1.1" 200 2812 "-" "Mozilla/5.0 AppleWebKit/537.36 (KHTML, like Gecko; compatible; ClaudeBot/1.0; +claudebot@anthropic.com)"
43.159.149.216 - - [06/Jul/2025:00:24:41 +0000] "GET /mail/cur/ HTTP/1.1" 200 676 "-" "Mozilla/5.0 (iPhone; CPU iPhone OS 13_2_3 like Mac OS X) AppleWebKit/605.1.15 (KHTML, like Gecko) Version/13.0.3 Mobile/15E148 Safari/604.1"
216.73.216.48 - - [06/Jul/2025:00:28:27 +0000] "GET /robots.txt HTTP/1.1" 404 - "-" "Mozilla/5.0 AppleWebKit/537.36 (KHTML, like Gecko; compatible; ClaudeBot/1.0; +claudebot@anthropic.com)"
216.73.216.48 - - [06/Jul/2025:00:28:28 +0000] "GET /tmp/awstats/awstats012019.wrightimagegroup.wrightimagegroup.com.txt HTTP/1.1" 200 8362 "-" "Mozilla/5.0 AppleWebKit/537.36 (KHTML, like Gecko; compatible; ClaudeBot/1.0; +claudebot@anthropic.com)"
216.73.216.44 - - [06/Jul/2025:00:30:20 +0000] "GET /?locale=en HTTP/1.1" 200 2812 "-" "Mozilla/5.0 AppleWebKit/537.36 (KHTML, like Gecko; compatible; ClaudeBot/1.0; +claudebot@anthropic.com)"
43.159.128.247 - - [06/Jul/2025:00:31:07 +0000] "GET /mail/dovecot.mailbox.log HTTP/1.1" 200 24 "-" "Mozilla/5.0 (iPhone; CPU iPhone OS 13_2_3 like Mac OS X) AppleWebKit/605.1.15 (KHTML, like Gecko) Version/13.0.3 Mobile/15E148 Safari/604.1"
216.244.66.229 - - [06/Jul/2025:00:31:39 +0000] "GET /robots.txt HTTP/1.1" 404 - "-" "Mozilla/5.0 (compatible; DotBot/1.2; +https://opensiteexplorer.org/dotbot; help@moz.com)"
216.73.216.44 - - [06/Jul/2025:00:35:36 +0000] "GET /graphql HTTP/1.1" 404 - "-" "Mozilla/5.0 AppleWebKit/537.36 (KHTML, like Gecko; compatible; ClaudeBot/1.0; +claudebot@anthropic.com)"
216.244.66.229 - - [06/Jul/2025:00:42:38 +0000] "GET /.cpaddons/moderation/?C=M;O=A HTTP/1.1" 200 709 "-" "Mozilla/5.0 (compatible; DotBot/1.2; +https://opensiteexplorer.org/dotbot; help@moz.com)"
51.222.253.6 - - [06/Jul/2025:00:42:54 +0000] "GET /tmp/awstats/ssl/awstats062021.wrightimagegroup.com.txt HTTP/1.1" 304 - "-" "Mozilla/5.0 (compatible; AhrefsBot/7.0; +http://ahrefs.com/robot/)"
216.73.216.44 - - [06/Jul/2025:00:43:44 +0000] "GET /?locale=pt HTTP/1.1" 200 2812 "-" "Mozilla/5.0 AppleWebKit/537.36 (KHTML, like Gecko; compatible; ClaudeBot/1.0; +claudebot@anthropic.com)"
216.73.216.48 - - [06/Jul/2025:00:44:56 +0000] "GET /tmp/awstats/awstats042020.wrightimagegroup.wrightimagegroup.com.txt HTTP/1.1" 200 15985 "-" "Mozilla/5.0 AppleWebKit/537.36 (KHTML, like Gecko; compatible; ClaudeBot/1.0; +claudebot@anthropic.com)"
43.130.60.195 - - [06/Jul/2025:00:45:31 +0000] "GET /mail/maildirsize HTTP/1.1" 200 16 "-" "Mozilla/5.0 (iPhone; CPU iPhone OS 13_2_3 like Mac OS X) AppleWebKit/605.1.15 (KHTML, like Gecko) Version/13.0.3 Mobile/15E148 Safari/604.1"
51.222.253.11 - - [06/Jul/2025:00:48:39 +0000] "GET /tmp/awstats/ssl/awstats062022.wrightimagegroup.com.txt HTTP/1.1" 304 - "-" "Mozilla/5.0 (compatible; AhrefsBot/7.0; +http://ahrefs.com/robot/)"
216.73.216.44 - - [06/Jul/2025:00:48:41 +0000] "GET /?locale=es HTTP/1.1" 200 2812 "-" "Mozilla/5.0 AppleWebKit/537.36 (KHTML, like Gecko; compatible; ClaudeBot/1.0; +claudebot@anthropic.com)"
216.73.216.44 - - [06/Jul/2025:00:48:41 +0000] "GET /?locale=no HTTP/1.1" 200 2812 "-" "Mozilla/5.0 AppleWebKit/537.36 (KHTML, like Gecko; compatible; ClaudeBot/1.0; +claudebot@anthropic.com)"
52.54.249.218 - - [06/Jul/2025:00:49:35 +0000] "GET /?locale=en HTTP/1.1" 200 2799 "-" "Mozilla/5.0 AppleWebKit/537.36 (KHTML, like Gecko; compatible; Amazonbot/0.1; +https://developer.amazon.com/support/amazonbot) Chrome/119.0.6045.214 Safari/537.36"
216.73.216.44 - - [06/Jul/2025:00:53:10 +0000] "GET /robots.txt HTTP/1.1" 404 - "-" "Mozilla/5.0 AppleWebKit/537.36 (KHTML, like Gecko; compatible; ClaudeBot/1.0; +claudebot@anthropic.com)"
216.73.216.44 - - [06/Jul/2025:00:53:13 +0000] "GET /tmp/awstats/awstats062024.wrightimagegroup.com.txt HTTP/1.1" 200 22027 "-" "Mozilla/5.0 AppleWebKit/537.36 (KHTML, like Gecko; compatible; ClaudeBot/1.0; +claudebot@anthropic.com)"
216.73.216.44 - - [06/Jul/2025:00:53:13 +0000] "GET /test HTTP/1.1" 404 - "-" "Mozilla/5.0 AppleWebKit/537.36 (KHTML, like Gecko; compatible; ClaudeBot/1.0; +claudebot@anthropic.com)"
49.51.183.84 - - [06/Jul/2025:00:53:41 +0000] "GET /mail/?C=N;O=D HTTP/1.1" 200 2859 "-" "Mozilla/5.0 (iPhone; CPU iPhone OS 13_2_3 like Mac OS X) AppleWebKit/605.1.15 (KHTML, like Gecko) Version/13.0.3 Mobile/15E148 Safari/604.1"
51.222.253.18 - - [06/Jul/2025:00:53:45 +0000] "GET /tmp/awstats/ssl/awstats112024.wrightimagegroup.wrightimagegroup.com.txt HTTP/1.1" 304 - "-" "Mozilla/5.0 (compatible; AhrefsBot/7.0; +http://ahrefs.com/robot/)"
114.119.132.85 - - [06/Jul/2025:00:58:09 +0000] "GET /tmp/webalizer/usage_202108.html HTTP/1.1" 200 109092 "http://www.wrightimagegroup.org/tmp/webalizer/usage_202108.html" "Mozilla/5.0 (Linux; Android 7.0;) AppleWebKit/537.36 (KHTML, like Gecko) Mobile Safari/537.36 (compatible; PetalBot;+https://webmaster.petalsearch.com/site/petalbot)"
216.73.216.48 - - [06/Jul/2025:00:59:15 +0000] "GET /tmp/awstats/ssl/awstats072020.wrightimagegroup.wrightimagegroup.com.txt HTTP/1.1" 200 7285 "-" "Mozilla/5.0 AppleWebKit/537.36 (KHTML, like Gecko; compatible; ClaudeBot/1.0; +claudebot@anthropic.com)"
51.222.253.15 - - [06/Jul/2025:00:59:27 +0000] "GET /tmp/analog/ssl/wrightimagegroup.wrightimagegroup.com/4.html HTTP/1.1" 304 - "-" "Mozilla/5.0 (compatible; AhrefsBot/7.0; +http://ahrefs.com/robot/)"
51.222.253.4 - - [06/Jul/2025:00:59:30 +0000] "GET /triumphofflight.com/ HTTP/1.1" 200 886 "-" "Mozilla/5.0 (compatible; AhrefsBot/7.0; +http://ahrefs.com/robot/)"
114.119.152.177 - - [06/Jul/2025:00:59:44 +0000] "GET /tmp/awstats/ssl/awstats.wrightimagegroup.wrightimagegroup.com.conf HTTP/1.1" 200 23938 "http://www.wrightimagegroup.org/tmp/awstats/ssl/?C=M%3BO%3DA" "Mozilla/5.0 (Linux; Android 7.0;) AppleWebKit/537.36 (KHTML, like Gecko) Mobile Safari/537.36 (compatible; PetalBot;+https://webmaster.petalsearch.com/site/petalbot)"
216.73.216.44 - - [06/Jul/2025:01:00:06 +0000] "GET /_ignition/health-check HTTP/1.1" 404 - "-" "Mozilla/5.0 AppleWebKit/537.36 (KHTML, like Gecko; compatible; ClaudeBot/1.0; +claudebot@anthropic.com)"
114.119.149.89 - - [06/Jul/2025:01:00:57 +0000] "GET /tmp/awstats/awstats052017.wrightimagegroup.wrightimagegroup.com.txt HTTP/1.1" 200 6747 "http://www.wrightimagegroup.org/tmp/awstats/?C=S%3BO%3DD" "Mozilla/5.0 (Linux; Android 7.0;) AppleWebKit/537.36 (KHTML, like Gecko) Mobile Safari/537.36 (compatible; PetalBot;+https://webmaster.petalsearch.com/site/petalbot)"
114.119.138.179 - - [06/Jul/2025:01:02:19 +0000] "GET /mail/dovecot-uidvalidity.5d53dc75 HTTP/1.1" 200 - "http://www.wrightimagegroup.org/mail/?C=M%3BO%3DD" "Mozilla/5.0 (Linux; Android 7.0;) AppleWebKit/537.36 (KHTML, like Gecko) Mobile Safari/537.36 (compatible; PetalBot;+https://webmaster.petalsearch.com/site/petalbot)"
43.157.53.115 - - [06/Jul/2025:01:02:49 +0000] "GET /mail/dovecot.list.index.log HTTP/1.1" 200 600 "-" "Mozilla/5.0 (iPhone; CPU iPhone OS 13_2_3 like Mac OS X) AppleWebKit/605.1.15 (KHTML, like Gecko) Version/13.0.3 Mobile/15E148 Safari/604.1"
114.119.144.41 - - [06/Jul/2025:01:03:44 +0000] "GET /tmp/awstats/awstats102024.wrightimagegroup.com.txt HTTP/1.1" 200 43736 "http://wrightimagegroup.org/tmp/awstats/?C=S%3BO%3DA" "Mozilla/5.0 (Linux; Android 7.0;) AppleWebKit/537.36 (KHTML, like Gecko) Mobile Safari/537.36 (compatible; PetalBot;+https://webmaster.petalsearch.com/site/petalbot)"
216.73.216.44 - - [06/Jul/2025:01:04:11 +0000] "GET /?locale=zh HTTP/1.1" 200 2812 "-" "Mozilla/5.0 AppleWebKit/537.36 (KHTML, like Gecko; compatible; ClaudeBot/1.0; +claudebot@anthropic.com)"
216.73.216.44 - - [06/Jul/2025:01:04:13 +0000] "GET /wordpress HTTP/1.1" 404 - "-" "Mozilla/5.0 AppleWebKit/537.36 (KHTML, like Gecko; compatible; ClaudeBot/1.0; +claudebot@anthropic.com)"
216.73.216.44 - - [06/Jul/2025:01:05:03 +0000] "GET /wp-admin/css HTTP/1.1" 404 - "-" "Mozilla/5.0 AppleWebKit/537.36 (KHTML, like Gecko; compatible; ClaudeBot/1.0; +claudebot@anthropic.com)"
114.119.152.177 - - [06/Jul/2025:01:05:07 +0000] "GET /tmp/awstats/awstats062020.wrightimagegroup.wrightimagegroup.com.txt HTTP/1.1" 200 39493 "http://wrightimagegroup.org/tmp/awstats/?C=S%3BO%3DA" "Mozilla/5.0 (Linux; Android 7.0;) AppleWebKit/537.36 (KHTML, like Gecko) Mobile Safari/537.36 (compatible; PetalBot;+https://webmaster.petalsearch.com/site/petalbot)"
114.119.152.177 - - [06/Jul/2025:01:07:00 +0000] "GET /access-logs/wrightimagegroup.wrightimagegroup.com HTTP/1.1" 200 127377 "http://wrightimagegroup.org/access-logs/?C=D%3BO%3DA" "Mozilla/5.0 (Linux; Android 7.0;) AppleWebKit/537.36 (KHTML, like Gecko) Mobile Safari/537.36 (compatible; PetalBot;+https://webmaster.petalsearch.com/site/petalbot)"
216.73.216.44 - - [06/Jul/2025:01:10:13 +0000] "GET /?locale=nb HTTP/1.1" 200 2812 "-" "Mozilla/5.0 AppleWebKit/537.36 (KHTML, like Gecko; compatible; ClaudeBot/1.0; +claudebot@anthropic.com)"
54.36.148.142 - - [06/Jul/2025:01:10:16 +0000] "GET /robots.txt HTTP/1.1" 404 - "-" "Mozilla/5.0 (compatible; AhrefsBot/7.0; +http://ahrefs.com/robot/)"
51.222.253.17 - - [06/Jul/2025:01:10:18 +0000] "GET /logs/?C=S;O=A HTTP/1.1" 200 3300 "-" "Mozilla/5.0 (compatible; AhrefsBot/7.0; +http://ahrefs.com/robot/)"
51.222.253.4 - - [06/Jul/2025:01:10:45 +0000] "GET /tmp/webalizer/usage_202504.html HTTP/1.1" 304 - "-" "Mozilla/5.0 (compatible; AhrefsBot/7.0; +http://ahrefs.com/robot/)"
162.62.231.139 - - [06/Jul/2025:01:12:10 +0000] "GET /mail/cur/?C=S;O=A HTTP/1.1" 200 676 "-" "Mozilla/5.0 (iPhone; CPU iPhone OS 13_2_3 like Mac OS X) AppleWebKit/605.1.15 (KHTML, like Gecko) Version/13.0.3 Mobile/15E148 Safari/604.1"
51.222.253.20 - - [06/Jul/2025:01:16:00 +0000] "GET /cache/?C=N;O=D HTTP/1.1" 200 4003 "-" "Mozilla/5.0 (compatible; AhrefsBot/7.0; +http://ahrefs.com/robot/)"
216.73.216.44 - - [06/Jul/2025:01:16:01 +0000] "GET /?locale=fr HTTP/1.1" 200 2812 "-" "Mozilla/5.0 AppleWebKit/537.36 (KHTML, like Gecko; compatible; ClaudeBot/1.0; +claudebot@anthropic.com)"
114.119.146.18 - - [06/Jul/2025:01:16:34 +0000] "GET /tmp/awstats/awstats112021.wrightimagegroup.wrightimagegroup.com.txt HTTP/1.1" 200 38042 "http://www.wrightimagegroup.org/tmp/awstats/?C=S%3BO%3DD" "Mozilla/5.0 (Linux; Android 7.0;) AppleWebKit/537.36 (KHTML, like Gecko) Mobile Safari/537.36 (compatible; PetalBot;+https://webmaster.petalsearch.com/site/petalbot)"
114.119.140.169 - - [06/Jul/2025:01:17:58 +0000] "GET /tmp/awstats/ssl/awstats102024.wrightimagegroup.com.txt HTTP/1.1" 200 24550 "http://wrightimagegroup.org/tmp/awstats/ssl/?C=M%3BO%3DA" "Mozilla/5.0 (Linux; Android 7.0;) AppleWebKit/537.36 (KHTML, like Gecko) Mobile Safari/537.36 (compatible; PetalBot;+https://webmaster.petalsearch.com/site/petalbot)"
216.244.66.229 - - [06/Jul/2025:01:18:48 +0000] "GET /robots.txt HTTP/1.1" 404 - "-" "Mozilla/5.0 (compatible; DotBot/1.2; +https://opensiteexplorer.org/dotbot; help@moz.com)"
216.73.216.44 - - [06/Jul/2025:01:19:05 +0000] "GET /?locale=pt_br HTTP/1.1" 200 2812 "-" "Mozilla/5.0 AppleWebKit/537.36 (KHTML, like Gecko; compatible; ClaudeBot/1.0; +claudebot@anthropic.com)"
114.119.138.179 - - [06/Jul/2025:01:19:21 +0000] "GET /tmp/awstats/ssl/awstats.wrightimagegroup.wrightimagegroup.com.conf HTTP/1.1" 200 23938 "http://wrightimagegroup.org/tmp/awstats/ssl/?C=M%3BO%3DA" "Mozilla/5.0 (Linux; Android 7.0;) AppleWebKit/537.36 (KHTML, like Gecko) Mobile Safari/537.36 (compatible; PetalBot;+https://webmaster.petalsearch.com/site/petalbot)"
51.222.253.2 - - [06/Jul/2025:01:22:31 +0000] "GET /tmp/analog/ssl/wrightimagegroup.com/4.html HTTP/1.1" 304 - "-" "Mozilla/5.0 (compatible; AhrefsBot/7.0; +http://ahrefs.com/robot/)"
43.131.253.14 - - [06/Jul/2025:01:23:22 +0000] "GET /mail/cur/?C=M;O=A HTTP/1.1" 200 676 "-" "Mozilla/5.0 (iPhone; CPU iPhone OS 13_2_3 like Mac OS X) AppleWebKit/605.1.15 (KHTML, like Gecko) Version/13.0.3 Mobile/15E148 Safari/604.1"
216.73.216.44 - - [06/Jul/2025:01:24:08 +0000] "GET /?locale=it HTTP/1.1" 200 2812 "-" "Mozilla/5.0 AppleWebKit/537.36 (KHTML, like Gecko; compatible; ClaudeBot/1.0; +claudebot@anthropic.com)"
216.73.216.44 - - [06/Jul/2025:01:27:39 +0000] "GET /?locale=uk HTTP/1.1" 200 2812 "-" "Mozilla/5.0 AppleWebKit/537.36 (KHTML, like Gecko; compatible; ClaudeBot/1.0; +claudebot@anthropic.com)"
216.73.216.44 - - [06/Jul/2025:01:28:21 +0000] "GET /OLD HTTP/1.1" 404 - "-" "Mozilla/5.0 AppleWebKit/537.36 (KHTML, like Gecko; compatible; ClaudeBot/1.0; +claudebot@anthropic.com)"
216.73.216.48 - - [06/Jul/2025:01:28:45 +0000] "GET /robots.txt HTTP/1.1" 404 - "-" "Mozilla/5.0 AppleWebKit/537.36 (KHTML, like Gecko; compatible; ClaudeBot/1.0; +claudebot@anthropic.com)"
216.73.216.48 - - [06/Jul/2025:01:28:49 +0000] "GET /tmp/awstats/awstats052018.wrightimagegroup.com.txt HTTP/1.1" 200 9923 "-" "Mozilla/5.0 AppleWebKit/537.36 (KHTML, like Gecko; compatible; ClaudeBot/1.0; +claudebot@anthropic.com)"
216.73.216.48 - - [06/Jul/2025:01:29:36 +0000] "GET /tmp/awstats/awstats082019.wrightimagegroup.com.txt HTTP/1.1" 200 13145 "-" "Mozilla/5.0 AppleWebKit/537.36 (KHTML, like Gecko; compatible; ClaudeBot/1.0; +claudebot@anthropic.com)"
216.73.216.44 - - [06/Jul/2025:01:30:50 +0000] "GET /?locale=da HTTP/1.1" 200 2812 "-" "Mozilla/5.0 AppleWebKit/537.36 (KHTML, like Gecko; compatible; ClaudeBot/1.0; +claudebot@anthropic.com)"
44.223.193.255 - - [06/Jul/2025:01:31:19 +0000] "GET /?locale=th HTTP/1.1" 200 2799 "-" "Mozilla/5.0 AppleWebKit/537.36 (KHTML, like Gecko; compatible; Amazonbot/0.1; +https://developer.amazon.com/support/amazonbot) Chrome/119.0.6045.214 Safari/537.36"
216.244.66.229 - - [06/Jul/2025:01:33:49 +0000] "GET /.cpaddons/moderation/?C=D;O=A HTTP/1.1" 200 709 "-" "Mozilla/5.0 (compatible; DotBot/1.2; +https://opensiteexplorer.org/dotbot; help@moz.com)"
43.152.72.244 - - [06/Jul/2025:01:34:39 +0000] "GET /mail/?C=M;O=A HTTP/1.1" 200 2859 "-" "Mozilla/5.0 (iPhone; CPU iPhone OS 13_2_3 like Mac OS X) AppleWebKit/605.1.15 (KHTML, like Gecko) Version/13.0.3 Mobile/15E148 Safari/604.1"
3.225.45.252 - - [06/Jul/2025:01:36:07 +0000] "GET /logs/ HTTP/1.1" 200 3279 "-" "Mozilla/5.0 AppleWebKit/537.36 (KHTML, like Gecko; compatible; Amazonbot/0.1; +https://developer.amazon.com/support/amazonbot) Chrome/119.0.6045.214 Safari/537.36"
51.222.253.14 - - [06/Jul/2025:01:36:34 +0000] "GET /tmp/webalizer/usage_202504.html HTTP/1.1" 304 - "-" "Mozilla/5.0 (compatible; AhrefsBot/7.0; +http://ahrefs.com/robot/)"
114.119.140.169 - - [06/Jul/2025:01:42:00 +0000] "GET /tmp/awstats/ssl/awstats062024.wrightimagegroup.wrightimagegroup.com.txt HTTP/1.1" 200 71985 "http://www.wrightimagegroup.org/tmp/awstats/ssl/?C=M%3BO%3DA" "Mozilla/5.0 (Linux; Android 7.0;) AppleWebKit/537.36 (KHTML, like Gecko) Mobile Safari/537.36 (compatible; PetalBot;+https://webmaster.petalsearch.com/site/petalbot)"
104.210.140.138 - - [06/Jul/2025:01:42:17 +0000] "GET /robots.txt HTTP/1.1" 404 - "-" "Mozilla/5.0 (Macintosh; Intel Mac OS X 10_15_7) AppleWebKit/537.36 (KHTML, like Gecko) Chrome/131.0.0.0 Safari/537.36; compatible; OAI-SearchBot/1.0; +https://openai.com/searchbot"
114.119.132.85 - - [06/Jul/2025:01:43:10 +0000] "GET /tmp/awstats/awstats042023.wrightimagegroup.wrightimagegroup.com.txt HTTP/1.1" 200 312308 "http://www.wrightimagegroup.org/tmp/awstats/?C=S%3BO%3DD" "Mozilla/5.0 (Linux; Android 7.0;) AppleWebKit/537.36 (KHTML, like Gecko) Mobile Safari/537.36 (compatible; PetalBot;+https://webmaster.petalsearch.com/site/petalbot)"
170.106.193.108 - - [06/Jul/2025:01:43:38 +0000] "GET /mail/?C=S;O=A HTTP/1.1" 200 2859 "-" "Mozilla/5.0 (iPhone; CPU iPhone OS 13_2_3 like Mac OS X) AppleWebKit/605.1.15 (KHTML, like Gecko) Version/13.0.3 Mobile/15E148 Safari/604.1"
114.119.146.18 - - [06/Jul/2025:01:44:31 +0000] "GET /cache/cache_763860a21a94412ffb8081c5efb43196 HTTP/1.1" 200 7 "http://www.wrightimagegroup.org/cache/?C=S%3BO%3DD" "Mozilla/5.0 (Linux; Android 7.0;) AppleWebKit/537.36 (KHTML, like Gecko) Mobile Safari/537.36 (compatible; PetalBot;+https://webmaster.petalsearch.com/site/petalbot)"
216.73.216.48 - - [06/Jul/2025:01:44:59 +0000] "GET /tmp/awstats/awstats082023.wrightimagegroup.com.txt HTTP/1.1" 200 29086 "-" "Mozilla/5.0 AppleWebKit/537.36 (KHTML, like Gecko; compatible; ClaudeBot/1.0; +claudebot@anthropic.com)"
114.119.152.177 - - [06/Jul/2025:01:45:55 +0000] "GET /tmp/webalizer/usage_202211.html HTTP/1.1" 200 106183 "http://wrightimagegroup.org/tmp/webalizer/usage_202211.html" "Mozilla/5.0 (Linux; Android 7.0;) AppleWebKit/537.36 (KHTML, like Gecko) Mobile Safari/537.36 (compatible; PetalBot;+https://webmaster.petalsearch.com/site/petalbot)"
114.119.140.169 - - [06/Jul/2025:01:47:20 +0000] "GET /tmp/awstats/awstats122023.wrightimagegroup.wrightimagegroup.com.txt HTTP/1.1" 200 122686 "http://wrightimagegroup.org/tmp/awstats/?C=S%3BO%3DA" "Mozilla/5.0 (Linux; Android 7.0;) AppleWebKit/537.36 (KHTML, like Gecko) Mobile Safari/537.36 (compatible; PetalBot;+https://webmaster.petalsearch.com/site/petalbot)"
114.119.135.202 - - [06/Jul/2025:01:48:44 +0000] "GET /tmp/webalizer/usage_202203.html HTTP/1.1" 200 101452 "http://www.wrightimagegroup.org/tmp/webalizer/usage_202203.html" "Mozilla/5.0 (Linux; Android 7.0;) AppleWebKit/537.36 (KHTML, like Gecko) Mobile Safari/537.36 (compatible; PetalBot;+https://webmaster.petalsearch.com/site/petalbot)"
14.215.163.132 - - [06/Jul/2025:01:49:19 +0000] "GET / HTTP/1.1" 200 2795 "-" "Mozilla/5.0 (iPhone; CPU iPhone OS 13_2_3 like Mac OS X) AppleWebKit/605.1.15 (KHTML, like Gecko) Version/13.0.3 Mobile/15E148 Safari/604.1"
114.119.149.89 - - [06/Jul/2025:01:50:53 +0000] "GET /tmp/awstats/awstats082016.triumphofflight.org.wrightimagegroup.com.txt HTTP/1.1" 200 6755 "http://wrightimagegroup.org/tmp/awstats/?C=S%3BO%3DA" "Mozilla/5.0 (Linux; Android 7.0;) AppleWebKit/537.36 (KHTML, like Gecko) Mobile Safari/537.36 (compatible; PetalBot;+https://webmaster.petalsearch.com/site/petalbot)"
216.73.216.48 - - [06/Jul/2025:01:52:24 +0000] "GET /tmp/webalizer/usage_202308.html HTTP/1.1" 200 105562 "-" "Mozilla/5.0 AppleWebKit/537.36 (KHTML, like Gecko; compatible; ClaudeBot/1.0; +claudebot@anthropic.com)"
162.62.132.25 - - [06/Jul/2025:01:52:35 +0000] "GET /mail/wrightimagegroup.com/ HTTP/1.1" 200 710 "-" "Mozilla/5.0 (iPhone; CPU iPhone OS 13_2_3 like Mac OS X) AppleWebKit/605.1.15 (KHTML, like Gecko) Version/13.0.3 Mobile/15E148 Safari/604.1"
43.159.145.149 - - [06/Jul/2025:01:57:41 +0000] "GET / HTTP/1.1" 200 2799 "-" "Mozilla/5.0 (iPhone; CPU iPhone OS 13_2_3 like Mac OS X) AppleWebKit/605.1.15 (KHTML, like Gecko) Version/13.0.3 Mobile/15E148 Safari/604.1"
51.222.253.6 - - [06/Jul/2025:02:01:54 +0000] "GET /tmp/analog/10.html HTTP/1.1" 304 - "-" "Mozilla/5.0 (compatible; AhrefsBot/7.0; +http://ahrefs.com/robot/)"
216.73.216.48 - - [06/Jul/2025:02:03:09 +0000] "GET /tmp/webalizer/usage_202108.html HTTP/1.1" 200 109092 "-" "Mozilla/5.0 AppleWebKit/537.36 (KHTML, like Gecko; compatible; ClaudeBot/1.0; +claudebot@anthropic.com)"
51.222.253.17 - - [06/Jul/2025:02:04:40 +0000] "GET /tmp/webalizer/usage_202410.html HTTP/1.1" 304 - "-" "Mozilla/5.0 (compatible; AhrefsBot/7.0; +http://ahrefs.com/robot/)"
157.173.122.176 - - [06/Jul/2025:02:08:15 +0000] "GET / HTTP/1.1" 200 2795 "-" "Mozilla/5.0 (Windows NT 10.0; Win64; x64) AppleWebKit/537.36 (KHTML, like Gecko) Chrome/91.0.4472.114 Safari/537.36 Edg/91.0.864.54"
51.222.253.8 - - [06/Jul/2025:02:09:48 +0000] "GET /tmp/webalizer/usage_202502.html HTTP/1.1" 304 - "-" "Mozilla/5.0 (compatible; AhrefsBot/7.0; +http://ahrefs.com/robot/)"
51.222.253.5 - - [06/Jul/2025:02:14:03 +0000] "GET /tmp/analog/11.html HTTP/1.1" 304 - "-" "Mozilla/5.0 (compatible; AhrefsBot/7.0; +http://ahrefs.com/robot/)"
51.222.253.14 - - [06/Jul/2025:02:15:10 +0000] "GET /tmp/webalizer/usage_202412.html HTTP/1.1" 304 - "-" "Mozilla/5.0 (compatible; AhrefsBot/7.0; +http://ahrefs.com/robot/)"
43.135.133.241 - - [06/Jul/2025:02:15:53 +0000] "GET / HTTP/1.1" 200 2812 "-" "Mozilla/5.0 (iPhone; CPU iPhone OS 13_2_3 like Mac OS X) AppleWebKit/605.1.15 (KHTML, like Gecko) Version/13.0.3 Mobile/15E148 Safari/604.1"
66.249.66.75 - - [06/Jul/2025:02:17:16 +0000] "GET /tmp/analog/triumphofflight.org.wrightimagegroup.com/browsum.png HTTP/1.1" 200 3369 "-" "Googlebot-Image/1.0"
51.222.253.13 - - [06/Jul/2025:02:20:06 +0000] "GET /tmp/webalizer/usage_202504.html HTTP/1.1" 304 - "-" "Mozilla/5.0 (compatible; AhrefsBot/7.0; +http://ahrefs.com/robot/)"
104.210.140.141 - - [06/Jul/2025:02:21:44 +0000] "GET /robots.txt HTTP/1.1" 404 - "-" "Mozilla/5.0 (Macintosh; Intel Mac OS X 10_15_7) AppleWebKit/537.36 (KHTML, like Gecko) Chrome/131.0.0.0 Safari/537.36; compatible; OAI-SearchBot/1.0; +https://openai.com/searchbot"
114.119.152.177 - - [06/Jul/2025:02:22:45 +0000] "GET /tmp/awstats/ssl/awstats032023.wrightimagegroup.com.txt HTTP/1.1" 200 13972 "http://wrightimagegroup.org/tmp/awstats/ssl/?C=M%3BO%3DA" "Mozilla/5.0 (Linux; Android 7.0;) AppleWebKit/537.36 (KHTML, like Gecko) Mobile Safari/537.36 (compatible; PetalBot;+https://webmaster.petalsearch.com/site/petalbot)"
114.119.132.85 - - [06/Jul/2025:02:24:11 +0000] "GET /tmp/awstats/awstats072023.wrightimagegroup.com.txt HTTP/1.1" 200 30299 "http://www.wrightimagegroup.org/tmp/awstats/?C=S%3BO%3DD" "Mozilla/5.0 (Linux; Android 7.0;) AppleWebKit/537.36 (KHTML, like Gecko) Mobile Safari/537.36 (compatible; PetalBot;+https://webmaster.petalsearch.com/site/petalbot)"
51.222.253.11 - - [06/Jul/2025:02:25:19 +0000] "GET /tmp/analog/1.html HTTP/1.1" 304 - "-" "Mozilla/5.0 (compatible; AhrefsBot/7.0; +http://ahrefs.com/robot/)"
114.119.138.179 - - [06/Jul/2025:02:25:58 +0000] "GET /tmp/awstats/awstats072021.wrightimagegroup.wrightimagegroup.com.txt HTTP/1.1" 200 39812 "http://www.wrightimagegroup.org/tmp/awstats/?C=S%3BO%3DD" "Mozilla/5.0 (Linux; Android 7.0;) AppleWebKit/537.36 (KHTML, like Gecko) Mobile Safari/537.36 (compatible; PetalBot;+https://webmaster.petalsearch.com/site/petalbot)"
51.222.253.5 - - [06/Jul/2025:02:26:06 +0000] "GET /tmp/webalizer/usage_202501.html HTTP/1.1" 304 - "-" "Mozilla/5.0 (compatible; AhrefsBot/7.0; +http://ahrefs.com/robot/)"
114.119.152.177 - - [06/Jul/2025:02:27:00 +0000] "GET /tmp/awstats/awstats032021.wrightimagegroup.com.txt HTTP/1.1" 200 15257 "http://www.wrightimagegroup.org/tmp/awstats/?C=S%3BO%3DD" "Mozilla/5.0 (Linux; Android 7.0;) AppleWebKit/537.36 (KHTML, like Gecko) Mobile Safari/537.36 (compatible; PetalBot;+https://webmaster.petalsearch.com/site/petalbot)"
114.119.140.169 - - [06/Jul/2025:02:28:19 +0000] "GET /tmp/analog/2.html HTTP/1.1" 200 45473 "http://www.wrightimagegroup.org/tmp/analog/2.html" "Mozilla/5.0 (Linux; Android 7.0;) AppleWebKit/537.36 (KHTML, like Gecko) Mobile Safari/537.36 (compatible; PetalBot;+https://webmaster.petalsearch.com/site/petalbot)"
114.119.152.177 - - [06/Jul/2025:02:29:47 +0000] "GET /tmp/awstats/ssl/awstats092021.wrightimagegroup.wrightimagegroup.com.txt HTTP/1.1" 200 17983 "http://wrightimagegroup.org/tmp/awstats/ssl/?C=M%3BO%3DA" "Mozilla/5.0 (Linux; Android 7.0;) AppleWebKit/537.36 (KHTML, like Gecko) Mobile Safari/537.36 (compatible; PetalBot;+https://webmaster.petalsearch.com/site/petalbot)"
51.222.253.7 - - [06/Jul/2025:02:32:24 +0000] "GET /tmp/webalizer/usage_202503.html HTTP/1.1" 304 - "-" "Mozilla/5.0 (compatible; AhrefsBot/7.0; +http://ahrefs.com/robot/)"
216.73.216.48 - - [06/Jul/2025:02:35:31 +0000] "GET /robots.txt HTTP/1.1" 404 - "-" "Mozilla/5.0 AppleWebKit/537.36 (KHTML, like Gecko; compatible; ClaudeBot/1.0; +claudebot@anthropic.com)"
216.73.216.48 - - [06/Jul/2025:02:35:33 +0000] "GET /tmp/awstats/awstats102016.triumphofflight.org.wrightimagegroup.com.txt HTTP/1.1" 200 6475 "-" "Mozilla/5.0 AppleWebKit/537.36 (KHTML, like Gecko; compatible; ClaudeBot/1.0; +claudebot@anthropic.com)"
51.222.253.8 - - [06/Jul/2025:02:37:06 +0000] "GET /tmp/analog/6.html HTTP/1.1" 304 - "-" "Mozilla/5.0 (compatible; AhrefsBot/7.0; +http://ahrefs.com/robot/)"
51.222.253.18 - - [06/Jul/2025:02:38:40 +0000] "GET /tmp/analog/1.html HTTP/1.1" 304 - "-" "Mozilla/5.0 (compatible; AhrefsBot/7.0; +http://ahrefs.com/robot/)"
51.222.253.6 - - [06/Jul/2025:02:43:47 +0000] "GET /tmp/analog/10.html HTTP/1.1" 304 - "-" "Mozilla/5.0 (compatible; AhrefsBot/7.0; +http://ahrefs.com/robot/)"
123.140.146.45 - - [06/Jul/2025:02:44:20 +0000] "GET /tmp/webalizer/usage_202312.html HTTP/1.0" 200 103709 "-" "Mozilla/5.0 (Windows NT 10.0; WOW64) AppleWebKit/537.36 (KHTML, like Gecko) Chrome/114.0.0.0 Safari/537.36 Vivaldi/5.3.2679.68"
123.140.146.45 - - [06/Jul/2025:02:44:25 +0000] "GET / HTTP/1.1" 200 2812 "https://xn--krken-ucc.com" "Mozilla/4.0 kraken \xd0\xb7\xd0\xb0\xd0\xbf\xd1\x80\xd0\xb5\xd1\x89\xd0\xb5\xd0\xbd (Windows NT 5.1; U; en) Presto/2.10.229 Version/11.60"
123.140.146.45 - - [06/Jul/2025:02:44:26 +0000] "GET /tmp/webalizer/usage_202312.html HTTP/1.1" 200 103709 "-" "Mozilla/4.0 kraken \xd0\xb7\xd0\xb0\xd0\xbf\xd1\x80\xd0\xb5\xd1\x89\xd0\xb5\xd0\xbd (Windows NT 5.1; U; en) Presto/2.10.229 Version/11.60"
123.140.146.45 - - [06/Jul/2025:02:44:27 +0000] "GET /tmp/webalizer/usage_202507.html HTTP/1.0" 200 86877 "-" "Mozilla/4.0 kraken \xd0\xb7\xd0\xb0\xd0\xbf\xd1\x80\xd0\xb5\xd1\x89\xd0\xb5\xd0\xbd (Windows NT 5.1; U; en) Presto/2.10.229 Version/11.60"
114.119.149.89 - - [06/Jul/2025:02:46:55 +0000] "GET /tmp/awstats/awstats022022.wrightimagegroup.com.txt HTTP/1.1" 200 16534 "http://www.wrightimagegroup.org/tmp/awstats/?C=S%3BO%3DD" "Mozilla/5.0 (Linux; Android 7.0;) AppleWebKit/537.36 (KHTML, like Gecko) Mobile Safari/537.36 (compatible; PetalBot;+https://webmaster.petalsearch.com/site/petalbot)"
114.119.152.177 - - [06/Jul/2025:02:47:18 +0000] "GET /tmp/webalizer/usage_202105.html HTTP/1.1" 200 88922 "http://wrightimagegroup.org/tmp/webalizer/usage_202105.html" "Mozilla/5.0 (Linux; Android 7.0;) AppleWebKit/537.36 (KHTML, like Gecko) Mobile Safari/537.36 (compatible; PetalBot;+https://webmaster.petalsearch.com/site/petalbot)"
51.222.253.16 - - [06/Jul/2025:02:48:51 +0000] "GET /tmp/analog/11.html HTTP/1.1" 304 - "-" "Mozilla/5.0 (compatible; AhrefsBot/7.0; +http://ahrefs.com/robot/)"
51.222.253.9 - - [06/Jul/2025:02:49:36 +0000] "GET /tmp/analog/4.html HTTP/1.1" 304 - "-" "Mozilla/5.0 (compatible; AhrefsBot/7.0; +http://ahrefs.com/robot/)"
114.119.152.177 - - [06/Jul/2025:02:49:39 +0000] "GET /tmp/awstats/ssl/awstats062022.wrightimagegroup.wrightimagegroup.com.txt HTTP/1.1" 200 33412 "http://wrightimagegroup.org/tmp/awstats/ssl/?C=M%3BO%3DA" "Mozilla/5.0 (Linux; Android 7.0;) AppleWebKit/537.36 (KHTML, like Gecko) Mobile Safari/537.36 (compatible; PetalBot;+https://webmaster.petalsearch.com/site/petalbot)"
114.119.135.202 - - [06/Jul/2025:02:51:46 +0000] "GET /tmp/awstats/ssl/awstats092022.wrightimagegroup.wrightimagegroup.com.txt HTTP/1.1" 200 43041 "http://www.wrightimagegroup.org/tmp/awstats/ssl/?C=M%3BO%3DA" "Mozilla/5.0 (Linux; Android 7.0;) AppleWebKit/537.36 (KHTML, like Gecko) Mobile Safari/537.36 (compatible; PetalBot;+https://webmaster.petalsearch.com/site/petalbot)"
51.222.253.11 - - [06/Jul/2025:02:54:48 +0000] "GET /tmp/analog/12.html HTTP/1.1" 304 - "-" "Mozilla/5.0 (compatible; AhrefsBot/7.0; +http://ahrefs.com/robot/)"
51.222.253.17 - - [06/Jul/2025:03:00:42 +0000] "GET /tmp/analog/2.html HTTP/1.1" 304 - "-" "Mozilla/5.0 (compatible; AhrefsBot/7.0; +http://ahrefs.com/robot/)"
51.222.253.7 - - [06/Jul/2025:03:02:22 +0000] "GET /tmp/analog/ssl/wrightimagegroup.wrightimagegroup.com/4.html HTTP/1.1" 304 - "-" "Mozilla/5.0 (compatible; AhrefsBot/7.0; +http://ahrefs.com/robot/)"
51.222.253.11 - - [06/Jul/2025:03:06:35 +0000] "GET /tmp/analog/3.html HTTP/1.1" 304 - "-" "Mozilla/5.0 (compatible; AhrefsBot/7.0; +http://ahrefs.com/robot/)"
124.156.225.181 - - [06/Jul/2025:03:10:40 +0000] "GET / HTTP/1.1" 200 2816 "-" "Mozilla/5.0 (iPhone; CPU iPhone OS 13_2_3 like Mac OS X) AppleWebKit/605.1.15 (KHTML, like Gecko) Version/13.0.3 Mobile/15E148 Safari/604.1"
51.222.253.8 - - [06/Jul/2025:03:13:37 +0000] "GET /tmp/analog/4.html HTTP/1.1" 304 - "-" "Mozilla/5.0 (compatible; AhrefsBot/7.0; +http://ahrefs.com/robot/)"
51.222.253.10 - - [06/Jul/2025:03:20:51 +0000] "GET /tmp/analog/5.html HTTP/1.1" 304 - "-" "Mozilla/5.0 (compatible; AhrefsBot/7.0; +http://ahrefs.com/robot/)"
51.222.253.20 - - [06/Jul/2025:03:29:12 +0000] "GET /tmp/analog/6.html HTTP/1.1" 304 - "-" "Mozilla/5.0 (compatible; AhrefsBot/7.0; +http://ahrefs.com/robot/)"
51.222.253.17 - - [06/Jul/2025:03:35:01 +0000] "GET /tmp/analog/7.html HTTP/1.1" 304 - "-" "Mozilla/5.0 (compatible; AhrefsBot/7.0; +http://ahrefs.com/robot/)"
51.222.253.7 - - [06/Jul/2025:03:35:20 +0000] "GET /tmp/analog/ssl/wrightimagegroup.com/4.html HTTP/1.1" 304 - "-" "Mozilla/5.0 (compatible; AhrefsBot/7.0; +http://ahrefs.com/robot/)"
114.119.132.85 - - [06/Jul/2025:03:37:52 +0000] "GET /tmp/awstats/awstats122016.triumphofflight.org.wrightimagegroup.com.txt HTTP/1.1" 200 6902 "http://www.wrightimagegroup.org/tmp/awstats/?C=S%3BO%3DD" "Mozilla/5.0 (Linux; Android 7.0;) AppleWebKit/537.36 (KHTML, like Gecko) Mobile Safari/537.36 (compatible; PetalBot;+https://webmaster.petalsearch.com/site/petalbot)"
114.119.152.177 - - [06/Jul/2025:03:39:16 +0000] "GET /tmp/awstats/awstats022017.wrightimagegroup.com.txt HTTP/1.1" 200 6479 "http://www.wrightimagegroup.org/tmp/awstats/?C=S%3BO%3DD" "Mozilla/5.0 (Linux; Android 7.0;) AppleWebKit/537.36 (KHTML, like Gecko) Mobile Safari/537.36 (compatible; PetalBot;+https://webmaster.petalsearch.com/site/petalbot)"
51.222.253.17 - - [06/Jul/2025:03:40:05 +0000] "GET /tmp/analog/8.html HTTP/1.1" 304 - "-" "Mozilla/5.0 (compatible; AhrefsBot/7.0; +http://ahrefs.com/robot/)"
114.119.140.169 - - [06/Jul/2025:03:40:40 +0000] "GET /tmp/awstats/ssl/awstats112024.wrightimagegroup.wrightimagegroup.com.txt HTTP/1.1" 200 79075 "http://www.wrightimagegroup.org/tmp/awstats/ssl/?C=M%3BO%3DA" "Mozilla/5.0 (Linux; Android 7.0;) AppleWebKit/537.36 (KHTML, like Gecko) Mobile Safari/537.36 (compatible; PetalBot;+https://webmaster.petalsearch.com/site/petalbot)"
114.119.135.202 - - [06/Jul/2025:03:42:02 +0000] "GET /tmp/awstats/awstats112023.wrightimagegroup.wrightimagegroup.com.txt HTTP/1.1" 200 85282 "http://www.wrightimagegroup.org/tmp/awstats/?C=S%3BO%3DD" "Mozilla/5.0 (Linux; Android 7.0;) AppleWebKit/537.36 (KHTML, like Gecko) Mobile Safari/537.36 (compatible; PetalBot;+https://webmaster.petalsearch.com/site/petalbot)"
114.119.144.41 - - [06/Jul/2025:03:43:26 +0000] "GET /cache/cache_ef19e71ffaa23cd34a95526d0b4cb47a HTTP/1.1" 200 - "http://www.wrightimagegroup.org/cache/?C=S%3BO%3DD" "Mozilla/5.0 (Linux; Android 7.0;) AppleWebKit/537.36 (KHTML, like Gecko) Mobile Safari/537.36 (compatible; PetalBot;+https://webmaster.petalsearch.com/site/petalbot)"
114.119.138.179 - - [06/Jul/2025:03:44:49 +0000] "GET /tmp/webalizer/usage_202304.html HTTP/1.1" 200 104475 "http://www.wrightimagegroup.org/tmp/webalizer/usage_202304.html" "Mozilla/5.0 (Linux; Android 7.0;) AppleWebKit/537.36 (KHTML, like Gecko) Mobile Safari/537.36 (compatible; PetalBot;+https://webmaster.petalsearch.com/site/petalbot)"
51.222.253.12 - - [06/Jul/2025:03:45:17 +0000] "GET /tmp/analog/9.html HTTP/1.1" 304 - "-" "Mozilla/5.0 (compatible; AhrefsBot/7.0; +http://ahrefs.com/robot/)"
114.119.138.179 - - [06/Jul/2025:03:46:14 +0000] "GET /tmp/awstats/awstats042016.triumphofflight.org.wrightimagegroup.com.txt HTTP/1.1" 200 6393 "http://wrightimagegroup.org/tmp/awstats/?C=S%3BO%3DA" "Mozilla/5.0 (Linux; Android 7.0;) AppleWebKit/537.36 (KHTML, like Gecko) Mobile Safari/537.36 (compatible; PetalBot;+https://webmaster.petalsearch.com/site/petalbot)"
114.119.140.169 - - [06/Jul/2025:03:47:37 +0000] "GET /tmp/analog/7.html HTTP/1.1" 200 50222 "http://wrightimagegroup.org/tmp/analog/7.html" "Mozilla/5.0 (Linux; Android 7.0;) AppleWebKit/537.36 (KHTML, like Gecko) Mobile Safari/537.36 (compatible; PetalBot;+https://webmaster.petalsearch.com/site/petalbot)"
51.222.253.20 - - [06/Jul/2025:03:52:00 +0000] "GET /tmp/webalizer/usage_202411.html HTTP/1.1" 304 - "-" "Mozilla/5.0 (compatible; AhrefsBot/7.0; +http://ahrefs.com/robot/)"
114.119.132.85 - - [06/Jul/2025:03:55:18 +0000] "GET /tmp/awstats/awstats032019.wrightimagegroup.wrightimagegroup.com.txt HTTP/1.1" 200 9919 "http://wrightimagegroup.org/tmp/awstats/?C=S%3BO%3DA" "Mozilla/5.0 (Linux; Android 7.0;) AppleWebKit/537.36 (KHTML, like Gecko) Mobile Safari/537.36 (compatible; PetalBot;+https://webmaster.petalsearch.com/site/petalbot)"
51.222.253.6 - - [06/Jul/2025:03:56:33 +0000] "GET /tmp/analog/ssl/wrightimagegroup.wrightimagegroup.com/4.html HTTP/1.1" 304 - "-" "Mozilla/5.0 (compatible; AhrefsBot/7.0; +http://ahrefs.com/robot/)"
51.222.253.9 - - [06/Jul/2025:03:57:43 +0000] "GET /tmp/webalizer/usage_202407.html HTTP/1.1" 304 - "-" "Mozilla/5.0 (compatible; AhrefsBot/7.0; +http://ahrefs.com/robot/)"
51.222.253.20 - - [06/Jul/2025:04:03:09 +0000] "GET /tmp/webalizer/usage_202408.html HTTP/1.1" 304 - "-" "Mozilla/5.0 (compatible; AhrefsBot/7.0; +http://ahrefs.com/robot/)"
51.222.253.3 - - [06/Jul/2025:04:06:08 +0000] "GET /tmp/webalizer/usage_202504.html HTTP/1.1" 304 - "-" "Mozilla/5.0 (compatible; AhrefsBot/7.0; +http://ahrefs.com/robot/)"
51.222.253.4 - - [06/Jul/2025:04:08:21 +0000] "GET /tmp/webalizer/usage_202409.html HTTP/1.1" 304 - "-" "Mozilla/5.0 (compatible; AhrefsBot/7.0; +http://ahrefs.com/robot/)"
51.222.253.13 - - [06/Jul/2025:04:14:13 +0000] "GET /tmp/webalizer/usage_202406.html HTTP/1.1" 304 - "-" "Mozilla/5.0 (compatible; AhrefsBot/7.0; +http://ahrefs.com/robot/)"
51.222.253.11 - - [06/Jul/2025:04:15:47 +0000] "GET /tmp/analog/ssl/wrightimagegroup.com/4.html HTTP/1.1" 304 - "-" "Mozilla/5.0 (compatible; AhrefsBot/7.0; +http://ahrefs.com/robot/)"
51.222.253.9 - - [06/Jul/2025:04:24:58 +0000] "GET /?C=M;O=D HTTP/1.1" 200 2812 "-" "Mozilla/5.0 (compatible; AhrefsBot/7.0; +http://ahrefs.com/robot/)"
114.119.135.202 - - [06/Jul/2025:04:26:29 +0000] "GET /tmp/awstats/awstats042018.wrightimagegroup.com.txt HTTP/1.1" 200 8154 "http://www.wrightimagegroup.org/tmp/awstats/?C=S%3BO%3DD" "Mozilla/5.0 (Linux; Android 7.0;) AppleWebKit/537.36 (KHTML, like Gecko) Mobile Safari/537.36 (compatible; PetalBot;+https://webmaster.petalsearch.com/site/petalbot)"
114.119.135.202 - - [06/Jul/2025:04:27:52 +0000] "GET /tmp/webalizer/usage_202301.html HTTP/1.1" 200 107167 "http://www.wrightimagegroup.org/tmp/webalizer/usage_202301.html" "Mozilla/5.0 (Linux; Android 7.0;) AppleWebKit/537.36 (KHTML, like Gecko) Mobile Safari/537.36 (compatible; PetalBot;+https://webmaster.petalsearch.com/site/petalbot)"
114.119.140.169 - - [06/Jul/2025:04:29:15 +0000] "GET /tmp/awstats/awstats022017.wrightimagegroup.com.txt HTTP/1.1" 200 6479 "http://wrightimagegroup.org/tmp/awstats/?C=S%3BO%3DA" "Mozilla/5.0 (Linux; Android 7.0;) AppleWebKit/537.36 (KHTML, like Gecko) Mobile Safari/537.36 (compatible; PetalBot;+https://webmaster.petalsearch.com/site/petalbot)"
51.222.253.1 - - [06/Jul/2025:04:30:51 +0000] "GET /tmp/awstats/ssl/awstats062021.wrightimagegroup.com.txt HTTP/1.1" 304 - "-" "Mozilla/5.0 (compatible; AhrefsBot/7.0; +http://ahrefs.com/robot/)"
51.222.253.15 - - [06/Jul/2025:04:37:32 +0000] "GET /tmp/awstats/ssl/awstats062022.wrightimagegroup.com.txt HTTP/1.1" 304 - "-" "Mozilla/5.0 (compatible; AhrefsBot/7.0; +http://ahrefs.com/robot/)"
118.195.165.218 - - [06/Jul/2025:04:44:11 +0000] "GET / HTTP/1.1" 200 2799 "-" "Mozilla/5.0 (iPhone; CPU iPhone OS 13_2_3 like Mac OS X) AppleWebKit/605.1.15 (KHTML, like Gecko) Version/13.0.3 Mobile/15E148 Safari/604.1"
51.222.253.4 - - [06/Jul/2025:04:44:26 +0000] "GET /tmp/awstats/ssl/awstats112024.wrightimagegroup.wrightimagegroup.com.txt HTTP/1.1" 304 - "-" "Mozilla/5.0 (compatible; AhrefsBot/7.0; +http://ahrefs.com/robot/)"
114.119.135.202 - - [06/Jul/2025:04:44:39 +0000] "GET /tmp/awstats/awstats032019.wrightimagegroup.com.txt HTTP/1.1" 200 7861 "http://www.wrightimagegroup.org/tmp/awstats/?C=S%3BO%3DD" "Mozilla/5.0 (Linux; Android 7.0;) AppleWebKit/537.36 (KHTML, like Gecko) Mobile Safari/537.36 (compatible; PetalBot;+https://webmaster.petalsearch.com/site/petalbot)"
51.222.253.7 - - [06/Jul/2025:04:45:46 +0000] "GET /tmp/analog/10.html HTTP/1.1" 304 - "-" "Mozilla/5.0 (compatible; AhrefsBot/7.0; +http://ahrefs.com/robot/)"
114.119.144.41 - - [06/Jul/2025:04:46:02 +0000] "GET /tmp/awstats/ssl/awstats052024.wrightimagegroup.wrightimagegroup.com.txt HTTP/1.1" 200 81610 "http://wrightimagegroup.org/tmp/awstats/ssl/?C=M%3BO%3DA" "Mozilla/5.0 (Linux; Android 7.0;) AppleWebKit/537.36 (KHTML, like Gecko) Mobile Safari/537.36 (compatible; PetalBot;+https://webmaster.petalsearch.com/site/petalbot)"
51.222.253.5 - - [06/Jul/2025:04:50:27 +0000] "GET /ssl/?C=S;O=A HTTP/1.1" 200 1556 "-" "Mozilla/5.0 (compatible; AhrefsBot/7.0; +http://ahrefs.com/robot/)"
51.222.253.18 - - [06/Jul/2025:04:55:19 +0000] "GET /tmp/analog/11.html HTTP/1.1" 304 - "-" "Mozilla/5.0 (compatible; AhrefsBot/7.0; +http://ahrefs.com/robot/)"
51.222.253.19 - - [06/Jul/2025:05:04:18 +0000] "GET /access-logs/?C=S;O=D HTTP/1.1" 200 1716 "-" "Mozilla/5.0 (compatible; AhrefsBot/7.0; +http://ahrefs.com/robot/)"
51.222.253.6 - - [06/Jul/2025:05:05:17 +0000] "GET /tmp/analog/1.html HTTP/1.1" 304 - "-" "Mozilla/5.0 (compatible; AhrefsBot/7.0; +http://ahrefs.com/robot/)"
114.119.152.177 - - [06/Jul/2025:05:05:19 +0000] "GET /tmp/awstats/ssl/awstats102021.wrightimagegroup.wrightimagegroup.com.txt HTTP/1.1" 200 21002 "http://www.wrightimagegroup.org/tmp/awstats/ssl/?C=M%3BO%3DA" "Mozilla/5.0 (Linux; Android 7.0;) AppleWebKit/537.36 (KHTML, like Gecko) Mobile Safari/537.36 (compatible; PetalBot;+https://webmaster.petalsearch.com/site/petalbot)"
114.119.152.177 - - [06/Jul/2025:05:06:43 +0000] "GET /tmp/awstats/ssl/awstats062022.wrightimagegroup.wrightimagegroup.com.txt HTTP/1.1" 200 33412 "http://www.wrightimagegroup.org/tmp/awstats/ssl/?C=M%3BO%3DA" "Mozilla/5.0 (Linux; Android 7.0;) AppleWebKit/537.36 (KHTML, like Gecko) Mobile Safari/537.36 (compatible; PetalBot;+https://webmaster.petalsearch.com/site/petalbot)"
114.119.138.179 - - [06/Jul/2025:05:08:07 +0000] "GET /tmp/awstats/ssl/awstats102024.wrightimagegroup.wrightimagegroup.com.txt HTTP/1.1" 200 58254 "http://wrightimagegroup.org/tmp/awstats/ssl/?C=M%3BO%3DA" "Mozilla/5.0 (Linux; Android 7.0;) AppleWebKit/537.36 (KHTML, like Gecko) Mobile Safari/537.36 (compatible; PetalBot;+https://webmaster.petalsearch.com/site/petalbot)"
114.119.140.169 - - [06/Jul/2025:05:09:30 +0000] "GET /tmp/awstats/ssl/awstats012025.wrightimagegroup.wrightimagegroup.com.txt HTTP/1.1" 200 104851 "http://wrightimagegroup.org/tmp/awstats/ssl/?C=M%3BO%3DA" "Mozilla/5.0 (Linux; Android 7.0;) AppleWebKit/537.36 (KHTML, like Gecko) Mobile Safari/537.36 (compatible; PetalBot;+https://webmaster.petalsearch.com/site/petalbot)"
51.222.253.18 - - [06/Jul/2025:05:09:54 +0000] "GET /access-logs/?C=M;O=D HTTP/1.1" 200 1716 "-" "Mozilla/5.0 (compatible; AhrefsBot/7.0; +http://ahrefs.com/robot/)"
51.222.253.14 - - [06/Jul/2025:05:15:09 +0000] "GET /tmp/analog/2.html HTTP/1.1" 304 - "-" "Mozilla/5.0 (compatible; AhrefsBot/7.0; +http://ahrefs.com/robot/)"
51.222.253.5 - - [06/Jul/2025:05:20:58 +0000] "GET /access-logs/?C=D;O=D HTTP/1.1" 200 1716 "-" "Mozilla/5.0 (compatible; AhrefsBot/7.0; +http://ahrefs.com/robot/)"
51.222.253.15 - - [06/Jul/2025:05:25:06 +0000] "GET /tmp/analog/6.html HTTP/1.1" 304 - "-" "Mozilla/5.0 (compatible; AhrefsBot/7.0; +http://ahrefs.com/robot/)"
43.155.27.244 - - [06/Jul/2025:05:26:00 +0000] "GET / HTTP/1.1" 200 2795 "-" "Mozilla/5.0 (iPhone; CPU iPhone OS 13_2_3 like Mac OS X) AppleWebKit/605.1.15 (KHTML, like Gecko) Version/13.0.3 Mobile/15E148 Safari/604.1"
51.222.253.10 - - [06/Jul/2025:05:26:41 +0000] "GET /mail/cur/?C=D;O=A HTTP/1.1" 200 697 "-" "Mozilla/5.0 (compatible; AhrefsBot/7.0; +http://ahrefs.com/robot/)"
114.119.146.18 - - [06/Jul/2025:05:27:37 +0000] "GET /tmp/awstats/awstats032021.wrightimagegroup.wrightimagegroup.com.txt HTTP/1.1" 200 45985 "http://www.wrightimagegroup.org/tmp/awstats/?C=S%3BO%3DD" "Mozilla/5.0 (Linux; Android 7.0;) AppleWebKit/537.36 (KHTML, like Gecko) Mobile Safari/537.36 (compatible; PetalBot;+https://webmaster.petalsearch.com/site/petalbot)"
114.119.140.169 - - [06/Jul/2025:05:28:41 +0000] "GET /tmp/awstats/ssl/awstats062021.wrightimagegroup.wrightimagegroup.com.txt HTTP/1.1" 200 14693 "http://wrightimagegroup.org/tmp/awstats/ssl/?C=M%3BO%3DA" "Mozilla/5.0 (Linux; Android 7.0;) AppleWebKit/537.36 (KHTML, like Gecko) Mobile Safari/537.36 (compatible; PetalBot;+https://webmaster.petalsearch.com/site/petalbot)"
51.222.253.5 - - [06/Jul/2025:05:32:15 +0000] "GET /mail/cur/?C=M;O=A HTTP/1.1" 200 697 "-" "Mozilla/5.0 (compatible; AhrefsBot/7.0; +http://ahrefs.com/robot/)"
216.244.66.229 - - [06/Jul/2025:05:32:33 +0000] "GET /robots.txt HTTP/1.1" 404 - "-" "Mozilla/5.0 (compatible; DotBot/1.2; +https://opensiteexplorer.org/dotbot; help@moz.com)"
216.244.66.229 - - [06/Jul/2025:05:32:33 +0000] "GET /robots.txt HTTP/1.1" 404 - "-" "Mozilla/5.0 (compatible; DotBot/1.2; +https://opensiteexplorer.org/dotbot; help@moz.com)"
51.222.253.16 - - [06/Jul/2025:05:35:26 +0000] "GET /tmp/analog/4.html HTTP/1.1" 304 - "-" "Mozilla/5.0 (compatible; AhrefsBot/7.0; +http://ahrefs.com/robot/)"
216.244.66.229 - - [06/Jul/2025:05:41:06 +0000] "GET /tmp/awstats/awstats092024.wrightimagegroup.com.txt HTTP/1.1" 200 28800 "-" "Mozilla/5.0 (compatible; DotBot/1.2; +https://opensiteexplorer.org/dotbot; help@moz.com)"
216.244.66.229 - - [06/Jul/2025:05:42:11 +0000] "GET /.cpaddons/?C=N;O=D HTTP/1.1" 200 852 "-" "Mozilla/5.0 (compatible; DotBot/1.2; +https://opensiteexplorer.org/dotbot; help@moz.com)"
44.203.220.209 - - [06/Jul/2025:05:43:04 +0000] "GET / HTTP/1.1" 200 2795 "-" "Mozilla/5.0 (Windows NT 10.0; Win64; x64) AppleWebKit/537.36 (KHTML, like Gecko) Chrome/125.0.0.0 Safari/537.36"
51.222.253.3 - - [06/Jul/2025:05:44:12 +0000] "GET /mail/cur/?C=S;O=A HTTP/1.1" 200 697 "-" "Mozilla/5.0 (compatible; AhrefsBot/7.0; +http://ahrefs.com/robot/)"
51.222.253.13 - - [06/Jul/2025:05:45:08 +0000] "GET /tmp/analog/7.html HTTP/1.1" 304 - "-" "Mozilla/5.0 (compatible; AhrefsBot/7.0; +http://ahrefs.com/robot/)"
114.119.140.169 - - [06/Jul/2025:05:45:26 +0000] "GET /tmp/awstats/awstats102022.wrightimagegroup.wrightimagegroup.com.txt HTTP/1.1" 200 92236 "http://www.wrightimagegroup.org/tmp/awstats/?C=S%3BO%3DD" "Mozilla/5.0 (Linux; Android 7.0;) AppleWebKit/537.36 (KHTML, like Gecko) Mobile Safari/537.36 (compatible; PetalBot;+https://webmaster.petalsearch.com/site/petalbot)"
114.119.146.18 - - [06/Jul/2025:05:46:50 +0000] "GET /tmp/awstats/awstats052022.wrightimagegroup.wrightimagegroup.com.txt HTTP/1.1" 200 83944 "http://www.wrightimagegroup.org/tmp/awstats/?C=S%3BO%3DD" "Mozilla/5.0 (Linux; Android 7.0;) AppleWebKit/537.36 (KHTML, like Gecko) Mobile Safari/537.36 (compatible; PetalBot;+https://webmaster.petalsearch.com/site/petalbot)"
51.222.253.12 - - [06/Jul/2025:05:51:16 +0000] "GET /tmp/webalizer/usage_202504.html HTTP/1.1" 304 - "-" "Mozilla/5.0 (compatible; AhrefsBot/7.0; +http://ahrefs.com/robot/)"
51.222.253.17 - - [06/Jul/2025:05:56:02 +0000] "GET /tmp/analog/9.html HTTP/1.1" 304 - "-" "Mozilla/5.0 (compatible; AhrefsBot/7.0; +http://ahrefs.com/robot/)"
114.119.140.169 - - [06/Jul/2025:06:00:24 +0000] "GET /tmp/awstats/ssl/awstats072024.wrightimagegroup.com.txt HTTP/1.1" 200 14426 "http://www.wrightimagegroup.org/tmp/awstats/ssl/?C=M%3BO%3DA" "Mozilla/5.0 (Linux; Android 7.0;) AppleWebKit/537.36 (KHTML, like Gecko) Mobile Safari/537.36 (compatible; PetalBot;+https://webmaster.petalsearch.com/site/petalbot)"
114.119.138.179 - - [06/Jul/2025:06:01:48 +0000] "GET /tmp/awstats/awstats062018.wrightimagegroup.com.txt HTTP/1.1" 200 9147 "http://www.wrightimagegroup.org/tmp/awstats/?C=S%3BO%3DD" "Mozilla/5.0 (Linux; Android 7.0;) AppleWebKit/537.36 (KHTML, like Gecko) Mobile Safari/537.36 (compatible; PetalBot;+https://webmaster.petalsearch.com/site/petalbot)"
114.119.146.18 - - [06/Jul/2025:06:03:11 +0000] "GET /mail/dovecot.index.log HTTP/1.1" 200 40 "http://www.wrightimagegroup.org/mail/?C=M%3BO%3DD" "Mozilla/5.0 (Linux; Android 7.0;) AppleWebKit/537.36 (KHTML, like Gecko) Mobile Safari/537.36 (compatible; PetalBot;+https://webmaster.petalsearch.com/site/petalbot)"
114.119.152.177 - - [06/Jul/2025:06:04:34 +0000] "GET /tmp/webalizer/usage_202110.html HTTP/1.1" 200 97398 "http://wrightimagegroup.org/tmp/webalizer/usage_202110.html" "Mozilla/5.0 (Linux; Android 7.0;) AppleWebKit/537.36 (KHTML, like Gecko) Mobile Safari/537.36 (compatible; PetalBot;+https://webmaster.petalsearch.com/site/petalbot)"
114.119.149.89 - - [06/Jul/2025:06:06:01 +0000] "GET /tmp/awstats/awstats102019.wrightimagegroup.wrightimagegroup.com.txt HTTP/1.1" 200 14325 "http://wrightimagegroup.org/tmp/awstats/?C=S%3BO%3DA" "Mozilla/5.0 (Linux; Android 7.0;) AppleWebKit/537.36 (KHTML, like Gecko) Mobile Safari/537.36 (compatible; PetalBot;+https://webmaster.petalsearch.com/site/petalbot)"
51.222.253.19 - - [06/Jul/2025:06:06:41 +0000] "GET /tmp/analog/ssl/wrightimagegroup.wrightimagegroup.com/4.html HTTP/1.1" 304 - "-" "Mozilla/5.0 (compatible; AhrefsBot/7.0; +http://ahrefs.com/robot/)"
114.119.138.179 - - [06/Jul/2025:06:07:21 +0000] "GET /tmp/awstats/awstats042016.wrightimagegroup.wrightimagegroup.com.txt HTTP/1.1" 200 6409 "http://wrightimagegroup.org/tmp/awstats/?C=S%3BO%3DA" "Mozilla/5.0 (Linux; Android 7.0;) AppleWebKit/537.36 (KHTML, like Gecko) Mobile Safari/537.36 (compatible; PetalBot;+https://webmaster.petalsearch.com/site/petalbot)"
51.222.253.19 - - [06/Jul/2025:06:15:54 +0000] "GET /tmp/webalizer/usage_202410.html HTTP/1.1" 304 - "-" "Mozilla/5.0 (compatible; AhrefsBot/7.0; +http://ahrefs.com/robot/)"
165.227.97.37 - - [06/Jul/2025:06:17:09 +0000] "GET / HTTP/1.1" 200 2795 "-" "Mozilla/5.0 (X11; Linux x86_64) AppleWebKit/537.36 (KHTML, like Gecko) Chrome/137.0.0.0 Safari/537.36"
165.227.97.37 - - [06/Jul/2025:06:17:09 +0000] "GET /favicon.ico HTTP/1.1" 404 - "http://wrightimagegroup.org/" "Mozilla/5.0 (X11; Linux x86_64) AppleWebKit/537.36 (KHTML, like Gecko) Chrome/137.0.0.0 Safari/537.36"
216.244.66.229 - - [06/Jul/2025:06:20:13 +0000] "GET /robots.txt HTTP/1.1" 404 - "-" "Mozilla/5.0 (compatible; DotBot/1.2; +https://opensiteexplorer.org/dotbot; help@moz.com)"
216.244.66.229 - - [06/Jul/2025:06:20:14 +0000] "GET /robots.txt HTTP/1.1" 404 - "-" "Mozilla/5.0 (compatible; DotBot/1.2; +https://opensiteexplorer.org/dotbot; help@moz.com)"
51.222.253.1 - - [06/Jul/2025:06:22:00 +0000] "GET /tmp/webalizer/usage_202502.html HTTP/1.1" 304 - "-" "Mozilla/5.0 (compatible; AhrefsBot/7.0; +http://ahrefs.com/robot/)"
51.222.253.13 - - [06/Jul/2025:06:29:12 +0000] "GET /tmp/webalizer/usage_202412.html HTTP/1.1" 304 - "-" "Mozilla/5.0 (compatible; AhrefsBot/7.0; +http://ahrefs.com/robot/)"
43.131.45.213 - - [06/Jul/2025:06:30:08 +0000] "GET /cache/ HTTP/1.1" 200 3982 "-" "Mozilla/5.0 (iPhone; CPU iPhone OS 13_2_3 like Mac OS X) AppleWebKit/605.1.15 (KHTML, like Gecko) Version/13.0.3 Mobile/15E148 Safari/604.1"
44.209.187.99 - - [06/Jul/2025:06:30:44 +0000] "GET /logs/wrightimagegroup.com-Jul-2025.gz HTTP/1.1" 200 10736 "-" "Mozilla/5.0 AppleWebKit/537.36 (KHTML, like Gecko; compatible; Amazonbot/0.1; +https://developer.amazon.com/support/amazonbot) Chrome/119.0.6045.214 Safari/537.36"
51.222.253.7 - - [06/Jul/2025:06:32:45 +0000] "GET /tmp/analog/ssl/wrightimagegroup.com/4.html HTTP/1.1" 304 - "-" "Mozilla/5.0 (compatible; AhrefsBot/7.0; +http://ahrefs.com/robot/)"
216.244.66.229 - - [06/Jul/2025:06:34:19 +0000] "GET /.cpaddons/?C=S;O=D HTTP/1.1" 200 852 "-" "Mozilla/5.0 (compatible; DotBot/1.2; +https://opensiteexplorer.org/dotbot; help@moz.com)"
114.119.140.169 - - [06/Jul/2025:06:34:32 +0000] "GET /tmp/awstats/awstats042024.wrightimagegroup.wrightimagegroup.com.txt HTTP/1.1" 200 81782 "http://www.wrightimagegroup.org/tmp/awstats/?C=S%3BO%3DD" "Mozilla/5.0 (Linux; Android 7.0;) AppleWebKit/537.36 (KHTML, like Gecko) Mobile Safari/537.36 (compatible; PetalBot;+https://webmaster.petalsearch.com/site/petalbot)"
114.119.136.134 - - [06/Jul/2025:06:35:29 +0000] "GET /robots.txt HTTP/1.1" 404 - "-" "Mozilla/5.0 (compatible;PetalBot;+https://webmaster.petalsearch.com/site/petalbot)"
51.222.253.11 - - [06/Jul/2025:06:35:32 +0000] "GET /robots.txt HTTP/1.1" 404 - "-" "Mozilla/5.0 (compatible; AhrefsBot/7.0; +http://ahrefs.com/robot/)"
51.222.253.8 - - [06/Jul/2025:06:35:33 +0000] "GET /tmp/webalizer/usage_202504.html HTTP/1.1" 304 - "-" "Mozilla/5.0 (compatible; AhrefsBot/7.0; +http://ahrefs.com/robot/)"
114.119.135.202 - - [06/Jul/2025:06:35:56 +0000] "GET /tmp/awstats/awstats082017.triumphofflight.org.wrightimagegroup.com.txt HTTP/1.1" 200 7943 "http://wrightimagegroup.org/tmp/awstats/?C=S%3BO%3DA" "Mozilla/5.0 (Linux; Android 7.0;) AppleWebKit/537.36 (KHTML, like Gecko) Mobile Safari/537.36 (compatible; PetalBot;+https://webmaster.petalsearch.com/site/petalbot)"
114.119.135.202 - - [06/Jul/2025:06:37:19 +0000] "GET /tmp/awstats/awstats082016.wrightimagegroup.com.txt HTTP/1.1" 200 7098 "http://wrightimagegroup.org/tmp/awstats/?C=S%3BO%3DA" "Mozilla/5.0 (Linux; Android 7.0;) AppleWebKit/537.36 (KHTML, like Gecko) Mobile Safari/537.36 (compatible; PetalBot;+https://webmaster.petalsearch.com/site/petalbot)"
54.86.59.155 - - [06/Jul/2025:06:37:23 +0000] "GET /?locale=zh HTTP/1.1" 200 2799 "-" "Mozilla/5.0 AppleWebKit/537.36 (KHTML, like Gecko; compatible; Amazonbot/0.1; +https://developer.amazon.com/support/amazonbot) Chrome/119.0.6045.214 Safari/537.36"
