147.185.132.216 - - [01/Jul/2025:06:03:49 +0000] "GET / HTTP/1.1" 200 2800 "-" "Expanse, a Palo Alto Networks company, searches across the global IPv4 space multiple times per day to identify customers' presences on the Internet. If you would like to be excluded from our scans, please send IP addresses/domains to: scaninfo@paloaltonetworks.com"
216.73.217.3 - - [01/Jul/2025:06:04:30 +0000] "GET /etc HTTP/1.1" 301 310 "-" "Mozilla/5.0 AppleWebKit/537.36 (KHTML, like Gecko; compatible; ClaudeBot/1.0; +claudebot@anthropic.com)"
216.73.217.3 - - [01/Jul/2025:06:04:30 +0000] "GET /cache HTTP/1.1" 301 312 "-" "Mozilla/5.0 AppleWebKit/537.36 (KHTML, like Gecko; compatible; ClaudeBot/1.0; +claudebot@anthropic.com)"
216.73.217.3 - - [01/Jul/2025:06:04:30 +0000] "GET /cache/ HTTP/1.1" 200 3982 "http://wrightimagegroup.org/cache" "Mozilla/5.0 AppleWebKit/537.36 (KHTML, like Gecko; compatible; ClaudeBot/1.0; +claudebot@anthropic.com)"
216.73.217.3 - - [01/Jul/2025:06:04:30 +0000] "GET /etc/ HTTP/1.1" 200 1201 "http://wrightimagegroup.org/etc" "Mozilla/5.0 AppleWebKit/537.36 (KHTML, like Gecko; compatible; ClaudeBot/1.0; +claudebot@anthropic.com)"
51.222.253.7 - - [01/Jul/2025:06:10:21 +0000] "GET /access-logs/?C=N;O=A HTTP/1.1" 200 1716 "-" "Mozilla/5.0 (compatible; AhrefsBot/7.0; +http://ahrefs.com/robot/)"
51.222.253.9 - - [01/Jul/2025:06:18:00 +0000] "GET /tmp/analog/ssl/wrightimagegroup.com/?C=N;O=D HTTP/1.1" 200 5148 "-" "Mozilla/5.0 (compatible; AhrefsBot/7.0; +http://ahrefs.com/robot/)"
49.51.180.2 - - [01/Jul/2025:06:20:13 +0000] "GET / HTTP/1.1" 200 2812 "-" "Mozilla/5.0 (iPhone; CPU iPhone OS 13_2_3 like Mac OS X) AppleWebKit/605.1.15 (KHTML, like Gecko) Version/13.0.3 Mobile/15E148 Safari/604.1"
216.73.217.3 - - [01/Jul/2025:06:20:32 +0000] "GET /robots.txt HTTP/1.1" 404 - "-" "Mozilla/5.0 AppleWebKit/537.36 (KHTML, like Gecko; compatible; ClaudeBot/1.0; +claudebot@anthropic.com)"
216.73.217.3 - - [01/Jul/2025:06:20:34 +0000] "GET /public_html HTTP/1.1" 301 318 "-" "Mozilla/5.0 AppleWebKit/537.36 (KHTML, like Gecko; compatible; ClaudeBot/1.0; +claudebot@anthropic.com)"
216.73.217.3 - - [01/Jul/2025:06:20:34 +0000] "GET /public_html/ HTTP/1.1" 301 305 "http://wrightimagegroup.org/public_html" "Mozilla/5.0 AppleWebKit/537.36 (KHTML, like Gecko; compatible; ClaudeBot/1.0; +claudebot@anthropic.com)"
216.73.217.3 - - [01/Jul/2025:06:23:00 +0000] "GET /logs HTTP/1.1" 301 311 "-" "Mozilla/5.0 AppleWebKit/537.36 (KHTML, like Gecko; compatible; ClaudeBot/1.0; +claudebot@anthropic.com)"
216.73.217.3 - - [01/Jul/2025:06:23:00 +0000] "GET /logs/ HTTP/1.1" 200 2417 "http://wrightimagegroup.org/logs" "Mozilla/5.0 AppleWebKit/537.36 (KHTML, like Gecko; compatible; ClaudeBot/1.0; +claudebot@anthropic.com)"
51.222.253.12 - - [01/Jul/2025:06:26:12 +0000] "GET /tof/ HTTP/1.1" 200 854 "-" "Mozilla/5.0 (compatible; AhrefsBot/7.0; +http://ahrefs.com/robot/)"
216.73.217.3 - - [01/Jul/2025:06:26:21 +0000] "GET /?C=N&O=D HTTP/1.1" 200 2795 "-" "Mozilla/5.0 AppleWebKit/537.36 (KHTML, like Gecko; compatible; ClaudeBot/1.0; +claudebot@anthropic.com)"
216.73.217.3 - - [01/Jul/2025:06:27:46 +0000] "GET /tmp HTTP/1.1" 301 310 "-" "Mozilla/5.0 AppleWebKit/537.36 (KHTML, like Gecko; compatible; ClaudeBot/1.0; +claudebot@anthropic.com)"
216.73.217.3 - - [01/Jul/2025:06:27:47 +0000] "GET /tmp/ HTTP/1.1" 200 1551 "http://wrightimagegroup.org/tmp" "Mozilla/5.0 AppleWebKit/537.36 (KHTML, like Gecko; compatible; ClaudeBot/1.0; +claudebot@anthropic.com)"
51.222.253.6 - - [01/Jul/2025:06:30:02 +0000] "GET /tmp/analog/ssl/wrightimagegroup.com/4.html HTTP/1.1" 304 - "-" "Mozilla/5.0 (compatible; AhrefsBot/7.0; +http://ahrefs.com/robot/)"
51.222.253.15 - - [01/Jul/2025:06:33:49 +0000] "GET /tmp/awstats/?C=N;O=D HTTP/1.1" 200 55937 "-" "Mozilla/5.0 (compatible; AhrefsBot/7.0; +http://ahrefs.com/robot/)"
114.119.135.202 - - [01/Jul/2025:06:37:44 +0000] "GET /tmp/awstats/ssl/awstats072022.wrightimagegroup.wrightimagegroup.com.txt HTTP/1.1" 200 34647 "http://www.wrightimagegroup.org/tmp/awstats/ssl/?C=M%3BO%3DA" "Mozilla/5.0 (Linux; Android 7.0;) AppleWebKit/537.36 (KHTML, like Gecko) Mobile Safari/537.36 (compatible; PetalBot;+https://webmaster.petalsearch.com/site/petalbot)"
114.119.140.169 - - [01/Jul/2025:06:39:08 +0000] "GET /tmp/awstats/awstats032021.wrightimagegroup.com.txt HTTP/1.1" 200 15257 "http://wrightimagegroup.org/tmp/awstats/?C=S%3BO%3DA" "Mozilla/5.0 (Linux; Android 7.0;) AppleWebKit/537.36 (KHTML, like Gecko) Mobile Safari/537.36 (compatible; PetalBot;+https://webmaster.petalsearch.com/site/petalbot)"
216.73.217.3 - - [01/Jul/2025:06:39:59 +0000] "GET /tof HTTP/1.1" 301 310 "-" "Mozilla/5.0 AppleWebKit/537.36 (KHTML, like Gecko; compatible; ClaudeBot/1.0; +claudebot@anthropic.com)"
216.73.217.3 - - [01/Jul/2025:06:39:59 +0000] "GET /tof/ HTTP/1.1" 200 837 "http://wrightimagegroup.org/tof" "Mozilla/5.0 AppleWebKit/537.36 (KHTML, like Gecko; compatible; ClaudeBot/1.0; +claudebot@anthropic.com)"
109.172.89.221 - - [01/Jul/2025:06:42:50 +0000] "GET /tmp/webalizer/ HTTP/1.0" 200 9929 "http://wrightimagegroup.wrightimagegroup.com/tmp/webalizer/" "Mozilla/5.0 (Windows NT 10.0; Win64; x64) AppleWebKit/537.36 (KHTML, like Gecko) Chrome/129.0.0.0 Safari/537.36"
51.222.253.2 - - [01/Jul/2025:06:50:02 +0000] "GET /tmp/analog/ssl/wrightimagegroup.wrightimagegroup.com/?C=N;O=D HTTP/1.1" 200 5182 "-" "Mozilla/5.0 (compatible; AhrefsBot/7.0; +http://ahrefs.com/robot/)"
43.157.172.39 - - [01/Jul/2025:06:53:52 +0000] "GET / HTTP/1.1" 200 2795 "-" "Mozilla/5.0 (iPhone; CPU iPhone OS 13_2_3 like Mac OS X) AppleWebKit/605.1.15 (KHTML, like Gecko) Version/13.0.3 Mobile/15E148 Safari/604.1"
51.222.253.6 - - [01/Jul/2025:06:53:53 +0000] "GET /tmp/analog/ssl/wrightimagegroup.wrightimagegroup.com/4.html HTTP/1.1" 304 - "-" "Mozilla/5.0 (compatible; AhrefsBot/7.0; +http://ahrefs.com/robot/)"
114.119.135.202 - - [01/Jul/2025:06:55:11 +0000] "GET /tmp/awstats/ssl/awstats052023.wrightimagegroup.wrightimagegroup.com.txt HTTP/1.1" 200 41066 "http://www.wrightimagegroup.org/tmp/awstats/ssl/?C=M%3BO%3DA" "Mozilla/5.0 (Linux; Android 7.0;) AppleWebKit/537.36 (KHTML, like Gecko) Mobile Safari/537.36 (compatible; PetalBot;+https://webmaster.petalsearch.com/site/petalbot)"
114.119.152.177 - - [01/Jul/2025:06:56:15 +0000] "GET /tmp/awstats/awstats102024.wrightimagegroup.wrightimagegroup.com.txt HTTP/1.1" 200 121332 "http://www.wrightimagegroup.org/tmp/awstats/?C=S%3BO%3DD" "Mozilla/5.0 (Linux; Android 7.0;) AppleWebKit/537.36 (KHTML, like Gecko) Mobile Safari/537.36 (compatible; PetalBot;+https://webmaster.petalsearch.com/site/petalbot)"
114.119.135.202 - - [01/Jul/2025:06:57:08 +0000] "GET /tmp/awstats/awstats072019.wrightimagegroup.wrightimagegroup.com.txt HTTP/1.1" 200 14737 "http://www.wrightimagegroup.org/tmp/awstats/?C=S%3BO%3DD" "Mozilla/5.0 (Linux; Android 7.0;) AppleWebKit/537.36 (KHTML, like Gecko) Mobile Safari/537.36 (compatible; PetalBot;+https://webmaster.petalsearch.com/site/petalbot)"
216.73.217.3 - - [01/Jul/2025:06:57:59 +0000] "GET /public_ftp HTTP/1.1" 301 317 "-" "Mozilla/5.0 AppleWebKit/537.36 (KHTML, like Gecko; compatible; ClaudeBot/1.0; +claudebot@anthropic.com)"
216.73.217.3 - - [01/Jul/2025:06:58:00 +0000] "GET /public_ftp/ HTTP/1.1" 200 852 "http://wrightimagegroup.org/public_ftp" "Mozilla/5.0 AppleWebKit/537.36 (KHTML, like Gecko; compatible; ClaudeBot/1.0; +claudebot@anthropic.com)"
114.119.140.169 - - [01/Jul/2025:06:59:07 +0000] "GET /tmp/awstats/awstats022017.triumphofflight.org.wrightimagegroup.com.txt HTTP/1.1" 200 6464 "http://www.wrightimagegroup.org/tmp/awstats/?C=S%3BO%3DD" "Mozilla/5.0 (Linux; Android 7.0;) AppleWebKit/537.36 (KHTML, like Gecko) Mobile Safari/537.36 (compatible; PetalBot;+https://webmaster.petalsearch.com/site/petalbot)"
114.119.135.202 - - [01/Jul/2025:07:00:18 +0000] "GET /tmp/awstats/awstats092024.wrightimagegroup.wrightimagegroup.com.txt HTTP/1.1" 200 121476 "http://wrightimagegroup.org/tmp/awstats/?C=S%3BO%3DA" "Mozilla/5.0 (Linux; Android 7.0;) AppleWebKit/537.36 (KHTML, like Gecko) Mobile Safari/537.36 (compatible; PetalBot;+https://webmaster.petalsearch.com/site/petalbot)"
51.222.253.20 - - [01/Jul/2025:07:06:00 +0000] "GET /tmp/analog/ssl/wrightimagegroup.com/4.html HTTP/1.1" 304 - "-" "Mozilla/5.0 (compatible; AhrefsBot/7.0; +http://ahrefs.com/robot/)"
114.119.149.89 - - [01/Jul/2025:07:09:51 +0000] "GET /cache/cache_ef19e71ffaa23cd34a95526d0b4cb47a HTTP/1.1" 200 - "http://www.wrightimagegroup.org/cache/?C=S%3BO%3DD" "Mozilla/5.0 (Linux; Android 7.0;) AppleWebKit/537.36 (KHTML, like Gecko) Mobile Safari/537.36 (compatible; PetalBot;+https://webmaster.petalsearch.com/site/petalbot)"
43.133.220.37 - - [01/Jul/2025:07:12:41 +0000] "GET / HTTP/1.1" 200 2816 "-" "Mozilla/5.0 (iPhone; CPU iPhone OS 13_2_3 like Mac OS X) AppleWebKit/605.1.15 (KHTML, like Gecko) Version/13.0.3 Mobile/15E148 Safari/604.1"
51.222.253.8 - - [01/Jul/2025:07:13:11 +0000] "GET /?C=S;O=A HTTP/1.1" 200 2816 "-" "Mozilla/5.0 (compatible; AhrefsBot/7.0; +http://ahrefs.com/robot/)"
51.222.253.11 - - [01/Jul/2025:07:18:12 +0000] "GET /tmp/webalizer/usage_202504.html HTTP/1.1" 304 - "-" "Mozilla/5.0 (compatible; AhrefsBot/7.0; +http://ahrefs.com/robot/)"
51.222.253.4 - - [01/Jul/2025:07:20:19 +0000] "GET /?C=D;O=A HTTP/1.1" 200 2816 "-" "Mozilla/5.0 (compatible; AhrefsBot/7.0; +http://ahrefs.com/robot/)"
216.73.217.3 - - [01/Jul/2025:07:24:35 +0000] "GET /robots.txt HTTP/1.1" 404 - "-" "Mozilla/5.0 AppleWebKit/537.36 (KHTML, like Gecko; compatible; ClaudeBot/1.0; +claudebot@anthropic.com)"
216.73.217.3 - - [01/Jul/2025:07:24:37 +0000] "GET /access-logs HTTP/1.1" 301 318 "-" "Mozilla/5.0 AppleWebKit/537.36 (KHTML, like Gecko; compatible; ClaudeBot/1.0; +claudebot@anthropic.com)"
216.73.217.3 - - [01/Jul/2025:07:24:37 +0000] "GET /access-logs/ HTTP/1.1" 200 1699 "http://wrightimagegroup.org/access-logs" "Mozilla/5.0 AppleWebKit/537.36 (KHTML, like Gecko; compatible; ClaudeBot/1.0; +claudebot@anthropic.com)"
51.222.253.16 - - [01/Jul/2025:07:28:06 +0000] "GET /tmp/analog/wrightimagegroup.wrightimagegroup.com/?C=D;O=A HTTP/1.1" 200 5168 "-" "Mozilla/5.0 (compatible; AhrefsBot/7.0; +http://ahrefs.com/robot/)"
216.73.217.3 - - [01/Jul/2025:07:30:45 +0000] "GET /?C=D&O=A HTTP/1.1" 200 2795 "-" "Mozilla/5.0 AppleWebKit/537.36 (KHTML, like Gecko; compatible; ClaudeBot/1.0; +claudebot@anthropic.com)"
51.222.253.13 - - [01/Jul/2025:07:35:27 +0000] "GET /tmp/analog/wrightimagegroup.wrightimagegroup.com/?C=M;O=A HTTP/1.1" 200 5168 "-" "Mozilla/5.0 (compatible; AhrefsBot/7.0; +http://ahrefs.com/robot/)"
114.119.138.179 - - [01/Jul/2025:07:40:14 +0000] "GET /tmp/webalizer/usage_202111.html HTTP/1.1" 200 96111 "http://wrightimagegroup.org/tmp/webalizer/usage_202111.html" "Mozilla/5.0 (Linux; Android 7.0;) AppleWebKit/537.36 (KHTML, like Gecko) Mobile Safari/537.36 (compatible; PetalBot;+https://webmaster.petalsearch.com/site/petalbot)"
51.222.253.18 - - [01/Jul/2025:07:42:17 +0000] "GET /tmp/analog/wrightimagegroup.wrightimagegroup.com/?C=S;O=A HTTP/1.1" 200 5168 "-" "Mozilla/5.0 (compatible; AhrefsBot/7.0; +http://ahrefs.com/robot/)"
51.222.253.13 - - [01/Jul/2025:07:51:51 +0000] "GET /tmp/analog/1.html HTTP/1.1" 304 - "-" "Mozilla/5.0 (compatible; AhrefsBot/7.0; +http://ahrefs.com/robot/)"
51.222.253.1 - - [01/Jul/2025:08:05:15 +0000] "GET /tmp/awstats/ HTTP/1.1" 200 55937 "-" "Mozilla/5.0 (compatible; AhrefsBot/7.0; +http://ahrefs.com/robot/)"
132.232.144.200 - - [01/Jul/2025:08:10:51 +0000] "GET / HTTP/1.1" 200 2799 "-" "Mozilla/5.0 (iPhone; CPU iPhone OS 13_2_3 like Mac OS X) AppleWebKit/605.1.15 (KHTML, like Gecko) Version/13.0.3 Mobile/15E148 Safari/604.1"
51.222.253.8 - - [01/Jul/2025:08:13:18 +0000] "GET /tmp/analog/?C=D;O=A HTTP/1.1" 200 5857 "-" "Mozilla/5.0 (compatible; AhrefsBot/7.0; +http://ahrefs.com/robot/)"
51.222.253.14 - - [01/Jul/2025:08:14:14 +0000] "GET / HTTP/1.1" 200 2795 "-" "Mozilla/5.0 (compatible; AhrefsBot/7.0; +http://ahrefs.com/robot/)"
51.222.253.10 - - [01/Jul/2025:08:21:07 +0000] "GET /tmp/analog/?C=M;O=A HTTP/1.1" 200 5857 "-" "Mozilla/5.0 (compatible; AhrefsBot/7.0; +http://ahrefs.com/robot/)"
51.222.253.13 - - [01/Jul/2025:08:24:01 +0000] "GET /tmp/analog/ssl/wrightimagegroup.wrightimagegroup.com/4.html HTTP/1.1" 304 - "-" "Mozilla/5.0 (compatible; AhrefsBot/7.0; +http://ahrefs.com/robot/)"
51.222.253.20 - - [01/Jul/2025:08:28:52 +0000] "GET /tmp/analog/?C=S;O=A HTTP/1.1" 200 5857 "-" "Mozilla/5.0 (compatible; AhrefsBot/7.0; +http://ahrefs.com/robot/)"
51.222.253.18 - - [01/Jul/2025:08:45:03 +0000] "GET /tmp/webalizer/usage_202504.html HTTP/1.1" 304 - "-" "Mozilla/5.0 (compatible; AhrefsBot/7.0; +http://ahrefs.com/robot/)"
52.4.238.8 - - [01/Jul/2025:08:48:19 +0000] "GET /robots.txt HTTP/1.1" 404 - "-" "Mozilla/5.0 AppleWebKit/537.36 (KHTML, like Gecko; compatible; Amazonbot/0.1; +https://developer.amazon.com/support/amazonbot) Chrome/119.0.6045.214 Safari/537.36"
18.232.36.1 - - [01/Jul/2025:08:48:19 +0000] "GET /?C=M;O%3DA HTTP/1.1" 200 2799 "-" "Mozilla/5.0 AppleWebKit/537.36 (KHTML, like Gecko; compatible; Amazonbot/0.1; +https://developer.amazon.com/support/amazonbot) Chrome/119.0.6045.214 Safari/537.36"
51.222.253.6 - - [01/Jul/2025:08:56:24 +0000] "GET /tmp/analog/ssl/wrightimagegroup.com/4.html HTTP/1.1" 304 - "-" "Mozilla/5.0 (compatible; AhrefsBot/7.0; +http://ahrefs.com/robot/)"
51.222.253.9 - - [01/Jul/2025:09:19:00 +0000] "GET /tmp/analog/ssl/wrightimagegroup.wrightimagegroup.com/4.html HTTP/1.1" 304 - "-" "Mozilla/5.0 (compatible; AhrefsBot/7.0; +http://ahrefs.com/robot/)"
51.222.253.16 - - [01/Jul/2025:09:22:09 +0000] "GET /tmp/webalizer/usage_202502.html HTTP/1.1" 304 - "-" "Mozilla/5.0 (compatible; AhrefsBot/7.0; +http://ahrefs.com/robot/)"
20.191.155.195 - - [01/Jul/2025:09:28:02 +0000] "GET / HTTP/1.1" 200 2795 "-" "python-requests/2.32.4"
51.222.253.20 - - [01/Jul/2025:09:30:11 +0000] "GET /tmp/analog/ssl/wrightimagegroup.com/4.html HTTP/1.1" 304 - "-" "Mozilla/5.0 (compatible; AhrefsBot/7.0; +http://ahrefs.com/robot/)"
51.222.253.15 - - [01/Jul/2025:09:30:24 +0000] "GET /tmp/webalizer/usage_202412.html HTTP/1.1" 304 - "-" "Mozilla/5.0 (compatible; AhrefsBot/7.0; +http://ahrefs.com/robot/)"
104.210.140.128 - - [01/Jul/2025:09:31:35 +0000] "GET /robots.txt HTTP/1.1" 404 - "-" "Mozilla/5.0 (Macintosh; Intel Mac OS X 10_15_7) AppleWebKit/537.36 (KHTML, like Gecko) Chrome/131.0.0.0 Safari/537.36; compatible; OAI-SearchBot/1.0; +https://openai.com/searchbot"
199.45.154.149 - - [01/Jul/2025:09:32:40 +0000] "GET / HTTP/1.1" 200 2800 "-" "Mozilla/5.0 (compatible; CensysInspect/1.1; +https://about.censys.io/)"
199.45.154.149 - - [01/Jul/2025:09:32:45 +0000] "GET /favicon.ico HTTP/1.1" 404 - "-" "Mozilla/5.0 (compatible; CensysInspect/1.1; +https://about.censys.io/)"
199.45.154.149 - - [01/Jul/2025:09:32:52 +0000] "GET / HTTP/1.1" 200 2800 "-" "Mozilla/5.0 (compatible; CensysInspect/1.1; +https://about.censys.io/)"
199.45.154.149 - - [01/Jul/2025:09:32:53 +0000] "GET /logs HTTP/1.1" 301 321 "-" "Mozilla/5.0 (compatible; CensysInspect/1.1; +https://about.censys.io/)"
199.45.154.149 - - [01/Jul/2025:09:32:54 +0000] "GET /logs/ HTTP/1.1" 200 2422 "http://mail.wrightimagegroup.org:80/logs" "Mozilla/5.0 (compatible; CensysInspect/1.1; +https://about.censys.io/)"
199.45.154.149 - - [01/Jul/2025:09:32:58 +0000] "GET /tof HTTP/1.1" 301 320 "-" "Mozilla/5.0 (compatible; CensysInspect/1.1; +https://about.censys.io/)"
199.45.154.149 - - [01/Jul/2025:09:32:58 +0000] "GET /tof/ HTTP/1.1" 200 842 "http://mail.wrightimagegroup.org:80/tof" "Mozilla/5.0 (compatible; CensysInspect/1.1; +https://about.censys.io/)"
199.45.154.149 - - [01/Jul/2025:09:32:59 +0000] "GET /tof/cgi-bin HTTP/1.1" 301 328 "-" "Mozilla/5.0 (compatible; CensysInspect/1.1; +https://about.censys.io/)"
199.45.154.149 - - [01/Jul/2025:09:33:00 +0000] "GET /tof/cgi-bin/ HTTP/1.1" 200 686 "http://mail.wrightimagegroup.org:80/tof/cgi-bin" "Mozilla/5.0 (compatible; CensysInspect/1.1; +https://about.censys.io/)"
199.45.154.149 - - [01/Jul/2025:09:33:00 +0000] "GET /access-logs HTTP/1.1" 301 328 "-" "Mozilla/5.0 (compatible; CensysInspect/1.1; +https://about.censys.io/)"
199.45.154.149 - - [01/Jul/2025:09:33:01 +0000] "GET /access-logs/ HTTP/1.1" 200 1704 "http://mail.wrightimagegroup.org:80/access-logs" "Mozilla/5.0 (compatible; CensysInspect/1.1; +https://about.censys.io/)"
199.45.154.149 - - [01/Jul/2025:09:33:02 +0000] "GET /public_ftp HTTP/1.1" 301 327 "-" "Mozilla/5.0 (compatible; CensysInspect/1.1; +https://about.censys.io/)"
199.45.154.149 - - [01/Jul/2025:09:33:02 +0000] "GET /public_ftp/ HTTP/1.1" 200 857 "http://mail.wrightimagegroup.org:80/public_ftp" "Mozilla/5.0 (compatible; CensysInspect/1.1; +https://about.censys.io/)"
199.45.154.149 - - [01/Jul/2025:09:33:03 +0000] "GET /public_ftp/incoming HTTP/1.1" 301 336 "-" "Mozilla/5.0 (compatible; CensysInspect/1.1; +https://about.censys.io/)"
199.45.154.149 - - [01/Jul/2025:09:33:04 +0000] "GET /public_ftp/incoming/ HTTP/1.1" 200 709 "http://mail.wrightimagegroup.org:80/public_ftp/incoming" "Mozilla/5.0 (compatible; CensysInspect/1.1; +https://about.censys.io/)"
199.45.154.149 - - [01/Jul/2025:09:33:04 +0000] "GET /ssl HTTP/1.1" 301 320 "-" "Mozilla/5.0 (compatible; CensysInspect/1.1; +https://about.censys.io/)"
199.45.154.149 - - [01/Jul/2025:09:33:04 +0000] "GET /ssl/ HTTP/1.1" 200 1540 "http://mail.wrightimagegroup.org:80/ssl" "Mozilla/5.0 (compatible; CensysInspect/1.1; +https://about.censys.io/)"
199.45.154.149 - - [01/Jul/2025:09:33:05 +0000] "GET /ssl/keys HTTP/1.1" 301 325 "-" "Mozilla/5.0 (compatible; CensysInspect/1.1; +https://about.censys.io/)"
199.45.154.149 - - [01/Jul/2025:09:33:06 +0000] "GET /ssl/keys/ HTTP/1.1" 200 680 "http://mail.wrightimagegroup.org:80/ssl/keys" "Mozilla/5.0 (compatible; CensysInspect/1.1; +https://about.censys.io/)"
199.45.154.149 - - [01/Jul/2025:09:33:07 +0000] "GET /ssl/csrs HTTP/1.1" 301 325 "-" "Mozilla/5.0 (compatible; CensysInspect/1.1; +https://about.censys.io/)"
199.45.154.149 - - [01/Jul/2025:09:33:08 +0000] "GET /ssl/csrs/ HTTP/1.1" 200 680 "http://mail.wrightimagegroup.org:80/ssl/csrs" "Mozilla/5.0 (compatible; CensysInspect/1.1; +https://about.censys.io/)"
199.45.154.149 - - [01/Jul/2025:09:33:09 +0000] "GET /ssl/certs HTTP/1.1" 301 326 "-" "Mozilla/5.0 (compatible; CensysInspect/1.1; +https://about.censys.io/)"
199.45.154.149 - - [01/Jul/2025:09:33:09 +0000] "GET /ssl/certs/ HTTP/1.1" 200 682 "http://mail.wrightimagegroup.org:80/ssl/certs" "Mozilla/5.0 (compatible; CensysInspect/1.1; +https://about.censys.io/)"
199.45.154.149 - - [01/Jul/2025:09:33:10 +0000] "GET /cache HTTP/1.1" 301 322 "-" "Mozilla/5.0 (compatible; CensysInspect/1.1; +https://about.censys.io/)"
199.45.154.149 - - [01/Jul/2025:09:33:10 +0000] "GET /cache/ HTTP/1.1" 200 3987 "http://mail.wrightimagegroup.org:80/cache" "Mozilla/5.0 (compatible; CensysInspect/1.1; +https://about.censys.io/)"
199.45.154.149 - - [01/Jul/2025:09:33:10 +0000] "GET /tmp HTTP/1.1" 301 320 "-" "Mozilla/5.0 (compatible; CensysInspect/1.1; +https://about.censys.io/)"
199.45.154.149 - - [01/Jul/2025:09:33:10 +0000] "GET /tmp/ HTTP/1.1" 200 1556 "http://mail.wrightimagegroup.org:80/tmp" "Mozilla/5.0 (compatible; CensysInspect/1.1; +https://about.censys.io/)"
199.45.154.149 - - [01/Jul/2025:09:33:11 +0000] "GET /tmp/analog HTTP/1.1" 301 327 "-" "Mozilla/5.0 (compatible; CensysInspect/1.1; +https://about.censys.io/)"
199.45.154.149 - - [01/Jul/2025:09:33:11 +0000] "GET /tmp/analog/ HTTP/1.1" 200 5841 "http://mail.wrightimagegroup.org:80/tmp/analog" "Mozilla/5.0 (compatible; CensysInspect/1.1; +https://about.censys.io/)"
199.45.154.149 - - [01/Jul/2025:09:33:11 +0000] "GET /tmp/cpbandwidth HTTP/1.1" 301 332 "-" "Mozilla/5.0 (compatible; CensysInspect/1.1; +https://about.censys.io/)"
199.45.154.149 - - [01/Jul/2025:09:33:12 +0000] "GET /tmp/cpbandwidth/ HTTP/1.1" 200 895 "http://mail.wrightimagegroup.org:80/tmp/cpbandwidth" "Mozilla/5.0 (compatible; CensysInspect/1.1; +https://about.censys.io/)"
199.45.154.149 - - [01/Jul/2025:09:33:17 +0000] "GET /favicon.ico HTTP/1.1" 404 - "-" "Mozilla/5.0 (compatible; CensysInspect/1.1; +https://about.censys.io/)"
199.45.154.149 - - [01/Jul/2025:09:33:25 +0000] "GET /robots.txt HTTP/1.1" 404 - "-" "Mozilla/5.0 (compatible; CensysInspect/1.1; +https://about.censys.io/)"
18.235.81.246 - - [01/Jul/2025:09:37:44 +0000] "GET /www/ HTTP/1.1" 301 309 "-" "Mozilla/5.0 AppleWebKit/537.36 (KHTML, like Gecko; compatible; Amazonbot/0.1; +https://developer.amazon.com/support/amazonbot) Chrome/119.0.6045.214 Safari/537.36"
51.222.253.3 - - [01/Jul/2025:09:38:04 +0000] "GET /tmp/webalizer/usage_202504.html HTTP/1.1" 304 - "-" "Mozilla/5.0 (compatible; AhrefsBot/7.0; +http://ahrefs.com/robot/)"
51.222.253.11 - - [01/Jul/2025:09:42:15 +0000] "GET /tmp/webalizer/usage_202504.html HTTP/1.1" 304 - "-" "Mozilla/5.0 (compatible; AhrefsBot/7.0; +http://ahrefs.com/robot/)"
49.51.243.95 - - [01/Jul/2025:09:43:58 +0000] "GET / HTTP/1.1" 200 2799 "-" "Mozilla/5.0 (iPhone; CPU iPhone OS 13_2_3 like Mac OS X) AppleWebKit/605.1.15 (KHTML, like Gecko) Version/13.0.3 Mobile/15E148 Safari/604.1"
51.222.253.14 - - [01/Jul/2025:09:45:10 +0000] "GET /tmp/webalizer/usage_202501.html HTTP/1.1" 304 - "-" "Mozilla/5.0 (compatible; AhrefsBot/7.0; +http://ahrefs.com/robot/)"
51.222.253.4 - - [01/Jul/2025:09:52:13 +0000] "GET /tmp/webalizer/usage_202503.html HTTP/1.1" 304 - "-" "Mozilla/5.0 (compatible; AhrefsBot/7.0; +http://ahrefs.com/robot/)"
51.222.253.17 - - [01/Jul/2025:09:54:13 +0000] "GET /tmp/analog/ssl/wrightimagegroup.wrightimagegroup.com/4.html HTTP/1.1" 304 - "-" "Mozilla/5.0 (compatible; AhrefsBot/7.0; +http://ahrefs.com/robot/)"
51.222.253.20 - - [01/Jul/2025:09:59:16 +0000] "GET /tmp/analog/1.html HTTP/1.1" 304 - "-" "Mozilla/5.0 (compatible; AhrefsBot/7.0; +http://ahrefs.com/robot/)"
23.21.227.240 - - [01/Jul/2025:10:04:13 +0000] "GET /?C=N;O%3DD HTTP/1.1" 200 2799 "-" "Mozilla/5.0 AppleWebKit/537.36 (KHTML, like Gecko; compatible; Amazonbot/0.1; +https://developer.amazon.com/support/amazonbot) Chrome/119.0.6045.214 Safari/537.36"
51.222.253.14 - - [01/Jul/2025:10:06:47 +0000] "GET /tmp/analog/10.html HTTP/1.1" 304 - "-" "Mozilla/5.0 (compatible; AhrefsBot/7.0; +http://ahrefs.com/robot/)"
104.210.140.135 - - [01/Jul/2025:10:13:26 +0000] "GET /robots.txt HTTP/1.1" 404 - "-" "Mozilla/5.0 (Macintosh; Intel Mac OS X 10_15_7) AppleWebKit/537.36 (KHTML, like Gecko) Chrome/131.0.0.0 Safari/537.36; compatible; OAI-SearchBot/1.0; +https://openai.com/searchbot"
51.222.253.7 - - [01/Jul/2025:10:13:40 +0000] "GET /tmp/analog/11.html HTTP/1.1" 304 - "-" "Mozilla/5.0 (compatible; AhrefsBot/7.0; +http://ahrefs.com/robot/)"
51.222.253.20 - - [01/Jul/2025:10:20:57 +0000] "GET /tmp/analog/12.html HTTP/1.1" 304 - "-" "Mozilla/5.0 (compatible; AhrefsBot/7.0; +http://ahrefs.com/robot/)"
51.222.253.1 - - [01/Jul/2025:10:27:33 +0000] "GET /tmp/analog/ssl/wrightimagegroup.com/4.html HTTP/1.1" 304 - "-" "Mozilla/5.0 (compatible; AhrefsBot/7.0; +http://ahrefs.com/robot/)"
51.222.253.10 - - [01/Jul/2025:10:28:11 +0000] "GET /tmp/analog/2.html HTTP/1.1" 304 - "-" "Mozilla/5.0 (compatible; AhrefsBot/7.0; +http://ahrefs.com/robot/)"
51.222.253.18 - - [01/Jul/2025:10:35:23 +0000] "GET /tmp/analog/3.html HTTP/1.1" 304 - "-" "Mozilla/5.0 (compatible; AhrefsBot/7.0; +http://ahrefs.com/robot/)"
51.222.253.12 - - [01/Jul/2025:10:43:03 +0000] "GET /tmp/analog/4.html HTTP/1.1" 304 - "-" "Mozilla/5.0 (compatible; AhrefsBot/7.0; +http://ahrefs.com/robot/)"
51.222.253.3 - - [01/Jul/2025:10:50:15 +0000] "GET /tmp/analog/5.html HTTP/1.1" 304 - "-" "Mozilla/5.0 (compatible; AhrefsBot/7.0; +http://ahrefs.com/robot/)"
51.222.253.17 - - [01/Jul/2025:10:50:49 +0000] "GET /tmp/analog/ssl/wrightimagegroup.wrightimagegroup.com/4.html HTTP/1.1" 304 - "-" "Mozilla/5.0 (compatible; AhrefsBot/7.0; +http://ahrefs.com/robot/)"
185.191.171.7 - - [01/Jul/2025:10:55:12 +0000] "GET /robots.txt HTTP/1.1" 404 - "-" "Mozilla/5.0 (compatible; SemrushBot/7~bl; +http://www.semrush.com/bot.html)"
51.222.253.6 - - [01/Jul/2025:10:57:28 +0000] "GET /tmp/analog/6.html HTTP/1.1" 304 - "-" "Mozilla/5.0 (compatible; AhrefsBot/7.0; +http://ahrefs.com/robot/)"
101.33.80.42 - - [01/Jul/2025:11:00:23 +0000] "GET / HTTP/1.1" 200 2812 "-" "Mozilla/5.0 (iPhone; CPU iPhone OS 13_2_3 like Mac OS X) AppleWebKit/605.1.15 (KHTML, like Gecko) Version/13.0.3 Mobile/15E148 Safari/604.1"
51.222.253.8 - - [01/Jul/2025:11:04:57 +0000] "GET /tmp/analog/7.html HTTP/1.1" 304 - "-" "Mozilla/5.0 (compatible; AhrefsBot/7.0; +http://ahrefs.com/robot/)"
51.222.253.8 - - [01/Jul/2025:11:11:56 +0000] "GET /tmp/analog/8.html HTTP/1.1" 304 - "-" "Mozilla/5.0 (compatible; AhrefsBot/7.0; +http://ahrefs.com/robot/)"
140.143.98.18 - - [01/Jul/2025:11:17:08 +0000] "GET / HTTP/1.1" 200 2795 "-" "Mozilla/5.0 (iPhone; CPU iPhone OS 13_2_3 like Mac OS X) AppleWebKit/605.1.15 (KHTML, like Gecko) Version/13.0.3 Mobile/15E148 Safari/604.1"
51.222.253.3 - - [01/Jul/2025:11:19:01 +0000] "GET /tmp/analog/9.html HTTP/1.1" 304 - "-" "Mozilla/5.0 (compatible; AhrefsBot/7.0; +http://ahrefs.com/robot/)"
51.222.253.17 - - [01/Jul/2025:11:25:14 +0000] "GET /tmp/analog/10.html HTTP/1.1" 304 - "-" "Mozilla/5.0 (compatible; AhrefsBot/7.0; +http://ahrefs.com/robot/)"
216.73.217.3 - - [01/Jul/2025:11:28:45 +0000] "GET /robots.txt HTTP/1.1" 404 - "-" "Mozilla/5.0 AppleWebKit/537.36 (KHTML, like Gecko; compatible; ClaudeBot/1.0; +claudebot@anthropic.com)"
216.73.217.3 - - [01/Jul/2025:11:28:45 +0000] "GET /tmp/?C=N&O=D HTTP/1.1" 200 1551 "-" "Mozilla/5.0 AppleWebKit/537.36 (KHTML, like Gecko; compatible; ClaudeBot/1.0; +claudebot@anthropic.com)"
216.73.217.3 - - [01/Jul/2025:11:28:46 +0000] "GET /logs/wrightimagegroup.wrightimagegroup.com-ssl_log-Jun-2025.gz HTTP/1.1" 200 429737 "-" "Mozilla/5.0 AppleWebKit/537.36 (KHTML, like Gecko; compatible; ClaudeBot/1.0; +claudebot@anthropic.com)"
216.244.66.229 - - [01/Jul/2025:11:31:10 +0000] "GET /robots.txt HTTP/1.1" 404 - "-" "Mozilla/5.0 (compatible; DotBot/1.2; +https://opensiteexplorer.org/dotbot; help@moz.com)"
216.73.217.3 - - [01/Jul/2025:11:31:17 +0000] "GET /etc/?C=M&O=A HTTP/1.1" 200 1201 "-" "Mozilla/5.0 AppleWebKit/537.36 (KHTML, like Gecko; compatible; ClaudeBot/1.0; +claudebot@anthropic.com)"
216.73.217.3 - - [01/Jul/2025:11:32:08 +0000] "GET /?C=N&O=A HTTP/1.1" 200 2795 "-" "Mozilla/5.0 AppleWebKit/537.36 (KHTML, like Gecko; compatible; ClaudeBot/1.0; +claudebot@anthropic.com)"
114.119.152.177 - - [01/Jul/2025:11:33:26 +0000] "GET /tmp/awstats/ssl/awstats062021.wrightimagegroup.wrightimagegroup.com.txt HTTP/1.1" 200 14693 "http://wrightimagegroup.org/tmp/awstats/ssl/?C=M%3BO%3DA" "Mozilla/5.0 (Linux; Android 7.0;) AppleWebKit/537.36 (KHTML, like Gecko) Mobile Safari/537.36 (compatible; PetalBot;+https://webmaster.petalsearch.com/site/petalbot)"
94.23.209.55 - - [01/Jul/2025:11:34:18 +0000] "GET /robots.txt HTTP/1.1" 404 - "-" "Mozilla/5.0 (compatible; MJ12bot/v1.4.8; http://mj12bot.com/)"
94.23.209.55 - - [01/Jul/2025:11:34:20 +0000] "GET /?%3E' HTTP/1.1" 200 2812 "-" "Mozilla/5.0 (compatible; MJ12bot/v1.4.8; http://mj12bot.com/)"
94.23.209.55 - - [01/Jul/2025:11:34:21 +0000] "GET /robots.txt HTTP/1.1" 404 - "-" "Mozilla/5.0 (compatible; MJ12bot/v1.4.8; http://mj12bot.com/)"
94.23.209.55 - - [01/Jul/2025:11:34:23 +0000] "GET /?%3E' HTTP/1.1" 200 2816 "-" "Mozilla/5.0 (compatible; MJ12bot/v1.4.8; http://mj12bot.com/)"
94.23.209.55 - - [01/Jul/2025:11:34:27 +0000] "GET /tmp/analog/ssl/wrightimagegroup.com/cache HTTP/1.1" 200 2137101 "-" "Mozilla/5.0 (compatible; MJ12bot/v1.4.8; http://mj12bot.com/)"
94.23.209.55 - - [01/Jul/2025:11:34:31 +0000] "GET /tmp/analog/ssl/wrightimagegroup.wrightimagegroup.com/cache HTTP/1.1" 200 7538828 "-" "Mozilla/5.0 (compatible; MJ12bot/v1.4.8; http://mj12bot.com/)"
114.119.149.89 - - [01/Jul/2025:11:36:45 +0000] "GET /tmp/awstats/awstats012020.wrightimagegroup.com.txt HTTP/1.1" 200 7651 "http://wrightimagegroup.org/tmp/awstats/?C=S%3BO%3DA" "Mozilla/5.0 (Linux; Android 7.0;) AppleWebKit/537.36 (KHTML, like Gecko) Mobile Safari/537.36 (compatible; PetalBot;+https://webmaster.petalsearch.com/site/petalbot)"
51.222.253.19 - - [01/Jul/2025:11:36:49 +0000] "GET /tmp/analog/11.html HTTP/1.1" 304 - "-" "Mozilla/5.0 (compatible; AhrefsBot/7.0; +http://ahrefs.com/robot/)"
216.244.66.229 - - [01/Jul/2025:11:37:35 +0000] "GET /tmp/analog/ssl/wrightimagegroup.wrightimagegroup.com/11.html HTTP/1.1" 200 413833 "-" "Mozilla/5.0 (compatible; DotBot/1.2; +https://opensiteexplorer.org/dotbot; help@moz.com)"
216.244.66.229 - - [01/Jul/2025:11:37:53 +0000] "GET /tmp/awstats/ssl/awstats032021.wrightimagegroup.com.txt HTTP/1.1" 200 10039 "-" "Mozilla/5.0 (compatible; DotBot/1.2; +https://opensiteexplorer.org/dotbot; help@moz.com)"
114.119.138.179 - - [01/Jul/2025:11:37:54 +0000] "GET /tmp/awstats/awstats022022.wrightimagegroup.com.txt HTTP/1.1" 200 16534 "http://wrightimagegroup.org/tmp/awstats/?C=S%3BO%3DA" "Mozilla/5.0 (Linux; Android 7.0;) AppleWebKit/537.36 (KHTML, like Gecko) Mobile Safari/537.36 (compatible; PetalBot;+https://webmaster.petalsearch.com/site/petalbot)"
216.73.217.3 - - [01/Jul/2025:11:38:10 +0000] "GET /etc/ftpquota HTTP/1.1" 200 - "-" "Mozilla/5.0 AppleWebKit/537.36 (KHTML, like Gecko; compatible; ClaudeBot/1.0; +claudebot@anthropic.com)"
216.244.66.229 - - [01/Jul/2025:11:38:26 +0000] "GET /mail/tmp/?C=M;O%3DD HTTP/1.1" 200 676 "-" "Mozilla/5.0 (compatible; DotBot/1.2; +https://opensiteexplorer.org/dotbot; help@moz.com)"
216.244.66.229 - - [01/Jul/2025:11:38:44 +0000] "GET /tmp/awstats/?C=N;O%3DD HTTP/1.1" 200 55916 "-" "Mozilla/5.0 (compatible; DotBot/1.2; +https://opensiteexplorer.org/dotbot; help@moz.com)"
216.244.66.229 - - [01/Jul/2025:11:38:57 +0000] "GET /tmp/awstats/ssl/awstats082022.wrightimagegroup.wrightimagegroup.com.txt HTTP/1.1" 200 36392 "-" "Mozilla/5.0 (compatible; DotBot/1.2; +https://opensiteexplorer.org/dotbot; help@moz.com)"
54.36.148.66 - - [01/Jul/2025:11:40:05 +0000] "GET /robots.txt HTTP/1.1" 404 - "-" "Mozilla/5.0 (compatible; AhrefsBot/7.0; +http://ahrefs.com/robot/)"
51.222.253.6 - - [01/Jul/2025:11:40:06 +0000] "GET /tmp/?C=M;O=A HTTP/1.1" 200 1572 "-" "Mozilla/5.0 (compatible; AhrefsBot/7.0; +http://ahrefs.com/robot/)"
216.73.217.3 - - [01/Jul/2025:11:42:33 +0000] "GET /tof/cgi-bin HTTP/1.1" 301 318 "-" "Mozilla/5.0 AppleWebKit/537.36 (KHTML, like Gecko; compatible; ClaudeBot/1.0; +claudebot@anthropic.com)"
216.73.217.3 - - [01/Jul/2025:11:42:33 +0000] "GET /tof/cgi-bin/ HTTP/1.1" 200 681 "http://wrightimagegroup.org/tof/cgi-bin" "Mozilla/5.0 AppleWebKit/537.36 (KHTML, like Gecko; compatible; ClaudeBot/1.0; +claudebot@anthropic.com)"
216.244.66.229 - - [01/Jul/2025:11:43:50 +0000] "GET /tmp/analog/ssl/wrightimagegroup.com/os.png HTTP/1.1" 200 2814 "-" "Mozilla/5.0 (compatible; DotBot/1.2; +https://opensiteexplorer.org/dotbot; help@moz.com)"
216.73.217.3 - - [01/Jul/2025:11:46:42 +0000] "GET /public_ftp/?C=N&O=D HTTP/1.1" 200 852 "-" "Mozilla/5.0 AppleWebKit/537.36 (KHTML, like Gecko; compatible; ClaudeBot/1.0; +claudebot@anthropic.com)"
51.222.253.5 - - [01/Jul/2025:11:47:11 +0000] "GET /tmp/webalizer/usage_202411.html HTTP/1.1" 304 - "-" "Mozilla/5.0 (compatible; AhrefsBot/7.0; +http://ahrefs.com/robot/)"
216.244.66.229 - - [01/Jul/2025:11:48:11 +0000] "GET /tmp/analog/triumphofflight.org.wrightimagegroup.com/?C=D;O%3DD HTTP/1.1" 200 4453 "-" "Mozilla/5.0 (compatible; DotBot/1.2; +https://opensiteexplorer.org/dotbot; help@moz.com)"
216.73.217.3 - - [01/Jul/2025:11:48:32 +0000] "GET /public_ftp/?C=M&O=A HTTP/1.1" 200 852 "-" "Mozilla/5.0 AppleWebKit/537.36 (KHTML, like Gecko; compatible; ClaudeBot/1.0; +claudebot@anthropic.com)"
51.222.253.10 - - [01/Jul/2025:11:49:11 +0000] "GET /tmp/analog/1.html HTTP/1.1" 304 - "-" "Mozilla/5.0 (compatible; AhrefsBot/7.0; +http://ahrefs.com/robot/)"
216.244.66.229 - - [01/Jul/2025:11:50:05 +0000] "GET /tmp/analog/ssl/wrightimagegroup.com/?C=M;O%3DD HTTP/1.1" 200 5127 "-" "Mozilla/5.0 (compatible; DotBot/1.2; +https://opensiteexplorer.org/dotbot; help@moz.com)"
114.119.132.85 - - [01/Jul/2025:11:52:16 +0000] "GET /tmp/awstats/awstats112024.wrightimagegroup.wrightimagegroup.com.txt HTTP/1.1" 200 153521 "http://www.wrightimagegroup.org/tmp/awstats/?C=S%3BO%3DD" "Mozilla/5.0 (Linux; Android 7.0;) AppleWebKit/537.36 (KHTML, like Gecko) Mobile Safari/537.36 (compatible; PetalBot;+https://webmaster.petalsearch.com/site/petalbot)"
43.135.139.165 - - [01/Jul/2025:11:53:08 +0000] "GET / HTTP/1.1" 200 2816 "-" "Mozilla/5.0 (iPhone; CPU iPhone OS 13_2_3 like Mac OS X) AppleWebKit/605.1.15 (KHTML, like Gecko) Version/13.0.3 Mobile/15E148 Safari/604.1"
51.222.253.5 - - [01/Jul/2025:11:54:28 +0000] "GET /tmp/analog/triumphofflight.org.wrightimagegroup.com/?C=D;O=A HTTP/1.1" 200 4474 "-" "Mozilla/5.0 (compatible; AhrefsBot/7.0; +http://ahrefs.com/robot/)"
114.119.144.41 - - [01/Jul/2025:11:55:00 +0000] "GET /tmp/analog/1.html HTTP/1.1" 200 44553 "http://www.wrightimagegroup.org/tmp/analog/1.html" "Mozilla/5.0 (Linux; Android 7.0;) AppleWebKit/537.36 (KHTML, like Gecko) Mobile Safari/537.36 (compatible; PetalBot;+https://webmaster.petalsearch.com/site/petalbot)"
114.119.149.89 - - [01/Jul/2025:11:56:58 +0000] "GET /tmp/awstats/awstats042022.wrightimagegroup.com.txt HTTP/1.1" 200 18799 "http://www.wrightimagegroup.org/tmp/awstats/?C=S%3BO%3DD" "Mozilla/5.0 (Linux; Android 7.0;) AppleWebKit/537.36 (KHTML, like Gecko) Mobile Safari/537.36 (compatible; PetalBot;+https://webmaster.petalsearch.com/site/petalbot)"
114.119.135.202 - - [01/Jul/2025:11:57:48 +0000] "GET /cache/cache_ef19e71ffaa23cd34a95526d0b4cb47a HTTP/1.1" 200 - "http://www.wrightimagegroup.org/cache/?C=S%3BO%3DD" "Mozilla/5.0 (Linux; Android 7.0;) AppleWebKit/537.36 (KHTML, like Gecko) Mobile Safari/537.36 (compatible; PetalBot;+https://webmaster.petalsearch.com/site/petalbot)"
114.119.144.41 - - [01/Jul/2025:11:59:02 +0000] "GET /tmp/awstats/awstats112017.wrightimagegroup.com.tmp.20690 HTTP/1.1" 200 - "http://www.wrightimagegroup.org/tmp/awstats/?C=S%3BO%3DD" "Mozilla/5.0 (Linux; Android 7.0;) AppleWebKit/537.36 (KHTML, like Gecko) Mobile Safari/537.36 (compatible; PetalBot;+https://webmaster.petalsearch.com/site/petalbot)"
216.73.217.3 - - [01/Jul/2025:11:59:55 +0000] "GET /tof/?C=N&O=D HTTP/1.1" 200 837 "-" "Mozilla/5.0 AppleWebKit/537.36 (KHTML, like Gecko; compatible; ClaudeBot/1.0; +claudebot@anthropic.com)"
54.36.149.76 - - [01/Jul/2025:12:00:07 +0000] "GET /robots.txt HTTP/1.1" 404 - "-" "Mozilla/5.0 (compatible; AhrefsBot/7.0; +http://ahrefs.com/robot/)"
51.222.253.18 - - [01/Jul/2025:12:00:08 +0000] "GET /tmp/analog/ssl/wrightimagegroup.wrightimagegroup.com/4.html HTTP/1.1" 304 - "-" "Mozilla/5.0 (compatible; AhrefsBot/7.0; +http://ahrefs.com/robot/)"
114.119.135.202 - - [01/Jul/2025:12:01:18 +0000] "GET /cache/cache_8c8e788cebc63413d300e711b2ddae43 HTTP/1.1" 200 7 "http://www.wrightimagegroup.org/cache/?C=S%3BO%3DD" "Mozilla/5.0 (Linux; Android 7.0;) AppleWebKit/537.36 (KHTML, like Gecko) Mobile Safari/537.36 (compatible; PetalBot;+https://webmaster.petalsearch.com/site/petalbot)"
216.73.217.3 - - [01/Jul/2025:12:01:26 +0000] "GET /cache/cache_7e42e28da57cdcc6f9ddcbdab50384fb HTTP/1.1" 200 - "-" "Mozilla/5.0 AppleWebKit/537.36 (KHTML, like Gecko; compatible; ClaudeBot/1.0; +claudebot@anthropic.com)"
216.73.217.3 - - [01/Jul/2025:12:01:27 +0000] "GET /ssl/csrs HTTP/1.1" 301 315 "-" "Mozilla/5.0 AppleWebKit/537.36 (KHTML, like Gecko; compatible; ClaudeBot/1.0; +claudebot@anthropic.com)"
216.73.217.3 - - [01/Jul/2025:12:01:27 +0000] "GET /ssl/csrs/ HTTP/1.1" 200 675 "http://wrightimagegroup.org/ssl/csrs" "Mozilla/5.0 AppleWebKit/537.36 (KHTML, like Gecko; compatible; ClaudeBot/1.0; +claudebot@anthropic.com)"
51.222.253.2 - - [01/Jul/2025:12:01:50 +0000] "GET /?C=N;O=D HTTP/1.1" 200 2816 "-" "Mozilla/5.0 (compatible; AhrefsBot/7.0; +http://ahrefs.com/robot/)"
114.119.135.202 - - [01/Jul/2025:12:02:08 +0000] "GET /tmp/awstats/ssl/awstats082022.wrightimagegroup.com.txt HTTP/1.1" 200 15715 "http://wrightimagegroup.org/tmp/awstats/ssl/?C=M%3BO%3DA" "Mozilla/5.0 (Linux; Android 7.0;) AppleWebKit/537.36 (KHTML, like Gecko) Mobile Safari/537.36 (compatible; PetalBot;+https://webmaster.petalsearch.com/site/petalbot)"
216.73.217.3 - - [01/Jul/2025:12:03:59 +0000] "GET /tof/?C=D&O=A HTTP/1.1" 200 837 "-" "Mozilla/5.0 AppleWebKit/537.36 (KHTML, like Gecko; compatible; ClaudeBot/1.0; +claudebot@anthropic.com)"
114.119.149.89 - - [01/Jul/2025:12:04:35 +0000] "GET /tmp/webalizer/usage_202504.html HTTP/1.1" 200 108725 "http://www.wrightimagegroup.org/tmp/webalizer/" "Mozilla/5.0 (Linux; Android 7.0;) AppleWebKit/537.36 (KHTML, like Gecko) Mobile Safari/537.36 (compatible; PetalBot;+https://webmaster.petalsearch.com/site/petalbot)"
216.73.217.3 - - [01/Jul/2025:12:05:52 +0000] "GET /cache/horde_cache_gc HTTP/1.1" 200 3397 "-" "Mozilla/5.0 AppleWebKit/537.36 (KHTML, like Gecko; compatible; ClaudeBot/1.0; +claudebot@anthropic.com)"
216.73.217.3 - - [01/Jul/2025:12:07:33 +0000] "GET /ssl/?C=S&O=A HTTP/1.1" 200 1535 "-" "Mozilla/5.0 AppleWebKit/537.36 (KHTML, like Gecko; compatible; ClaudeBot/1.0; +claudebot@anthropic.com)"
114.119.135.202 - - [01/Jul/2025:12:07:51 +0000] "GET /tmp/awstats/ssl/awstats072021.wrightimagegroup.wrightimagegroup.com.txt HTTP/1.1" 200 13372 "http://wrightimagegroup.org/tmp/awstats/ssl/?C=M%3BO%3DA" "Mozilla/5.0 (Linux; Android 7.0;) AppleWebKit/537.36 (KHTML, like Gecko) Mobile Safari/537.36 (compatible; PetalBot;+https://webmaster.petalsearch.com/site/petalbot)"
114.119.146.18 - - [01/Jul/2025:12:06:28 +0000] "GET /tmp/awstats/ssl/awstats012025.wrightimagegroup.wrightimagegroup.com.txt HTTP/1.1" 200 104851 "http://www.wrightimagegroup.org/tmp/awstats/ssl/?C=M%3BO%3DA" "Mozilla/5.0 (Linux; Android 7.0;) AppleWebKit/537.36 (KHTML, like Gecko) Mobile Safari/537.36 (compatible; PetalBot;+https://webmaster.petalsearch.com/site/petalbot)"
51.222.253.15 - - [01/Jul/2025:12:09:23 +0000] "GET /tmp/analog/triumphofflight.org.wrightimagegroup.com/?C=S;O=A HTTP/1.1" 200 4474 "-" "Mozilla/5.0 (compatible; AhrefsBot/7.0; +http://ahrefs.com/robot/)"
114.119.144.41 - - [01/Jul/2025:12:10:08 +0000] "GET /tmp/awstats/awstats092024.wrightimagegroup.wrightimagegroup.com.txt HTTP/1.1" 200 121476 "http://www.wrightimagegroup.org/tmp/awstats/?C=S%3BO%3DD" "Mozilla/5.0 (Linux; Android 7.0;) AppleWebKit/537.36 (KHTML, like Gecko) Mobile Safari/537.36 (compatible; PetalBot;+https://webmaster.petalsearch.com/site/petalbot)"
114.119.149.89 - - [01/Jul/2025:12:12:33 +0000] "GET /tmp/awstats/awstats032017.triumphofflight.org.wrightimagegroup.com.txt HTTP/1.1" 200 6385 "http://www.wrightimagegroup.org/tmp/awstats/?C=S%3BO%3DD" "Mozilla/5.0 (Linux; Android 7.0;) AppleWebKit/537.36 (KHTML, like Gecko) Mobile Safari/537.36 (compatible; PetalBot;+https://webmaster.petalsearch.com/site/petalbot)"
114.119.149.89 - - [01/Jul/2025:12:13:05 +0000] "GET /tmp/awstats/awstats.wrightimagegroup.com.conf HTTP/1.1" 200 23892 "http://www.wrightimagegroup.org/tmp/awstats/?C=S%3BO%3DD" "Mozilla/5.0 (Linux; Android 7.0;) AppleWebKit/537.36 (KHTML, like Gecko) Mobile Safari/537.36 (compatible; PetalBot;+https://webmaster.petalsearch.com/site/petalbot)"
114.119.132.85 - - [01/Jul/2025:12:15:01 +0000] "GET /tmp/awstats/ssl/awstats112020.wrightimagegroup.wrightimagegroup.com.txt HTTP/1.1" 200 7248 "http://www.wrightimagegroup.org/tmp/awstats/ssl/?C=M%3BO%3DA" "Mozilla/5.0 (Linux; Android 7.0;) AppleWebKit/537.36 (KHTML, like Gecko) Mobile Safari/537.36 (compatible; PetalBot;+https://webmaster.petalsearch.com/site/petalbot)"
114.119.132.85 - - [01/Jul/2025:12:15:43 +0000] "GET /tmp/webalizer/usage_202101.html HTTP/1.1" 200 83338 "http://www.wrightimagegroup.org/tmp/webalizer/usage_202101.html" "Mozilla/5.0 (Linux; Android 7.0;) AppleWebKit/537.36 (KHTML, like Gecko) Mobile Safari/537.36 (compatible; PetalBot;+https://webmaster.petalsearch.com/site/petalbot)"
216.73.217.3 - - [01/Jul/2025:12:17:18 +0000] "GET /etc/?C=D&O=A HTTP/1.1" 200 1201 "-" "Mozilla/5.0 AppleWebKit/537.36 (KHTML, like Gecko; compatible; ClaudeBot/1.0; +claudebot@anthropic.com)"
114.119.146.18 - - [01/Jul/2025:12:19:56 +0000] "GET /tmp/webalizer/usage_202303.html HTTP/1.1" 200 100442 "http://wrightimagegroup.org/tmp/webalizer/usage_202303.html" "Mozilla/5.0 (Linux; Android 7.0;) AppleWebKit/537.36 (KHTML, like Gecko) Mobile Safari/537.36 (compatible; PetalBot;+https://webmaster.petalsearch.com/site/petalbot)"
216.244.66.229 - - [01/Jul/2025:12:21:20 +0000] "GET /robots.txt HTTP/1.1" 404 - "-" "Mozilla/5.0 (compatible; DotBot/1.2; +https://opensiteexplorer.org/dotbot; help@moz.com)"
114.119.138.179 - - [01/Jul/2025:12:23:26 +0000] "GET /tmp/awstats/awstats.triumphofflight.org.wrightimagegroup.com.conf HTTP/1.1" 200 24062 "http://www.wrightimagegroup.org/tmp/awstats/?C=S%3BO%3DD" "Mozilla/5.0 (Linux; Android 7.0;) AppleWebKit/537.36 (KHTML, like Gecko) Mobile Safari/537.36 (compatible; PetalBot;+https://webmaster.petalsearch.com/site/petalbot)"
216.73.217.3 - - [01/Jul/2025:12:23:58 +0000] "GET /cache/cache_e4d9271ab639b08444fb4b3111d4e255 HTTP/1.1" 200 - "-" "Mozilla/5.0 AppleWebKit/537.36 (KHTML, like Gecko; compatible; ClaudeBot/1.0; +claudebot@anthropic.com)"
51.222.253.8 - - [01/Jul/2025:12:24:17 +0000] "GET /tmp/webalizer/usage_202407.html HTTP/1.1" 304 - "-" "Mozilla/5.0 (compatible; AhrefsBot/7.0; +http://ahrefs.com/robot/)"
114.119.146.18 - - [01/Jul/2025:12:25:27 +0000] "GET /cache/cache_55633767a0967a8dcb0aff1183cf0fd5 HTTP/1.1" 200 - "http://www.wrightimagegroup.org/cache/?C=S%3BO%3DD" "Mozilla/5.0 (Linux; Android 7.0;) AppleWebKit/537.36 (KHTML, like Gecko) Mobile Safari/537.36 (compatible; PetalBot;+https://webmaster.petalsearch.com/site/petalbot)"
216.73.217.3 - - [01/Jul/2025:12:26:20 +0000] "GET /tmp/analog HTTP/1.1" 301 317 "-" "Mozilla/5.0 AppleWebKit/537.36 (KHTML, like Gecko; compatible; ClaudeBot/1.0; +claudebot@anthropic.com)"
216.73.217.3 - - [01/Jul/2025:12:26:20 +0000] "GET /tmp/analog/ HTTP/1.1" 200 5836 "http://wrightimagegroup.org/tmp/analog" "Mozilla/5.0 AppleWebKit/537.36 (KHTML, like Gecko; compatible; ClaudeBot/1.0; +claudebot@anthropic.com)"
216.73.217.3 - - [01/Jul/2025:12:28:02 +0000] "GET /access-logs/wrightimagegroup.wrightimagegroup.com-ssl_log HTTP/1.1" 200 506 "-" "Mozilla/5.0 AppleWebKit/537.36 (KHTML, like Gecko; compatible; ClaudeBot/1.0; +claudebot@anthropic.com)"
114.119.132.85 - - [01/Jul/2025:12:28:22 +0000] "GET /tmp/webalizer/usage_202206.html HTTP/1.1" 200 97496 "http://wrightimagegroup.org/tmp/webalizer/usage_202206.html" "Mozilla/5.0 (Linux; Android 7.0;) AppleWebKit/537.36 (KHTML, like Gecko) Mobile Safari/537.36 (compatible; PetalBot;+https://webmaster.petalsearch.com/site/petalbot)"
216.73.217.3 - - [01/Jul/2025:12:29:59 +0000] "GET /robots.txt HTTP/1.1" 404 - "-" "Mozilla/5.0 AppleWebKit/537.36 (KHTML, like Gecko; compatible; ClaudeBot/1.0; +claudebot@anthropic.com)"
216.73.217.3 - - [01/Jul/2025:12:30:01 +0000] "GET /logs/wrightimagegroup.com-ssl_log-Jun-2025.gz HTTP/1.1" 200 43971 "-" "Mozilla/5.0 AppleWebKit/537.36 (KHTML, like Gecko; compatible; ClaudeBot/1.0; +claudebot@anthropic.com)"
51.222.253.10 - - [01/Jul/2025:12:31:06 +0000] "GET /tmp/analog/ssl/wrightimagegroup.com/4.html HTTP/1.1" 304 - "-" "Mozilla/5.0 (compatible; AhrefsBot/7.0; +http://ahrefs.com/robot/)"
51.222.253.20 - - [01/Jul/2025:12:31:37 +0000] "GET /tmp/webalizer/usage_202408.html HTTP/1.1" 304 - "-" "Mozilla/5.0 (compatible; AhrefsBot/7.0; +http://ahrefs.com/robot/)"
216.73.217.3 - - [01/Jul/2025:12:35:09 +0000] "GET /cache/cache_0f1ff313f7d5dc65958843d70148d9f6 HTTP/1.1" 200 7 "-" "Mozilla/5.0 AppleWebKit/537.36 (KHTML, like Gecko; compatible; ClaudeBot/1.0; +claudebot@anthropic.com)"
216.73.217.3 - - [01/Jul/2025:12:36:06 +0000] "GET /?C=M&O=D HTTP/1.1" 200 2795 "-" "Mozilla/5.0 AppleWebKit/537.36 (KHTML, like Gecko; compatible; ClaudeBot/1.0; +claudebot@anthropic.com)"
216.73.217.3 - - [01/Jul/2025:12:36:06 +0000] "GET /access-logs/wrightimagegroup.com-ssl_log HTTP/1.1" 200 - "-" "Mozilla/5.0 AppleWebKit/537.36 (KHTML, like Gecko; compatible; ClaudeBot/1.0; +claudebot@anthropic.com)"
114.119.138.179 - - [01/Jul/2025:12:36:12 +0000] "GET /tmp/awstats/awstats112019.wrightimagegroup.com.txt HTTP/1.1" 200 8374 "http://www.wrightimagegroup.org/tmp/awstats/?C=S%3BO%3DD" "Mozilla/5.0 (Linux; Android 7.0;) AppleWebKit/537.36 (KHTML, like Gecko) Mobile Safari/537.36 (compatible; PetalBot;+https://webmaster.petalsearch.com/site/petalbot)"
114.119.146.18 - - [01/Jul/2025:12:36:49 +0000] "GET /tmp/awstats/awstats112016.triumphofflight.org.wrightimagegroup.com.txt HTTP/1.1" 200 6797 "http://www.wrightimagegroup.org/tmp/awstats/?C=S%3BO%3DD" "Mozilla/5.0 (Linux; Android 7.0;) AppleWebKit/537.36 (KHTML, like Gecko) Mobile Safari/537.36 (compatible; PetalBot;+https://webmaster.petalsearch.com/site/petalbot)"
170.106.35.153 - - [01/Jul/2025:12:38:25 +0000] "GET / HTTP/1.1" 200 2795 "-" "Mozilla/5.0 (iPhone; CPU iPhone OS 13_2_3 like Mac OS X) AppleWebKit/605.1.15 (KHTML, like Gecko) Version/13.0.3 Mobile/15E148 Safari/604.1"
114.119.135.202 - - [01/Jul/2025:12:38:34 +0000] "GET /tmp/awstats/ssl/awstats052023.wrightimagegroup.com.txt HTTP/1.1" 200 17255 "http://www.wrightimagegroup.org/tmp/awstats/ssl/?C=M%3BO%3DA" "Mozilla/5.0 (Linux; Android 7.0;) AppleWebKit/537.36 (KHTML, like Gecko) Mobile Safari/537.36 (compatible; PetalBot;+https://webmaster.petalsearch.com/site/petalbot)"
51.222.253.18 - - [01/Jul/2025:12:38:59 +0000] "GET /access-logs/ HTTP/1.1" 200 1720 "-" "Mozilla/5.0 (compatible; AhrefsBot/7.0; +http://ahrefs.com/robot/)"
114.119.146.18 - - [01/Jul/2025:12:41:22 +0000] "GET /tmp/awstats/ssl/awstats042021.wrightimagegroup.wrightimagegroup.com.txt HTTP/1.1" 200 13235 "http://wrightimagegroup.org/tmp/awstats/ssl/?C=M%3BO%3DA" "Mozilla/5.0 (Linux; Android 7.0;) AppleWebKit/537.36 (KHTML, like Gecko) Mobile Safari/537.36 (compatible; PetalBot;+https://webmaster.petalsearch.com/site/petalbot)"
216.244.66.229 - - [01/Jul/2025:12:44:26 +0000] "GET /public_ftp/incoming/?C=N;O=A HTTP/1.1" 200 704 "-" "Mozilla/5.0 (compatible; DotBot/1.2; +https://opensiteexplorer.org/dotbot; help@moz.com)"
66.249.65.39 - - [01/Jul/2025:12:44:28 +0000] "GET /robots.txt HTTP/1.1" 404 - "-" "Mozilla/5.0 (compatible; Googlebot/2.1; +http://www.google.com/bot.html)"
66.249.65.39 - - [01/Jul/2025:12:44:28 +0000] "GET /?locale=i_en HTTP/1.1" 200 2812 "-" "Mozilla/5.0 (Linux; Android 6.0.1; Nexus 5X Build/MMB29P) AppleWebKit/537.36 (KHTML, like Gecko) Chrome/137.0.7151.103 Mobile Safari/537.36 (compatible; Googlebot/2.1; +http://www.google.com/bot.html)"
216.244.66.229 - - [01/Jul/2025:12:44:31 +0000] "GET /tmp/awstats/awstats062019.wrightimagegroup.wrightimagegroup.com.txt HTTP/1.1" 200 12990 "-" "Mozilla/5.0 (compatible; DotBot/1.2; +https://opensiteexplorer.org/dotbot; help@moz.com)"
216.244.66.229 - - [01/Jul/2025:12:44:35 +0000] "GET /tmp/awstats/awstats102021.wrightimagegroup.wrightimagegroup.com.txt HTTP/1.1" 200 49079 "-" "Mozilla/5.0 (compatible; DotBot/1.2; +https://opensiteexplorer.org/dotbot; help@moz.com)"
216.244.66.229 - - [01/Jul/2025:12:44:45 +0000] "GET /tmp/awstats/awstats122022.wrightimagegroup.wrightimagegroup.com.txt HTTP/1.1" 200 69474 "-" "Mozilla/5.0 (compatible; DotBot/1.2; +https://opensiteexplorer.org/dotbot; help@moz.com)"
185.191.171.6 - - [01/Jul/2025:12:44:57 +0000] "GET /robots.txt HTTP/1.1" 404 - "-" "Mozilla/5.0 (compatible; SemrushBot/7~bl; +http://www.semrush.com/bot.html)"
185.191.171.4 - - [01/Jul/2025:12:44:57 +0000] "GET /mail/subscriptions HTTP/1.1" 200 10 "-" "Mozilla/5.0 (compatible; SemrushBot/7~bl; +http://www.semrush.com/bot.html)"
114.119.152.177 - - [01/Jul/2025:12:45:25 +0000] "GET /tmp/awstats/ssl/awstats062023.wrightimagegroup.com.txt HTTP/1.1" 200 23305 "http://wrightimagegroup.org/tmp/awstats/ssl/?C=M%3BO%3DA" "Mozilla/5.0 (Linux; Android 7.0;) AppleWebKit/537.36 (KHTML, like Gecko) Mobile Safari/537.36 (compatible; PetalBot;+https://webmaster.petalsearch.com/site/petalbot)"
216.244.66.229 - - [01/Jul/2025:12:46:29 +0000] "GET /tmp/?C=S;O%3DA HTTP/1.1" 200 1551 "-" "Mozilla/5.0 (compatible; DotBot/1.2; +https://opensiteexplorer.org/dotbot; help@moz.com)"
216.244.66.229 - - [01/Jul/2025:12:46:32 +0000] "GET /tmp/webalizer/usage_202105.html HTTP/1.1" 200 88922 "-" "Mozilla/5.0 (compatible; DotBot/1.2; +https://opensiteexplorer.org/dotbot; help@moz.com)"
114.119.138.179 - - [01/Jul/2025:12:46:42 +0000] "GET /tmp/awstats/awstats052020.wrightimagegroup.com.txt HTTP/1.1" 200 9432 "http://www.wrightimagegroup.org/tmp/awstats/?C=S%3BO%3DD" "Mozilla/5.0 (Linux; Android 7.0;) AppleWebKit/537.36 (KHTML, like Gecko) Mobile Safari/537.36 (compatible; PetalBot;+https://webmaster.petalsearch.com/site/petalbot)"
51.222.253.14 - - [01/Jul/2025:12:47:25 +0000] "GET /tmp/webalizer/usage_202504.html HTTP/1.1" 304 - "-" "Mozilla/5.0 (compatible; AhrefsBot/7.0; +http://ahrefs.com/robot/)"
216.73.217.3 - - [01/Jul/2025:12:48:45 +0000] "GET /cache/?C=N&O=D HTTP/1.1" 200 3982 "-" "Mozilla/5.0 AppleWebKit/537.36 (KHTML, like Gecko; compatible; ClaudeBot/1.0; +claudebot@anthropic.com)"
216.244.66.229 - - [01/Jul/2025:12:49:25 +0000] "GET /etc/wrightimagegroup.com/?C=D;O=D HTTP/1.1" 200 707 "-" "Mozilla/5.0 (compatible; DotBot/1.2; +https://opensiteexplorer.org/dotbot; help@moz.com)"
51.222.253.9 - - [01/Jul/2025:12:51:00 +0000] "GET /tmp/analog/ssl/wrightimagegroup.wrightimagegroup.com/4.html HTTP/1.1" 304 - "-" "Mozilla/5.0 (compatible; AhrefsBot/7.0; +http://ahrefs.com/robot/)"
216.244.66.229 - - [01/Jul/2025:12:51:04 +0000] "GET /mail/tmp/?C=N%3BO%3DD HTTP/1.1" 200 676 "-" "Mozilla/5.0 (compatible; DotBot/1.2; +https://opensiteexplorer.org/dotbot; help@moz.com)"
216.244.66.229 - - [01/Jul/2025:12:51:06 +0000] "GET /public_ftp/incoming/?C=D;O%3DD HTTP/1.1" 200 704 "-" "Mozilla/5.0 (compatible; DotBot/1.2; +https://opensiteexplorer.org/dotbot; help@moz.com)"
