43.157.148.38 - - [02/Jul/2025:06:53:09 +0000] "GET /mail/ HTTP/1.1" 200 2876 "-" "Mozilla/5.0 (iPhone; CPU iPhone OS 13_2_3 like Mac OS X) AppleWebKit/605.1.15 (KHTML, like Gecko) Version/13.0.3 Mobile/15E148 Safari/604.1"
216.244.66.230 - - [02/Jul/2025:06:56:24 +0000] "GET /triumphofflight.com/?C=M;O%3DD HTTP/1.1" 200 890 "-" "Mozilla/5.0 (compatible; DotBot/1.2; +https://opensiteexplorer.org/dotbot; help@moz.com)"
216.73.216.78 - - [02/Jul/2025:06:57:16 +0000] "GET /tmp/webalizer/ctry_usage_202505.png HTTP/1.1" 200 3414 "-" "Mozilla/5.0 AppleWebKit/537.36 (KHTML, like Gecko; compatible; ClaudeBot/1.0; +claudebot@anthropic.com)"
51.222.253.18 - - [02/Jul/2025:06:58:05 +0000] "GET /ssl/csrs/ HTTP/1.1" 200 692 "-" "Mozilla/5.0 (compatible; AhrefsBot/7.0; +http://ahrefs.com/robot/)"
216.73.216.78 - - [02/Jul/2025:06:58:25 +0000] "GET /tmp/webalizerftp/?C=S&O=D HTTP/1.1" 200 691 "-" "Mozilla/5.0 AppleWebKit/537.36 (KHTML, like Gecko; compatible; ClaudeBot/1.0; +claudebot@anthropic.com)"
51.222.253.5 - - [02/Jul/2025:07:00:05 +0000] "GET /tmp/analog/11.html HTTP/1.1" 304 - "-" "Mozilla/5.0 (compatible; AhrefsBot/7.0; +http://ahrefs.com/robot/)"
216.244.66.229 - - [02/Jul/2025:07:01:26 +0000] "GET /robots.txt HTTP/1.1" 404 - "-" "Mozilla/5.0 (compatible; DotBot/1.2; +https://opensiteexplorer.org/dotbot; help@moz.com)"
216.73.216.78 - - [02/Jul/2025:07:02:39 +0000] "GET /tmp/analog/?C=S&O=D HTTP/1.1" 200 5836 "-" "Mozilla/5.0 AppleWebKit/537.36 (KHTML, like Gecko; compatible; ClaudeBot/1.0; +claudebot@anthropic.com)"
49.51.39.209 - - [02/Jul/2025:07:04:47 +0000] "GET /?C=D;O=D HTTP/1.1" 200 2812 "-" "Mozilla/5.0 (iPhone; CPU iPhone OS 13_2_3 like Mac OS X) AppleWebKit/605.1.15 (KHTML, like Gecko) Version/13.0.3 Mobile/15E148 Safari/604.1"
51.222.253.16 - - [02/Jul/2025:07:04:48 +0000] "GET /ssl/keys/ HTTP/1.1" 200 692 "-" "Mozilla/5.0 (compatible; AhrefsBot/7.0; +http://ahrefs.com/robot/)"
51.222.253.7 - - [02/Jul/2025:07:09:38 +0000] "GET /tmp/analog/1.html HTTP/1.1" 304 - "-" "Mozilla/5.0 (compatible; AhrefsBot/7.0; +http://ahrefs.com/robot/)"
216.73.216.78 - - [02/Jul/2025:07:12:10 +0000] "GET /tmp/webalizer/ctry_usage_202502.png HTTP/1.1" 200 3453 "-" "Mozilla/5.0 AppleWebKit/537.36 (KHTML, like Gecko; compatible; ClaudeBot/1.0; +claudebot@anthropic.com)"
216.73.216.78 - - [02/Jul/2025:07:12:11 +0000] "GET /tmp/awstats/ssl/awstats122024.wrightimagegroup.com.txt HTTP/1.1" 200 35842 "-" "Mozilla/5.0 AppleWebKit/537.36 (KHTML, like Gecko; compatible; ClaudeBot/1.0; +claudebot@anthropic.com)"
216.244.66.229 - - [02/Jul/2025:07:13:58 +0000] "GET /mail/new/?C=N;O=A HTTP/1.1" 200 676 "-" "Mozilla/5.0 (compatible; DotBot/1.2; +https://opensiteexplorer.org/dotbot; help@moz.com)"
43.130.60.195 - - [02/Jul/2025:07:14:55 +0000] "GET /mail/?C=S;O=A HTTP/1.1" 200 2876 "-" "Mozilla/5.0 (iPhone; CPU iPhone OS 13_2_3 like Mac OS X) AppleWebKit/605.1.15 (KHTML, like Gecko) Version/13.0.3 Mobile/15E148 Safari/604.1"
216.244.66.229 - - [02/Jul/2025:07:15:09 +0000] "GET /ssl/?C=N;O%3DD HTTP/1.1" 200 1535 "-" "Mozilla/5.0 (compatible; DotBot/1.2; +https://opensiteexplorer.org/dotbot; help@moz.com)"
216.73.216.78 - - [02/Jul/2025:07:21:38 +0000] "GET /tmp/awstats/ssl/awstats072025.wrightimagegroup.com.txt HTTP/1.1" 200 6253 "-" "Mozilla/5.0 AppleWebKit/537.36 (KHTML, like Gecko; compatible; ClaudeBot/1.0; +claudebot@anthropic.com)"
124.156.179.141 - - [02/Jul/2025:07:24:16 +0000] "GET /mail/?C=D;O=A HTTP/1.1" 200 2876 "-" "Mozilla/5.0 (iPhone; CPU iPhone OS 13_2_3 like Mac OS X) AppleWebKit/605.1.15 (KHTML, like Gecko) Version/13.0.3 Mobile/15E148 Safari/604.1"
43.130.53.252 - - [02/Jul/2025:07:29:28 +0000] "GET / HTTP/1.1" 200 2816 "-" "Mozilla/5.0 (iPhone; CPU iPhone OS 13_2_3 like Mac OS X) AppleWebKit/605.1.15 (KHTML, like Gecko) Version/13.0.3 Mobile/15E148 Safari/604.1"
3.146.111.124 - - [02/Jul/2025:07:30:28 +0000] "GET / HTTP/1.1" 200 2800 "-" "Mozilla/5.0 zgrab/0.x"
216.73.216.78 - - [02/Jul/2025:07:32:52 +0000] "GET /tmp/cpbandwidth/?C=M&O=D HTTP/1.1" 200 890 "-" "Mozilla/5.0 AppleWebKit/537.36 (KHTML, like Gecko; compatible; ClaudeBot/1.0; +claudebot@anthropic.com)"
43.157.149.188 - - [02/Jul/2025:07:32:53 +0000] "GET /mail/cur/ HTTP/1.1" 200 693 "-" "Mozilla/5.0 (iPhone; CPU iPhone OS 13_2_3 like Mac OS X) AppleWebKit/605.1.15 (KHTML, like Gecko) Version/13.0.3 Mobile/15E148 Safari/604.1"
216.73.216.78 - - [02/Jul/2025:07:36:30 +0000] "GET /robots.txt HTTP/1.1" 404 - "-" "Mozilla/5.0 AppleWebKit/537.36 (KHTML, like Gecko; compatible; ClaudeBot/1.0; +claudebot@anthropic.com)"
216.73.216.78 - - [02/Jul/2025:07:36:31 +0000] "GET /tmp/awstats/ssl/?C=S&O=A HTTP/1.1" 200 29832 "-" "Mozilla/5.0 AppleWebKit/537.36 (KHTML, like Gecko; compatible; ClaudeBot/1.0; +claudebot@anthropic.com)"
216.73.216.78 - - [02/Jul/2025:07:38:08 +0000] "GET /tmp/awstats/ssl/awstats112024.wrightimagegroup.wrightimagegroup.com.txt HTTP/1.1" 200 79075 "-" "Mozilla/5.0 AppleWebKit/537.36 (KHTML, like Gecko; compatible; ClaudeBot/1.0; +claudebot@anthropic.com)"
43.133.220.37 - - [02/Jul/2025:07:43:45 +0000] "GET /mail/dovecot-uidvalidity HTTP/1.1" 200 8 "-" "Mozilla/5.0 (iPhone; CPU iPhone OS 13_2_3 like Mac OS X) AppleWebKit/605.1.15 (KHTML, like Gecko) Version/13.0.3 Mobile/15E148 Safari/604.1"
43.130.14.245 - - [02/Jul/2025:07:53:22 +0000] "GET /mail/dovecot-uidvalidity.5d53dc75 HTTP/1.1" 200 - "-" "Mozilla/5.0 (iPhone; CPU iPhone OS 13_2_3 like Mac OS X) AppleWebKit/605.1.15 (KHTML, like Gecko) Version/13.0.3 Mobile/15E148 Safari/604.1"
216.244.66.230 - - [02/Jul/2025:07:56:33 +0000] "GET /robots.txt HTTP/1.1" 404 - "-" "Mozilla/5.0 (compatible; DotBot/1.2; +https://opensiteexplorer.org/dotbot; help@moz.com)"
216.244.66.229 - - [02/Jul/2025:07:59:32 +0000] "GET /robots.txt HTTP/1.1" 404 - "-" "Mozilla/5.0 (compatible; DotBot/1.2; +https://opensiteexplorer.org/dotbot; help@moz.com)"
216.244.66.229 - - [02/Jul/2025:07:59:32 +0000] "GET /robots.txt HTTP/1.1" 404 - "-" "Mozilla/5.0 (compatible; DotBot/1.2; +https://opensiteexplorer.org/dotbot; help@moz.com)"
43.135.140.225 - - [02/Jul/2025:08:04:54 +0000] "GET /mail/tmp/ HTTP/1.1" 200 693 "-" "Mozilla/5.0 (iPhone; CPU iPhone OS 13_2_3 like Mac OS X) AppleWebKit/605.1.15 (KHTML, like Gecko) Version/13.0.3 Mobile/15E148 Safari/604.1"
52.44.174.136 - - [02/Jul/2025:08:06:10 +0000] "GET /ssl/certs/ HTTP/1.1" 200 681 "-" "Mozilla/5.0 AppleWebKit/537.36 (KHTML, like Gecko; compatible; Amazonbot/0.1; +https://developer.amazon.com/support/amazonbot) Chrome/119.0.6045.214 Safari/537.36"
216.244.66.229 - - [02/Jul/2025:08:11:49 +0000] "GET /mail/wrightimagegroup.com/?C=M;O=A HTTP/1.1" 200 710 "-" "Mozilla/5.0 (compatible; DotBot/1.2; +https://opensiteexplorer.org/dotbot; help@moz.com)"
43.173.1.57 - - [02/Jul/2025:08:14:38 +0000] "GET /mail/subscriptions HTTP/1.1" 200 10 "-" "Mozilla/5.0 (iPhone; CPU iPhone OS 13_2_3 like Mac OS X) AppleWebKit/605.1.15 (KHTML, like Gecko) Version/13.0.3 Mobile/15E148 Safari/604.1"
104.210.140.137 - - [02/Jul/2025:08:15:42 +0000] "GET /robots.txt HTTP/1.1" 404 - "-" "Mozilla/5.0 (Macintosh; Intel Mac OS X 10_15_7) AppleWebKit/537.36 (KHTML, like Gecko) Chrome/131.0.0.0 Safari/537.36; compatible; OAI-SearchBot/1.0; +https://openai.com/searchbot"
216.244.66.230 - - [02/Jul/2025:08:16:47 +0000] "GET /mail/cur/?C=N%3BO%3DD HTTP/1.1" 200 697 "-" "Mozilla/5.0 (compatible; DotBot/1.2; +https://opensiteexplorer.org/dotbot; help@moz.com)"
66.249.74.131 - - [02/Jul/2025:08:18:36 +0000] "GET /robots.txt HTTP/1.1" 404 - "-" "Mozilla/5.0 (compatible; Googlebot/2.1; +http://www.google.com/bot.html)"
66.249.74.130 - - [02/Jul/2025:08:18:37 +0000] "GET /tmp/awstats/awstats062025.wrightimagegroup.com.txt HTTP/1.1" 200 38166 "-" "Mozilla/5.0 (Linux; Android 6.0.1; Nexus 5X Build/MMB29P) AppleWebKit/537.36 (KHTML, like Gecko) Chrome/137.0.7151.103 Mobile Safari/537.36 (compatible; Googlebot/2.1; +http://www.google.com/bot.html)"
216.244.66.229 - - [02/Jul/2025:08:19:02 +0000] "GET /tmp/awstats/ssl/awstats092020.wrightimagegroup.wrightimagegroup.com.txt HTTP/1.1" 200 9015 "-" "Mozilla/5.0 (compatible; DotBot/1.2; +https://opensiteexplorer.org/dotbot; help@moz.com)"
43.153.107.22 - - [02/Jul/2025:08:24:15 +0000] "GET /mail/dovecot.list.index.log HTTP/1.1" 200 600 "-" "Mozilla/5.0 (iPhone; CPU iPhone OS 13_2_3 like Mac OS X) AppleWebKit/605.1.15 (KHTML, like Gecko) Version/13.0.3 Mobile/15E148 Safari/604.1"
216.244.66.229 - - [02/Jul/2025:08:25:48 +0000] "GET /?C=N HTTP/1.1" 200 2800 "-" "Mozilla/5.0 (compatible; DotBot/1.2; +https://opensiteexplorer.org/dotbot; help@moz.com)"
51.222.253.15 - - [02/Jul/2025:08:27:53 +0000] "GET /tmp/analog/ssl/wrightimagegroup.wrightimagegroup.com/4.html HTTP/1.1" 304 - "-" "Mozilla/5.0 (compatible; AhrefsBot/7.0; +http://ahrefs.com/robot/)"
109.172.89.221 - - [02/Jul/2025:08:29:16 +0000] "GET /tmp/webalizer/ HTTP/1.0" 200 9923 "http://wrightimagegroup.wrightimagegroup.com/tmp/webalizer/" "Mozilla/5.0 (Windows NT 10.0; Win64; x64) AppleWebKit/537.36 (KHTML, like Gecko) Chrome/131.0.0.0 Safari/537.36"
109.172.89.221 - - [02/Jul/2025:08:29:33 +0000] "GET /tmp/webalizer/ HTTP/1.0" 200 9923 "http://www.wrightimagegroup.wrightimagegroup.com/tmp/webalizer/" "Mozilla/5.0 (Windows NT 10.0; Win64; x64) AppleWebKit/537.36 (KHTML, like Gecko) Chrome/130.0.0.0 Safari/537.36"
109.172.89.221 - - [02/Jul/2025:08:29:36 +0000] "GET /tmp/webalizer/ HTTP/1.0" 200 9923 "http://www.wrightimagegroup.org/tmp/webalizer/" "Mozilla/5.0 (Windows NT 10.0; Win64; x64) AppleWebKit/537.36 (KHTML, like Gecko) Chrome/131.0.0.0 Safari/537.36 Avast/131.0.0.0"
147.182.147.24 - - [02/Jul/2025:08:30:38 +0000] "GET / HTTP/1.1" 200 2795 "-" "Mozilla/5.0 (X11; Linux x86_64; rv:137.0) Gecko/20100101 Firefox/137.0"
147.182.147.24 - - [02/Jul/2025:08:30:38 +0000] "GET /favicon.ico HTTP/1.1" 404 - "http://wrightimagegroup.org/" "Mozilla/5.0 (X11; Linux x86_64; rv:137.0) Gecko/20100101 Firefox/137.0"
43.167.239.66 - - [02/Jul/2025:08:32:44 +0000] "GET /mail/cur/?C=N;O=D HTTP/1.1" 200 693 "-" "Mozilla/5.0 (iPhone; CPU iPhone OS 13_2_3 like Mac OS X) AppleWebKit/605.1.15 (KHTML, like Gecko) Version/13.0.3 Mobile/15E148 Safari/604.1"
206.168.34.57 - - [02/Jul/2025:08:36:21 +0000] "GET / HTTP/1.1" 200 2800 "-" "Mozilla/5.0 (compatible; CensysInspect/1.1; +https://about.censys.io/)"
206.168.34.57 - - [02/Jul/2025:08:36:37 +0000] "GET /favicon.ico HTTP/1.1" 404 - "-" "Mozilla/5.0 (compatible; CensysInspect/1.1; +https://about.censys.io/)"
206.168.34.57 - - [02/Jul/2025:08:36:56 +0000] "GET / HTTP/1.1" 200 2800 "-" "Mozilla/5.0 (compatible; CensysInspect/1.1; +https://about.censys.io/)"
206.168.34.57 - - [02/Jul/2025:08:36:57 +0000] "GET /www HTTP/1.1" 301 320 "-" "Mozilla/5.0 (compatible; CensysInspect/1.1; +https://about.censys.io/)"
206.168.34.57 - - [02/Jul/2025:08:36:58 +0000] "GET /www/ HTTP/1.1" 301 310 "http://mail.wrightimagegroup.org:80/www" "Mozilla/5.0 (compatible; CensysInspect/1.1; +https://about.censys.io/)"
206.168.34.57 - - [02/Jul/2025:08:37:25 +0000] "GET /favicon.ico HTTP/1.1" 404 - "-" "Mozilla/5.0 (compatible; CensysInspect/1.1; +https://about.censys.io/)"
206.168.34.57 - - [02/Jul/2025:08:38:15 +0000] "GET /wiki HTTP/1.1" 404 - "-" "Mozilla/5.0 (compatible; CensysInspect/1.1; +https://about.censys.io/)"
216.244.66.230 - - [02/Jul/2025:08:43:14 +0000] "GET /robots.txt HTTP/1.1" 404 - "-" "Mozilla/5.0 (compatible; DotBot/1.2; +https://opensiteexplorer.org/dotbot; help@moz.com)"
34.225.243.131 - - [02/Jul/2025:08:44:51 +0000] "GET /?locale=tr HTTP/1.1" 200 2795 "-" "Mozilla/5.0 AppleWebKit/537.36 (KHTML, like Gecko; compatible; Amazonbot/0.1; +https://developer.amazon.com/support/amazonbot) Chrome/119.0.6045.214 Safari/537.36"
184.73.47.24 - - [02/Jul/2025:08:44:53 +0000] "GET /ssl/ssl.db HTTP/1.1" 200 211 "-" "Mozilla/5.0 AppleWebKit/537.36 (KHTML, like Gecko; compatible; Amazonbot/0.1; +https://developer.amazon.com/support/amazonbot) Chrome/119.0.6045.214 Safari/537.36"
34.227.234.246 - - [02/Jul/2025:08:45:05 +0000] "GET /mail/ HTTP/1.1" 200 2864 "-" "Mozilla/5.0 AppleWebKit/537.36 (KHTML, like Gecko; compatible; Amazonbot/0.1; +https://developer.amazon.com/support/amazonbot) Chrome/119.0.6045.214 Safari/537.36"
51.222.253.4 - - [02/Jul/2025:08:48:34 +0000] "GET /tmp/webalizer/usage_202504.html HTTP/1.1" 304 - "-" "Mozilla/5.0 (compatible; AhrefsBot/7.0; +http://ahrefs.com/robot/)"
167.94.138.176 - - [02/Jul/2025:08:51:58 +0000] "GET / HTTP/1.1" 200 2800 "-" "Mozilla/5.0 (compatible; CensysInspect/1.1; +https://about.censys.io/)"
167.94.138.176 - - [02/Jul/2025:08:52:05 +0000] "GET /favicon.ico HTTP/1.1" 404 - "-" "Mozilla/5.0 (compatible; CensysInspect/1.1; +https://about.censys.io/)"
167.94.138.176 - - [02/Jul/2025:08:52:21 +0000] "GET / HTTP/1.1" 200 2800 "-" "Mozilla/5.0 (compatible; CensysInspect/1.1; +https://about.censys.io/)"
167.94.138.176 - - [02/Jul/2025:08:52:22 +0000] "GET /mail HTTP/1.1" 301 321 "-" "Mozilla/5.0 (compatible; CensysInspect/1.1; +https://about.censys.io/)"
167.94.138.176 - - [02/Jul/2025:08:52:22 +0000] "GET /mail/ HTTP/1.1" 200 2864 "http://mail.wrightimagegroup.org:80/mail" "Mozilla/5.0 (compatible; CensysInspect/1.1; +https://about.censys.io/)"
167.94.138.176 - - [02/Jul/2025:08:52:23 +0000] "GET /mail/wrightimagegroup.com HTTP/1.1" 301 342 "-" "Mozilla/5.0 (compatible; CensysInspect/1.1; +https://about.censys.io/)"
167.94.138.176 - - [02/Jul/2025:08:52:23 +0000] "GET /mail/wrightimagegroup.com/ HTTP/1.1" 200 715 "http://mail.wrightimagegroup.org:80/mail/wrightimagegroup.com" "Mozilla/5.0 (compatible; CensysInspect/1.1; +https://about.censys.io/)"
167.94.138.176 - - [02/Jul/2025:08:52:24 +0000] "GET /mail/cur HTTP/1.1" 301 325 "-" "Mozilla/5.0 (compatible; CensysInspect/1.1; +https://about.censys.io/)"
167.94.138.176 - - [02/Jul/2025:08:52:25 +0000] "GET /mail/cur/ HTTP/1.1" 200 681 "http://mail.wrightimagegroup.org:80/mail/cur" "Mozilla/5.0 (compatible; CensysInspect/1.1; +https://about.censys.io/)"
167.94.138.176 - - [02/Jul/2025:08:52:26 +0000] "GET /mail/new HTTP/1.1" 301 325 "-" "Mozilla/5.0 (compatible; CensysInspect/1.1; +https://about.censys.io/)"
167.94.138.176 - - [02/Jul/2025:08:52:28 +0000] "GET /mail/new/ HTTP/1.1" 200 681 "http://mail.wrightimagegroup.org:80/mail/new" "Mozilla/5.0 (compatible; CensysInspect/1.1; +https://about.censys.io/)"
167.94.138.176 - - [02/Jul/2025:08:52:30 +0000] "GET /mail/tmp HTTP/1.1" 301 325 "-" "Mozilla/5.0 (compatible; CensysInspect/1.1; +https://about.censys.io/)"
175.27.164.113 - - [02/Jul/2025:08:52:31 +0000] "GET / HTTP/1.1" 200 2799 "-" "Mozilla/5.0 (iPhone; CPU iPhone OS 13_2_3 like Mac OS X) AppleWebKit/605.1.15 (KHTML, like Gecko) Version/13.0.3 Mobile/15E148 Safari/604.1"
167.94.138.176 - - [02/Jul/2025:08:52:32 +0000] "GET /mail/tmp/ HTTP/1.1" 200 681 "http://mail.wrightimagegroup.org:80/mail/tmp" "Mozilla/5.0 (compatible; CensysInspect/1.1; +https://about.censys.io/)"
167.94.138.176 - - [02/Jul/2025:08:52:34 +0000] "GET /ssl HTTP/1.1" 301 320 "-" "Mozilla/5.0 (compatible; CensysInspect/1.1; +https://about.censys.io/)"
167.94.138.176 - - [02/Jul/2025:08:52:35 +0000] "GET /ssl/ HTTP/1.1" 200 1540 "http://mail.wrightimagegroup.org:80/ssl" "Mozilla/5.0 (compatible; CensysInspect/1.1; +https://about.censys.io/)"
167.94.138.176 - - [02/Jul/2025:08:52:36 +0000] "GET /ssl/csrs HTTP/1.1" 301 325 "-" "Mozilla/5.0 (compatible; CensysInspect/1.1; +https://about.censys.io/)"
167.94.138.176 - - [02/Jul/2025:08:52:36 +0000] "GET /ssl/csrs/ HTTP/1.1" 200 680 "http://mail.wrightimagegroup.org:80/ssl/csrs" "Mozilla/5.0 (compatible; CensysInspect/1.1; +https://about.censys.io/)"
216.244.66.230 - - [02/Jul/2025:08:52:37 +0000] "GET /?C=D;O%3DD HTTP/1.1" 200 2816 "-" "Mozilla/5.0 (compatible; DotBot/1.2; +https://opensiteexplorer.org/dotbot; help@moz.com)"
167.94.138.176 - - [02/Jul/2025:08:52:38 +0000] "GET /ssl/certs HTTP/1.1" 301 326 "-" "Mozilla/5.0 (compatible; CensysInspect/1.1; +https://about.censys.io/)"
167.94.138.176 - - [02/Jul/2025:08:52:39 +0000] "GET /ssl/certs/ HTTP/1.1" 200 682 "http://mail.wrightimagegroup.org:80/ssl/certs" "Mozilla/5.0 (compatible; CensysInspect/1.1; +https://about.censys.io/)"
167.94.138.176 - - [02/Jul/2025:08:52:41 +0000] "GET /ssl/keys HTTP/1.1" 301 325 "-" "Mozilla/5.0 (compatible; CensysInspect/1.1; +https://about.censys.io/)"
167.94.138.176 - - [02/Jul/2025:08:53:09 +0000] "GET /favicon.ico HTTP/1.1" 404 - "-" "Mozilla/5.0 (compatible; CensysInspect/1.1; +https://about.censys.io/)"
167.94.138.176 - - [02/Jul/2025:08:53:33 +0000] "GET /.well-known/security.txt HTTP/1.1" 404 - "-" "Mozilla/5.0 (compatible; CensysInspect/1.1; +https://about.censys.io/)"
129.226.93.214 - - [02/Jul/2025:09:07:12 +0000] "GET / HTTP/1.1" 200 2799 "-" "Mozilla/5.0 (iPhone; CPU iPhone OS 13_2_3 like Mac OS X) AppleWebKit/605.1.15 (KHTML, like Gecko) Version/13.0.3 Mobile/15E148 Safari/604.1"
51.222.253.12 - - [02/Jul/2025:09:12:25 +0000] "GET /tmp/webalizer/usage_202410.html HTTP/1.1" 304 - "-" "Mozilla/5.0 (compatible; AhrefsBot/7.0; +http://ahrefs.com/robot/)"
51.222.253.8 - - [02/Jul/2025:09:16:56 +0000] "GET /tmp/analog/ssl/wrightimagegroup.com/4.html HTTP/1.1" 304 - "-" "Mozilla/5.0 (compatible; AhrefsBot/7.0; +http://ahrefs.com/robot/)"
51.222.253.1 - - [02/Jul/2025:09:17:44 +0000] "GET /tmp/webalizer/usage_202502.html HTTP/1.1" 304 - "-" "Mozilla/5.0 (compatible; AhrefsBot/7.0; +http://ahrefs.com/robot/)"
167.94.146.48 - - [02/Jul/2025:09:18:46 +0000] "GET / HTTP/1.1" 200 2800 "-" "Mozilla/5.0 (compatible; CensysInspect/1.1; +https://about.censys.io/)"
167.94.146.48 - - [02/Jul/2025:09:18:48 +0000] "GET /favicon.ico HTTP/1.1" 404 - "-" "Mozilla/5.0 (compatible; CensysInspect/1.1; +https://about.censys.io/)"
167.94.146.48 - - [02/Jul/2025:09:18:53 +0000] "GET / HTTP/1.1" 200 2800 "-" "Mozilla/5.0 (compatible; CensysInspect/1.1; +https://about.censys.io/)"
167.94.146.48 - - [02/Jul/2025:09:18:53 +0000] "GET /public_ftp HTTP/1.1" 301 327 "-" "Mozilla/5.0 (compatible; CensysInspect/1.1; +https://about.censys.io/)"
167.94.146.48 - - [02/Jul/2025:09:18:53 +0000] "GET /public_ftp/ HTTP/1.1" 200 857 "http://mail.wrightimagegroup.org:80/public_ftp" "Mozilla/5.0 (compatible; CensysInspect/1.1; +https://about.censys.io/)"
167.94.146.48 - - [02/Jul/2025:09:18:54 +0000] "GET /public_ftp/incoming HTTP/1.1" 301 336 "-" "Mozilla/5.0 (compatible; CensysInspect/1.1; +https://about.censys.io/)"
167.94.146.48 - - [02/Jul/2025:09:18:54 +0000] "GET /public_ftp/incoming/ HTTP/1.1" 200 709 "http://mail.wrightimagegroup.org:80/public_ftp/incoming" "Mozilla/5.0 (compatible; CensysInspect/1.1; +https://about.censys.io/)"
167.94.146.48 - - [02/Jul/2025:09:18:54 +0000] "GET /logs HTTP/1.1" 301 321 "-" "Mozilla/5.0 (compatible; CensysInspect/1.1; +https://about.censys.io/)"
167.94.146.48 - - [02/Jul/2025:09:18:55 +0000] "GET /logs/ HTTP/1.1" 200 3284 "http://mail.wrightimagegroup.org:80/logs" "Mozilla/5.0 (compatible; CensysInspect/1.1; +https://about.censys.io/)"
167.94.146.48 - - [02/Jul/2025:09:18:55 +0000] "GET /tof HTTP/1.1" 301 320 "-" "Mozilla/5.0 (compatible; CensysInspect/1.1; +https://about.censys.io/)"
167.94.146.48 - - [02/Jul/2025:09:18:56 +0000] "GET /tof/ HTTP/1.1" 200 842 "http://mail.wrightimagegroup.org:80/tof" "Mozilla/5.0 (compatible; CensysInspect/1.1; +https://about.censys.io/)"
167.94.146.48 - - [02/Jul/2025:09:19:08 +0000] "GET /tof/cgi-bin HTTP/1.1" 301 328 "-" "Mozilla/5.0 (compatible; CensysInspect/1.1; +https://about.censys.io/)"
167.94.146.48 - - [02/Jul/2025:09:19:08 +0000] "GET /tof/cgi-bin/ HTTP/1.1" 200 686 "http://mail.wrightimagegroup.org:80/tof/cgi-bin" "Mozilla/5.0 (compatible; CensysInspect/1.1; +https://about.censys.io/)"
167.94.146.48 - - [02/Jul/2025:09:19:08 +0000] "GET /mail HTTP/1.1" 301 321 "-" "Mozilla/5.0 (compatible; CensysInspect/1.1; +https://about.censys.io/)"
167.94.146.48 - - [02/Jul/2025:09:19:08 +0000] "GET /mail/ HTTP/1.1" 200 2864 "http://mail.wrightimagegroup.org:80/mail" "Mozilla/5.0 (compatible; CensysInspect/1.1; +https://about.censys.io/)"
167.94.146.48 - - [02/Jul/2025:09:19:09 +0000] "GET /mail/wrightimagegroup.com HTTP/1.1" 301 342 "-" "Mozilla/5.0 (compatible; CensysInspect/1.1; +https://about.censys.io/)"
167.94.146.48 - - [02/Jul/2025:09:19:09 +0000] "GET /mail/wrightimagegroup.com/ HTTP/1.1" 200 715 "http://mail.wrightimagegroup.org:80/mail/wrightimagegroup.com" "Mozilla/5.0 (compatible; CensysInspect/1.1; +https://about.censys.io/)"
167.94.146.48 - - [02/Jul/2025:09:19:09 +0000] "GET /mail/cur HTTP/1.1" 301 325 "-" "Mozilla/5.0 (compatible; CensysInspect/1.1; +https://about.censys.io/)"
167.94.146.48 - - [02/Jul/2025:09:19:09 +0000] "GET /mail/cur/ HTTP/1.1" 200 681 "http://mail.wrightimagegroup.org:80/mail/cur" "Mozilla/5.0 (compatible; CensysInspect/1.1; +https://about.censys.io/)"
167.94.146.48 - - [02/Jul/2025:09:19:09 +0000] "GET /mail/tmp HTTP/1.1" 301 325 "-" "Mozilla/5.0 (compatible; CensysInspect/1.1; +https://about.censys.io/)"
167.94.146.48 - - [02/Jul/2025:09:19:10 +0000] "GET /mail/tmp/ HTTP/1.1" 200 681 "http://mail.wrightimagegroup.org:80/mail/tmp" "Mozilla/5.0 (compatible; CensysInspect/1.1; +https://about.censys.io/)"
167.94.146.48 - - [02/Jul/2025:09:19:11 +0000] "GET /mail/new HTTP/1.1" 301 325 "-" "Mozilla/5.0 (compatible; CensysInspect/1.1; +https://about.censys.io/)"
167.94.146.48 - - [02/Jul/2025:09:19:11 +0000] "GET /mail/new/ HTTP/1.1" 200 681 "http://mail.wrightimagegroup.org:80/mail/new" "Mozilla/5.0 (compatible; CensysInspect/1.1; +https://about.censys.io/)"
167.94.146.48 - - [02/Jul/2025:09:19:12 +0000] "GET /cache HTTP/1.1" 301 322 "-" "Mozilla/5.0 (compatible; CensysInspect/1.1; +https://about.censys.io/)"
167.94.146.48 - - [02/Jul/2025:09:19:12 +0000] "GET /cache/ HTTP/1.1" 200 3987 "http://mail.wrightimagegroup.org:80/cache" "Mozilla/5.0 (compatible; CensysInspect/1.1; +https://about.censys.io/)"
167.94.146.48 - - [02/Jul/2025:09:19:12 +0000] "GET /etc HTTP/1.1" 301 320 "-" "Mozilla/5.0 (compatible; CensysInspect/1.1; +https://about.censys.io/)"
167.94.146.48 - - [02/Jul/2025:09:19:14 +0000] "GET /etc/ HTTP/1.1" 200 1206 "http://mail.wrightimagegroup.org:80/etc" "Mozilla/5.0 (compatible; CensysInspect/1.1; +https://about.censys.io/)"
167.94.146.48 - - [02/Jul/2025:09:19:17 +0000] "GET /etc/wrightimagegroup.com HTTP/1.1" 301 341 "-" "Mozilla/5.0 (compatible; CensysInspect/1.1; +https://about.censys.io/)"
167.94.146.48 - - [02/Jul/2025:09:19:18 +0000] "GET /etc/wrightimagegroup.com/ HTTP/1.1" 200 712 "http://mail.wrightimagegroup.org:80/etc/wrightimagegroup.com" "Mozilla/5.0 (compatible; CensysInspect/1.1; +https://about.censys.io/)"
167.94.146.48 - - [02/Jul/2025:09:19:20 +0000] "GET /www HTTP/1.1" 301 320 "-" "Mozilla/5.0 (compatible; CensysInspect/1.1; +https://about.censys.io/)"
167.94.146.48 - - [02/Jul/2025:09:19:21 +0000] "GET /www/ HTTP/1.1" 301 310 "http://mail.wrightimagegroup.org:80/www" "Mozilla/5.0 (compatible; CensysInspect/1.1; +https://about.censys.io/)"
167.94.146.48 - - [02/Jul/2025:09:19:24 +0000] "GET /favicon.ico HTTP/1.1" 404 - "-" "Mozilla/5.0 (compatible; CensysInspect/1.1; +https://about.censys.io/)"
167.94.146.48 - - [02/Jul/2025:09:19:28 +0000] "GET /security.txt HTTP/1.1" 404 - "-" "Mozilla/5.0 (compatible; CensysInspect/1.1; +https://about.censys.io/)"
170.106.180.139 - - [02/Jul/2025:09:20:55 +0000] "GET /tmp/ HTTP/1.1" 200 1555 "-" "Mozilla/5.0 (iPhone; CPU iPhone OS 13_2_3 like Mac OS X) AppleWebKit/605.1.15 (KHTML, like Gecko) Version/13.0.3 Mobile/15E148 Safari/604.1"
51.222.253.16 - - [02/Jul/2025:09:23:26 +0000] "GET /tmp/webalizer/usage_202412.html HTTP/1.1" 304 - "-" "Mozilla/5.0 (compatible; AhrefsBot/7.0; +http://ahrefs.com/robot/)"
95.217.37.214 - - [02/Jul/2025:09:28:15 +0000] "GET /tmp/webalizer/ HTTP/1.0" 200 9923 "-" "Mozilla/5.0 (Windows NT 10.0; Win64; x64) AppleWebKit/537.36 (KHTML, like Gecko) Chrome/118.0.0.0 Safari/537.36"
51.222.253.10 - - [02/Jul/2025:09:28:49 +0000] "GET /tmp/webalizer/usage_202504.html HTTP/1.1" 304 - "-" "Mozilla/5.0 (compatible; AhrefsBot/7.0; +http://ahrefs.com/robot/)"
216.244.66.229 - - [02/Jul/2025:09:33:20 +0000] "GET /robots.txt HTTP/1.1" 404 - "-" "Mozilla/5.0 (compatible; DotBot/1.2; +https://opensiteexplorer.org/dotbot; help@moz.com)"
216.244.66.229 - - [02/Jul/2025:09:33:20 +0000] "GET /robots.txt HTTP/1.1" 404 - "-" "Mozilla/5.0 (compatible; DotBot/1.2; +https://opensiteexplorer.org/dotbot; help@moz.com)"
216.244.66.229 - - [02/Jul/2025:09:33:20 +0000] "GET /robots.txt HTTP/1.1" 404 - "-" "Mozilla/5.0 (compatible; DotBot/1.2; +https://opensiteexplorer.org/dotbot; help@moz.com)"
51.222.253.4 - - [02/Jul/2025:09:34:20 +0000] "GET /tmp/webalizer/usage_202501.html HTTP/1.1" 304 - "-" "Mozilla/5.0 (compatible; AhrefsBot/7.0; +http://ahrefs.com/robot/)"
49.51.253.83 - - [02/Jul/2025:09:34:56 +0000] "GET /tmp/?C=D;O=A HTTP/1.1" 200 1555 "-" "Mozilla/5.0 (iPhone; CPU iPhone OS 13_2_3 like Mac OS X) AppleWebKit/605.1.15 (KHTML, like Gecko) Version/13.0.3 Mobile/15E148 Safari/604.1"
23.23.180.225 - - [02/Jul/2025:09:39:15 +0000] "GET /?locale=en HTTP/1.1" 200 2795 "-" "Mozilla/5.0 AppleWebKit/537.36 (KHTML, like Gecko; compatible; Amazonbot/0.1; +https://developer.amazon.com/support/amazonbot) Chrome/119.0.6045.214 Safari/537.36"
18.209.201.119 - - [02/Jul/2025:09:39:19 +0000] "GET /robots.txt HTTP/1.1" 404 - "-" "Mozilla/5.0 AppleWebKit/537.36 (KHTML, like Gecko; compatible; Amazonbot/0.1; +https://developer.amazon.com/support/amazonbot) Chrome/119.0.6045.214 Safari/537.36"
54.225.98.148 - - [02/Jul/2025:09:39:19 +0000] "GET /ssl/ssl.db.cache HTTP/1.1" 200 189 "-" "Mozilla/5.0 AppleWebKit/537.36 (KHTML, like Gecko; compatible; Amazonbot/0.1; +https://developer.amazon.com/support/amazonbot) Chrome/119.0.6045.214 Safari/537.36"
51.222.253.8 - - [02/Jul/2025:09:39:57 +0000] "GET /tmp/webalizer/usage_202503.html HTTP/1.1" 304 - "-" "Mozilla/5.0 (compatible; AhrefsBot/7.0; +http://ahrefs.com/robot/)"
43.159.143.187 - - [02/Jul/2025:09:44:39 +0000] "GET /tmp/awstats/ HTTP/1.1" 200 56355 "-" "Mozilla/5.0 (iPhone; CPU iPhone OS 13_2_3 like Mac OS X) AppleWebKit/605.1.15 (KHTML, like Gecko) Version/13.0.3 Mobile/15E148 Safari/604.1"
51.222.253.17 - - [02/Jul/2025:09:45:04 +0000] "GET /tmp/analog/1.html HTTP/1.1" 304 - "-" "Mozilla/5.0 (compatible; AhrefsBot/7.0; +http://ahrefs.com/robot/)"
51.222.253.15 - - [02/Jul/2025:09:47:51 +0000] "GET /tmp/analog/ssl/wrightimagegroup.wrightimagegroup.com/4.html HTTP/1.1" 304 - "-" "Mozilla/5.0 (compatible; AhrefsBot/7.0; +http://ahrefs.com/robot/)"
51.222.253.3 - - [02/Jul/2025:09:50:38 +0000] "GET /tmp/analog/10.html HTTP/1.1" 304 - "-" "Mozilla/5.0 (compatible; AhrefsBot/7.0; +http://ahrefs.com/robot/)"
216.244.66.229 - - [02/Jul/2025:09:54:20 +0000] "GET /.cpaddons/?C=D;O=D HTTP/1.1" 200 857 "-" "Mozilla/5.0 (compatible; DotBot/1.2; +https://opensiteexplorer.org/dotbot; help@moz.com)"
124.156.179.141 - - [02/Jul/2025:09:54:26 +0000] "GET /tmp/?C=M;O=A HTTP/1.1" 200 1555 "-" "Mozilla/5.0 (iPhone; CPU iPhone OS 13_2_3 like Mac OS X) AppleWebKit/605.1.15 (KHTML, like Gecko) Version/13.0.3 Mobile/15E148 Safari/604.1"
216.244.66.229 - - [02/Jul/2025:09:55:06 +0000] "GET /tmp/webalizer/usage_202209.html HTTP/1.1" 200 106363 "-" "Mozilla/5.0 (compatible; DotBot/1.2; +https://opensiteexplorer.org/dotbot; help@moz.com)"
51.222.253.10 - - [02/Jul/2025:09:55:34 +0000] "GET /tmp/analog/11.html HTTP/1.1" 304 - "-" "Mozilla/5.0 (compatible; AhrefsBot/7.0; +http://ahrefs.com/robot/)"
95.217.37.214 - - [02/Jul/2025:09:55:43 +0000] "GET /tmp/webalizer/ HTTP/1.0" 200 9923 "-" "Mozilla/5.0 (Windows NT 10.0; Win64; x64) AppleWebKit/537.36 (KHTML, like Gecko) Chrome/118.0.0.0 Safari/537.36"
216.244.66.229 - - [02/Jul/2025:09:55:51 +0000] "GET /access-logs/?C=D%3BO%3DA HTTP/1.1" 200 1704 "-" "Mozilla/5.0 (compatible; DotBot/1.2; +https://opensiteexplorer.org/dotbot; help@moz.com)"
216.244.66.229 - - [02/Jul/2025:09:55:57 +0000] "GET /access-logs/?C=S;O%3DA HTTP/1.1" 200 1704 "-" "Mozilla/5.0 (compatible; DotBot/1.2; +https://opensiteexplorer.org/dotbot; help@moz.com)"
216.244.66.229 - - [02/Jul/2025:09:56:03 +0000] "GET /etc/?C=S;O%3DD HTTP/1.1" 200 1206 "-" "Mozilla/5.0 (compatible; DotBot/1.2; +https://opensiteexplorer.org/dotbot; help@moz.com)"
216.244.66.229 - - [02/Jul/2025:09:56:06 +0000] "GET /public_ftp/?C=N%3BO%3DD HTTP/1.1" 200 857 "-" "Mozilla/5.0 (compatible; DotBot/1.2; +https://opensiteexplorer.org/dotbot; help@moz.com)"
216.244.66.229 - - [02/Jul/2025:09:56:09 +0000] "GET /ssl/?C=M;O%3DA HTTP/1.1" 200 1540 "-" "Mozilla/5.0 (compatible; DotBot/1.2; +https://opensiteexplorer.org/dotbot; help@moz.com)"
216.244.66.229 - - [02/Jul/2025:09:56:21 +0000] "GET /tmp/awstats/ssl/awstats092024.wrightimagegroup.com.txt HTTP/1.1" 200 12327 "-" "Mozilla/5.0 (compatible; DotBot/1.2; +https://opensiteexplorer.org/dotbot; help@moz.com)"
3.231.193.38 - - [02/Jul/2025:09:56:56 +0000] "GET /tmp/webalizer/usage_202507.html HTTP/1.1" 200 78333 "-" "Mozilla/5.0 AppleWebKit/537.36 (KHTML, like Gecko; compatible; Amazonbot/0.1; +https://developer.amazon.com/support/amazonbot) Chrome/119.0.6045.214 Safari/537.36"
3.219.81.66 - - [02/Jul/2025:09:56:59 +0000] "GET /tmp/webalizer/daily_usage_202507.png HTTP/1.1" 200 2470 "-" "Mozilla/5.0 AppleWebKit/537.36 (KHTML, like Gecko; compatible; Amazonbot/0.1; +https://developer.amazon.com/support/amazonbot) Chrome/119.0.6045.214 Safari/537.36"
3.217.171.106 - - [02/Jul/2025:09:57:03 +0000] "GET /tmp/webalizer/ctry_usage_202507.png HTTP/1.1" 200 4075 "-" "Mozilla/5.0 AppleWebKit/537.36 (KHTML, like Gecko; compatible; Amazonbot/0.1; +https://developer.amazon.com/support/amazonbot) Chrome/119.0.6045.214 Safari/537.36"
54.225.181.161 - - [02/Jul/2025:09:57:06 +0000] "GET /tmp/webalizer/hourly_usage_202507.png HTTP/1.1" 200 1812 "-" "Mozilla/5.0 AppleWebKit/537.36 (KHTML, like Gecko; compatible; Amazonbot/0.1; +https://developer.amazon.com/support/amazonbot) Chrome/119.0.6045.214 Safari/537.36"
216.244.66.229 - - [02/Jul/2025:09:57:19 +0000] "GET /ssl/keys/?C=D;O%3DA HTTP/1.1" 200 680 "-" "Mozilla/5.0 (compatible; DotBot/1.2; +https://opensiteexplorer.org/dotbot; help@moz.com)"
216.244.66.229 - - [02/Jul/2025:09:57:31 +0000] "GET /tmp/awstats/ssl/awstats082021.wrightimagegroup.wrightimagegroup.com.txt HTTP/1.1" 200 21080 "-" "Mozilla/5.0 (compatible; DotBot/1.2; +https://opensiteexplorer.org/dotbot; help@moz.com)"
216.244.66.229 - - [02/Jul/2025:09:58:05 +0000] "GET /triumphofflight.com/cgi-bin/?C=S%3BO%3DA HTTP/1.1" 200 734 "-" "Mozilla/5.0 (compatible; DotBot/1.2; +https://opensiteexplorer.org/dotbot; help@moz.com)"
66.249.73.98 - - [02/Jul/2025:09:58:43 +0000] "GET /robots.txt HTTP/1.1" 404 - "-" "Mozilla/5.0 (compatible; Googlebot/2.1; +http://www.google.com/bot.html)"
66.249.73.98 - - [02/Jul/2025:09:58:43 +0000] "GET /tmp/analog/failref.png HTTP/1.1" 200 2782 "-" "Googlebot-Image/1.0"
51.222.253.2 - - [02/Jul/2025:10:00:59 +0000] "GET /tmp/analog/12.html HTTP/1.1" 304 - "-" "Mozilla/5.0 (compatible; AhrefsBot/7.0; +http://ahrefs.com/robot/)"
216.244.66.229 - - [02/Jul/2025:10:01:59 +0000] "GET /?%27%20print%289347655345-4954366%29%20%27 HTTP/1.1" 200 2795 "-" "Mozilla/5.0 (compatible; DotBot/1.2; +https://opensiteexplorer.org/dotbot; help@moz.com)"
51.222.253.14 - - [02/Jul/2025:10:03:19 +0000] "GET /tmp/webalizer/usage_202504.html HTTP/1.1" 304 - "-" "Mozilla/5.0 (compatible; AhrefsBot/7.0; +http://ahrefs.com/robot/)"
43.153.102.138 - - [02/Jul/2025:10:04:08 +0000] "GET /tmp/webalizerftp/ HTTP/1.1" 200 695 "-" "Mozilla/5.0 (iPhone; CPU iPhone OS 13_2_3 like Mac OS X) AppleWebKit/605.1.15 (KHTML, like Gecko) Version/13.0.3 Mobile/15E148 Safari/604.1"
51.222.253.9 - - [02/Jul/2025:10:05:54 +0000] "GET /tmp/analog/2.html HTTP/1.1" 304 - "-" "Mozilla/5.0 (compatible; AhrefsBot/7.0; +http://ahrefs.com/robot/)"
44.205.180.155 - - [02/Jul/2025:10:06:13 +0000] "GET /?C=S;O%3DA HTTP/1.1" 200 2795 "-" "Mozilla/5.0 AppleWebKit/537.36 (KHTML, like Gecko; compatible; Amazonbot/0.1; +https://developer.amazon.com/support/amazonbot) Chrome/119.0.6045.214 Safari/537.36"
98.83.10.183 - - [02/Jul/2025:10:06:16 +0000] "GET /?C=D;O%3DD HTTP/1.1" 200 2799 "-" "Mozilla/5.0 AppleWebKit/537.36 (KHTML, like Gecko; compatible; Amazonbot/0.1; +https://developer.amazon.com/support/amazonbot) Chrome/119.0.6045.214 Safari/537.36"
51.222.253.20 - - [02/Jul/2025:10:11:13 +0000] "GET /tmp/analog/3.html HTTP/1.1" 304 - "-" "Mozilla/5.0 (compatible; AhrefsBot/7.0; +http://ahrefs.com/robot/)"
85.208.96.203 - - [02/Jul/2025:10:13:35 +0000] "GET /robots.txt HTTP/1.1" 404 - "-" "Mozilla/5.0 (compatible; SemrushBot/7~bl; +http://www.semrush.com/bot.html)"
85.208.96.202 - - [02/Jul/2025:10:13:35 +0000] "GET /tmp/webalizer/usage_202306.html HTTP/1.1" 200 105570 "-" "Mozilla/5.0 (compatible; SemrushBot/7~bl; +http://www.semrush.com/bot.html)"
101.32.15.141 - - [02/Jul/2025:10:15:01 +0000] "GET /tmp/?C=S;O=A HTTP/1.1" 200 1555 "-" "Mozilla/5.0 (iPhone; CPU iPhone OS 13_2_3 like Mac OS X) AppleWebKit/605.1.15 (KHTML, like Gecko) Version/13.0.3 Mobile/15E148 Safari/604.1"
216.73.216.66 - - [02/Jul/2025:10:15:23 +0000] "GET /robots.txt HTTP/1.1" 404 - "-" "Mozilla/5.0 AppleWebKit/537.36 (KHTML, like Gecko; compatible; ClaudeBot/1.0; +claudebot@anthropic.com)"
216.73.216.66 - - [02/Jul/2025:10:15:23 +0000] "GET /tmp/webalizer/ctry_usage_202412.png HTTP/1.1" 200 3712 "-" "Mozilla/5.0 AppleWebKit/537.36 (KHTML, like Gecko; compatible; ClaudeBot/1.0; +claudebot@anthropic.com)"
51.222.253.20 - - [02/Jul/2025:10:16:14 +0000] "GET /tmp/analog/4.html HTTP/1.1" 304 - "-" "Mozilla/5.0 (compatible; AhrefsBot/7.0; +http://ahrefs.com/robot/)"
51.222.253.18 - - [02/Jul/2025:10:17:54 +0000] "GET /tmp/analog/ssl/wrightimagegroup.com/4.html HTTP/1.1" 304 - "-" "Mozilla/5.0 (compatible; AhrefsBot/7.0; +http://ahrefs.com/robot/)"
216.244.66.229 - - [02/Jul/2025:10:19:53 +0000] "GET /robots.txt HTTP/1.1" 404 - "-" "Mozilla/5.0 (compatible; DotBot/1.2; +https://opensiteexplorer.org/dotbot; help@moz.com)"
216.244.66.229 - - [02/Jul/2025:10:19:53 +0000] "GET /robots.txt HTTP/1.1" 404 - "-" "Mozilla/5.0 (compatible; DotBot/1.2; +https://opensiteexplorer.org/dotbot; help@moz.com)"
51.222.253.20 - - [02/Jul/2025:10:21:44 +0000] "GET /tmp/analog/5.html HTTP/1.1" 304 - "-" "Mozilla/5.0 (compatible; AhrefsBot/7.0; +http://ahrefs.com/robot/)"
216.73.216.66 - - [02/Jul/2025:10:23:15 +0000] "GET /tmp/webalizer/daily_usage_202502.png HTTP/1.1" 200 3796 "-" "Mozilla/5.0 AppleWebKit/537.36 (KHTML, like Gecko; compatible; ClaudeBot/1.0; +claudebot@anthropic.com)"
124.156.226.179 - - [02/Jul/2025:10:24:38 +0000] "GET /tmp/webalizer/ HTTP/1.1" 200 9923 "-" "Mozilla/5.0 (iPhone; CPU iPhone OS 13_2_3 like Mac OS X) AppleWebKit/605.1.15 (KHTML, like Gecko) Version/13.0.3 Mobile/15E148 Safari/604.1"
51.222.253.16 - - [02/Jul/2025:10:27:11 +0000] "GET /tmp/analog/6.html HTTP/1.1" 304 - "-" "Mozilla/5.0 (compatible; AhrefsBot/7.0; +http://ahrefs.com/robot/)"
216.73.216.66 - - [02/Jul/2025:10:27:40 +0000] "GET /ssl/certs/?C=S&O=D HTTP/1.1" 200 677 "-" "Mozilla/5.0 AppleWebKit/537.36 (KHTML, like Gecko; compatible; ClaudeBot/1.0; +claudebot@anthropic.com)"
216.73.216.66 - - [02/Jul/2025:10:28:40 +0000] "GET /tmp/awstats/ssl/awstats122024.wrightimagegroup.wrightimagegroup.com.txt HTTP/1.1" 200 81699 "-" "Mozilla/5.0 AppleWebKit/537.36 (KHTML, like Gecko; compatible; ClaudeBot/1.0; +claudebot@anthropic.com)"
216.244.66.229 - - [02/Jul/2025:10:29:27 +0000] "GET /mail/maildirsize HTTP/1.1" 200 16 "-" "Mozilla/5.0 (compatible; DotBot/1.2; +https://opensiteexplorer.org/dotbot; help@moz.com)"
66.249.74.129 - - [02/Jul/2025:10:29:43 +0000] "GET /images/analogo.png HTTP/1.1" 404 - "-" "Googlebot-Image/1.0"
51.222.253.18 - - [02/Jul/2025:10:32:24 +0000] "GET /tmp/analog/7.html HTTP/1.1" 304 - "-" "Mozilla/5.0 (compatible; AhrefsBot/7.0; +http://ahrefs.com/robot/)"
43.153.104.196 - - [02/Jul/2025:10:34:45 +0000] "GET /tmp/?C=N;O=A HTTP/1.1" 200 1555 "-" "Mozilla/5.0 (iPhone; CPU iPhone OS 13_2_3 like Mac OS X) AppleWebKit/605.1.15 (KHTML, like Gecko) Version/13.0.3 Mobile/15E148 Safari/604.1"
51.222.253.15 - - [02/Jul/2025:10:37:31 +0000] "GET /tmp/analog/8.html HTTP/1.1" 304 - "-" "Mozilla/5.0 (compatible; AhrefsBot/7.0; +http://ahrefs.com/robot/)"
34.224.9.144 - - [02/Jul/2025:10:39:11 +0000] "GET /?C=N;O%3DA HTTP/1.1" 200 2799 "-" "Mozilla/5.0 AppleWebKit/537.36 (KHTML, like Gecko; compatible; Amazonbot/0.1; +https://developer.amazon.com/support/amazonbot) Chrome/119.0.6045.214 Safari/537.36"
216.244.66.229 - - [02/Jul/2025:10:39:50 +0000] "GET /ssl/keys/?C=D;O=D HTTP/1.1" 200 675 "-" "Mozilla/5.0 (compatible; DotBot/1.2; +https://opensiteexplorer.org/dotbot; help@moz.com)"
216.244.66.229 - - [02/Jul/2025:10:40:29 +0000] "GET /.cpaddons/moderation/?C=D;O=D HTTP/1.1" 200 705 "-" "Mozilla/5.0 (compatible; DotBot/1.2; +https://opensiteexplorer.org/dotbot; help@moz.com)"
216.244.66.229 - - [02/Jul/2025:10:40:34 +0000] "GET /tmp/awstats/ssl/awstats092023.wrightimagegroup.com.txt HTTP/1.1" 200 18492 "-" "Mozilla/5.0 (compatible; DotBot/1.2; +https://opensiteexplorer.org/dotbot; help@moz.com)"
216.244.66.229 - - [02/Jul/2025:10:41:00 +0000] "GET /.cpaddons/moderation/?C=N;O%3DA HTTP/1.1" 200 710 "-" "Mozilla/5.0 (compatible; DotBot/1.2; +https://opensiteexplorer.org/dotbot; help@moz.com)"
216.244.66.229 - - [02/Jul/2025:10:41:02 +0000] "GET /mail/tmp/?C=N%3BO%3DD HTTP/1.1" 200 681 "-" "Mozilla/5.0 (compatible; DotBot/1.2; +https://opensiteexplorer.org/dotbot; help@moz.com)"
216.244.66.229 - - [02/Jul/2025:10:41:04 +0000] "GET /triumphofflight.com/cgi-bin/?C=S;O%3DA HTTP/1.1" 200 734 "-" "Mozilla/5.0 (compatible; DotBot/1.2; +https://opensiteexplorer.org/dotbot; help@moz.com)"
54.84.147.79 - - [02/Jul/2025:10:41:19 +0000] "GET /mail/tmp/ HTTP/1.1" 200 680 "-" "Mozilla/5.0 AppleWebKit/537.36 (KHTML, like Gecko; compatible; Amazonbot/0.1; +https://developer.amazon.com/support/amazonbot) Chrome/119.0.6045.214 Safari/537.36"
44.223.116.180 - - [02/Jul/2025:10:41:24 +0000] "GET /tof/cgi-bin/ HTTP/1.1" 200 685 "-" "Mozilla/5.0 AppleWebKit/537.36 (KHTML, like Gecko; compatible; Amazonbot/0.1; +https://developer.amazon.com/support/amazonbot) Chrome/119.0.6045.214 Safari/537.36"
216.244.66.229 - - [02/Jul/2025:10:42:32 +0000] "GET /tmp/awstats/ssl/?C=D;O=D HTTP/1.1" 200 29832 "-" "Mozilla/5.0 (compatible; DotBot/1.2; +https://opensiteexplorer.org/dotbot; help@moz.com)"
51.222.253.16 - - [02/Jul/2025:10:42:44 +0000] "GET /tmp/analog/9.html HTTP/1.1" 304 - "-" "Mozilla/5.0 (compatible; AhrefsBot/7.0; +http://ahrefs.com/robot/)"
43.133.253.253 - - [02/Jul/2025:10:44:17 +0000] "GET /tmp/awstats/?C=N;O=D HTTP/1.1" 200 56355 "-" "Mozilla/5.0 (iPhone; CPU iPhone OS 13_2_3 like Mac OS X) AppleWebKit/605.1.15 (KHTML, like Gecko) Version/13.0.3 Mobile/15E148 Safari/604.1"
216.244.66.229 - - [02/Jul/2025:10:47:08 +0000] "GET /?%3E%27 HTTP/1.1" 200 2800 "-" "Mozilla/5.0 (compatible; DotBot/1.2; +https://opensiteexplorer.org/dotbot; help@moz.com)"
216.244.66.229 - - [02/Jul/2025:10:47:45 +0000] "GET /?C=D%3BO%3DA HTTP/1.1" 200 2800 "-" "Mozilla/5.0 (compatible; DotBot/1.2; +https://opensiteexplorer.org/dotbot; help@moz.com)"
51.222.253.10 - - [02/Jul/2025:10:47:49 +0000] "GET /tmp/webalizer/usage_202411.html HTTP/1.1" 304 - "-" "Mozilla/5.0 (compatible; AhrefsBot/7.0; +http://ahrefs.com/robot/)"
216.244.66.229 - - [02/Jul/2025:10:48:28 +0000] "GET /?35.246.249.182 HTTP/1.1" 200 2800 "-" "Mozilla/5.0 (compatible; DotBot/1.2; +https://opensiteexplorer.org/dotbot; help@moz.com)"
216.73.216.66 - - [02/Jul/2025:10:51:50 +0000] "GET /tmp/webalizer/daily_usage_202412.png HTTP/1.1" 200 3787 "-" "Mozilla/5.0 AppleWebKit/537.36 (KHTML, like Gecko; compatible; ClaudeBot/1.0; +claudebot@anthropic.com)"
43.153.10.13 - - [02/Jul/2025:10:53:09 +0000] "GET /tmp/?C=M;O=D HTTP/1.1" 200 1555 "-" "Mozilla/5.0 (iPhone; CPU iPhone OS 13_2_3 like Mac OS X) AppleWebKit/605.1.15 (KHTML, like Gecko) Version/13.0.3 Mobile/15E148 Safari/604.1"
51.222.253.8 - - [02/Jul/2025:10:53:17 +0000] "GET /tmp/webalizer/usage_202407.html HTTP/1.1" 304 - "-" "Mozilla/5.0 (compatible; AhrefsBot/7.0; +http://ahrefs.com/robot/)"
51.222.253.1 - - [02/Jul/2025:10:58:46 +0000] "GET /tmp/webalizer/usage_202408.html HTTP/1.1" 304 - "-" "Mozilla/5.0 (compatible; AhrefsBot/7.0; +http://ahrefs.com/robot/)"
51.222.253.5 - - [02/Jul/2025:11:01:38 +0000] "GET /tmp/analog/10.html HTTP/1.1" 304 - "-" "Mozilla/5.0 (compatible; AhrefsBot/7.0; +http://ahrefs.com/robot/)"
216.73.216.66 - - [02/Jul/2025:11:02:09 +0000] "GET /tmp/webalizer/daily_usage_202506.png HTTP/1.1" 200 3670 "-" "Mozilla/5.0 AppleWebKit/537.36 (KHTML, like Gecko; compatible; ClaudeBot/1.0; +claudebot@anthropic.com)"
43.152.72.247 - - [02/Jul/2025:11:03:43 +0000] "GET /tmp/webalizerftp/?C=M;O=A HTTP/1.1" 200 695 "-" "Mozilla/5.0 (iPhone; CPU iPhone OS 13_2_3 like Mac OS X) AppleWebKit/605.1.15 (KHTML, like Gecko) Version/13.0.3 Mobile/15E148 Safari/604.1"
51.222.253.11 - - [02/Jul/2025:11:04:19 +0000] "GET /tmp/webalizer/usage_202409.html HTTP/1.1" 304 - "-" "Mozilla/5.0 (compatible; AhrefsBot/7.0; +http://ahrefs.com/robot/)"
216.73.216.66 - - [02/Jul/2025:11:06:18 +0000] "GET /tmp/awstats/ssl/awstats072025.wrightimagegroup.wrightimagegroup.com.txt HTTP/1.1" 200 9652 "-" "Mozilla/5.0 AppleWebKit/537.36 (KHTML, like Gecko; compatible; ClaudeBot/1.0; +claudebot@anthropic.com)"
216.73.216.66 - - [02/Jul/2025:11:06:45 +0000] "GET /tmp/awstats/ssl/awstats022025.wrightimagegroup.com.txt HTTP/1.1" 200 10790 "-" "Mozilla/5.0 AppleWebKit/537.36 (KHTML, like Gecko; compatible; ClaudeBot/1.0; +claudebot@anthropic.com)"
216.244.66.229 - - [02/Jul/2025:11:06:49 +0000] "GET /robots.txt HTTP/1.1" 404 - "-" "Mozilla/5.0 (compatible; DotBot/1.2; +https://opensiteexplorer.org/dotbot; help@moz.com)"
216.244.66.229 - - [02/Jul/2025:11:06:50 +0000] "GET /robots.txt HTTP/1.1" 404 - "-" "Mozilla/5.0 (compatible; DotBot/1.2; +https://opensiteexplorer.org/dotbot; help@moz.com)"
206.168.34.87 - - [02/Jul/2025:11:07:58 +0000] "GET / HTTP/1.1" 200 2800 "-" "Mozilla/5.0 (compatible; CensysInspect/1.1; +https://about.censys.io/)"
206.168.34.87 - - [02/Jul/2025:11:08:36 +0000] "GET / HTTP/1.1" 200 2800 "-" "Mozilla/5.0 (compatible; CensysInspect/1.1; +https://about.censys.io/)"
206.168.34.87 - - [02/Jul/2025:11:08:39 +0000] "GET /etc HTTP/1.1" 301 320 "-" "Mozilla/5.0 (compatible; CensysInspect/1.1; +https://about.censys.io/)"
206.168.34.87 - - [02/Jul/2025:11:08:39 +0000] "GET /etc/ HTTP/1.1" 200 1206 "http://mail.wrightimagegroup.org:80/etc" "Mozilla/5.0 (compatible; CensysInspect/1.1; +https://about.censys.io/)"
206.168.34.87 - - [02/Jul/2025:11:08:39 +0000] "GET /etc/wrightimagegroup.com HTTP/1.1" 301 341 "-" "Mozilla/5.0 (compatible; CensysInspect/1.1; +https://about.censys.io/)"
206.168.34.87 - - [02/Jul/2025:11:08:39 +0000] "GET /etc/wrightimagegroup.com/ HTTP/1.1" 200 712 "http://mail.wrightimagegroup.org:80/etc/wrightimagegroup.com" "Mozilla/5.0 (compatible; CensysInspect/1.1; +https://about.censys.io/)"
206.168.34.87 - - [02/Jul/2025:11:08:39 +0000] "GET /cache HTTP/1.1" 301 322 "-" "Mozilla/5.0 (compatible; CensysInspect/1.1; +https://about.censys.io/)"
206.168.34.87 - - [02/Jul/2025:11:08:39 +0000] "GET /cache/ HTTP/1.1" 200 3987 "http://mail.wrightimagegroup.org:80/cache" "Mozilla/5.0 (compatible; CensysInspect/1.1; +https://about.censys.io/)"
206.168.34.87 - - [02/Jul/2025:11:08:40 +0000] "GET /public_ftp HTTP/1.1" 301 327 "-" "Mozilla/5.0 (compatible; CensysInspect/1.1; +https://about.censys.io/)"
206.168.34.87 - - [02/Jul/2025:11:08:40 +0000] "GET /public_ftp/ HTTP/1.1" 200 857 "http://mail.wrightimagegroup.org:80/public_ftp" "Mozilla/5.0 (compatible; CensysInspect/1.1; +https://about.censys.io/)"
206.168.34.87 - - [02/Jul/2025:11:08:40 +0000] "GET /public_ftp/incoming HTTP/1.1" 301 336 "-" "Mozilla/5.0 (compatible; CensysInspect/1.1; +https://about.censys.io/)"
206.168.34.87 - - [02/Jul/2025:11:08:40 +0000] "GET /public_ftp/incoming/ HTTP/1.1" 200 709 "http://mail.wrightimagegroup.org:80/public_ftp/incoming" "Mozilla/5.0 (compatible; CensysInspect/1.1; +https://about.censys.io/)"
206.168.34.87 - - [02/Jul/2025:11:08:40 +0000] "GET /tmp HTTP/1.1" 301 320 "-" "Mozilla/5.0 (compatible; CensysInspect/1.1; +https://about.censys.io/)"
206.168.34.87 - - [02/Jul/2025:11:08:40 +0000] "GET /tmp/ HTTP/1.1" 200 1556 "http://mail.wrightimagegroup.org:80/tmp" "Mozilla/5.0 (compatible; CensysInspect/1.1; +https://about.censys.io/)"
206.168.34.87 - - [02/Jul/2025:11:08:41 +0000] "GET /tmp/analog HTTP/1.1" 301 327 "-" "Mozilla/5.0 (compatible; CensysInspect/1.1; +https://about.censys.io/)"
206.168.34.87 - - [02/Jul/2025:11:08:41 +0000] "GET /tmp/analog/ HTTP/1.1" 200 5841 "http://mail.wrightimagegroup.org:80/tmp/analog" "Mozilla/5.0 (compatible; CensysInspect/1.1; +https://about.censys.io/)"
206.168.34.87 - - [02/Jul/2025:11:08:41 +0000] "GET /tmp/webalizer HTTP/1.1" 301 330 "-" "Mozilla/5.0 (compatible; CensysInspect/1.1; +https://about.censys.io/)"
206.168.34.87 - - [02/Jul/2025:11:08:41 +0000] "GET /tmp/webalizer/ HTTP/1.1" 200 9923 "http://mail.wrightimagegroup.org:80/tmp/webalizer" "Mozilla/5.0 (compatible; CensysInspect/1.1; +https://about.censys.io/)"
206.168.34.87 - - [02/Jul/2025:11:09:12 +0000] "GET /favicon.ico HTTP/1.1" 404 - "-" "Mozilla/5.0 (compatible; CensysInspect/1.1; +https://about.censys.io/)"
206.168.34.87 - - [02/Jul/2025:11:09:24 +0000] "GET /security.txt HTTP/1.1" 404 - "-" "Mozilla/5.0 (compatible; CensysInspect/1.1; +https://about.censys.io/)"
43.152.72.244 - - [02/Jul/2025:11:14:38 +0000] "GET /tmp/cpbandwidth/ HTTP/1.1" 200 894 "-" "Mozilla/5.0 (iPhone; CPU iPhone OS 13_2_3 like Mac OS X) AppleWebKit/605.1.15 (KHTML, like Gecko) Version/13.0.3 Mobile/15E148 Safari/604.1"
51.222.253.3 - - [02/Jul/2025:11:14:45 +0000] "GET /logs/?C=N;O=A HTTP/1.1" 200 3296 "-" "Mozilla/5.0 (compatible; AhrefsBot/7.0; +http://ahrefs.com/robot/)"
51.222.253.15 - - [02/Jul/2025:11:16:42 +0000] "GET /tmp/analog/11.html HTTP/1.1" 304 - "-" "Mozilla/5.0 (compatible; AhrefsBot/7.0; +http://ahrefs.com/robot/)"
43.130.71.237 - - [02/Jul/2025:11:17:44 +0000] "GET / HTTP/1.1" 200 2812 "-" "Mozilla/5.0 (iPhone; CPU iPhone OS 13_2_3 like Mac OS X) AppleWebKit/605.1.15 (KHTML, like Gecko) Version/13.0.3 Mobile/15E148 Safari/604.1"
51.222.253.20 - - [02/Jul/2025:11:20:17 +0000] "GET /tmp/webalizer/usage_202406.html HTTP/1.1" 304 - "-" "Mozilla/5.0 (compatible; AhrefsBot/7.0; +http://ahrefs.com/robot/)"
216.244.66.229 - - [02/Jul/2025:11:21:37 +0000] "GET /tmp/awstats/awstats032024.wrightimagegroup.wrightimagegroup.com.txt HTTP/1.1" 200 121595 "-" "Mozilla/5.0 (compatible; DotBot/1.2; +https://opensiteexplorer.org/dotbot; help@moz.com)"
216.244.66.229 - - [02/Jul/2025:11:24:46 +0000] "GET /.cpaddons/?C=M;O%3DA HTTP/1.1" 200 857 "-" "Mozilla/5.0 (compatible; DotBot/1.2; +https://opensiteexplorer.org/dotbot; help@moz.com)"
216.244.66.229 - - [02/Jul/2025:11:24:50 +0000] "GET /.cpaddons/?C=S;O%3DD HTTP/1.1" 200 857 "-" "Mozilla/5.0 (compatible; DotBot/1.2; +https://opensiteexplorer.org/dotbot; help@moz.com)"
216.244.66.229 - - [02/Jul/2025:11:24:54 +0000] "GET /etc/?C=S;O%3DA HTTP/1.1" 200 1206 "-" "Mozilla/5.0 (compatible; DotBot/1.2; +https://opensiteexplorer.org/dotbot; help@moz.com)"
216.244.66.229 - - [02/Jul/2025:11:24:57 +0000] "GET /tof/?C=D%3BO%3DA HTTP/1.1" 200 842 "-" "Mozilla/5.0 (compatible; DotBot/1.2; +https://opensiteexplorer.org/dotbot; help@moz.com)"
51.222.253.18 - - [02/Jul/2025:11:25:36 +0000] "GET /tmp/?C=D;O=A HTTP/1.1" 200 1568 "-" "Mozilla/5.0 (compatible; AhrefsBot/7.0; +http://ahrefs.com/robot/)"
216.73.216.66 - - [02/Jul/2025:11:26:18 +0000] "GET /robots.txt HTTP/1.1" 404 - "-" "Mozilla/5.0 AppleWebKit/537.36 (KHTML, like Gecko; compatible; ClaudeBot/1.0; +claudebot@anthropic.com)"
216.73.216.66 - - [02/Jul/2025:11:26:20 +0000] "GET /tmp/awstats/ssl/awstats052025.wrightimagegroup.com.txt HTTP/1.1" 200 19771 "-" "Mozilla/5.0 AppleWebKit/537.36 (KHTML, like Gecko; compatible; ClaudeBot/1.0; +claudebot@anthropic.com)"
216.244.66.229 - - [02/Jul/2025:11:26:44 +0000] "GET /?locale=sl HTTP/1.1" 200 2800 "-" "Mozilla/5.0 (compatible; DotBot/1.2; +https://opensiteexplorer.org/dotbot; help@moz.com)"
216.73.216.66 - - [02/Jul/2025:11:28:21 +0000] "GET /tmp/webalizer/hourly_usage_202506.png HTTP/1.1" 200 1955 "-" "Mozilla/5.0 AppleWebKit/537.36 (KHTML, like Gecko; compatible; ClaudeBot/1.0; +claudebot@anthropic.com)"
216.244.66.229 - - [02/Jul/2025:11:28:44 +0000] "GET /tmp/analog/wrightimagegroup.wrightimagegroup.com/?C=S;O%3DA HTTP/1.1" 200 5152 "-" "Mozilla/5.0 (compatible; DotBot/1.2; +https://opensiteexplorer.org/dotbot; help@moz.com)"
51.222.253.17 - - [02/Jul/2025:11:31:00 +0000] "GET /tmp/?C=M;O=A HTTP/1.1" 200 1568 "-" "Mozilla/5.0 (compatible; AhrefsBot/7.0; +http://ahrefs.com/robot/)"
216.73.216.66 - - [02/Jul/2025:11:31:08 +0000] "GET /tmp/awstats/ssl/awstats032025.wrightimagegroup.com.txt HTTP/1.1" 200 11556 "-" "Mozilla/5.0 AppleWebKit/537.36 (KHTML, like Gecko; compatible; ClaudeBot/1.0; +claudebot@anthropic.com)"
216.244.66.229 - - [02/Jul/2025:11:31:19 +0000] "GET /?of=1 HTTP/1.1" 200 2800 "-" "Mozilla/5.0 (compatible; DotBot/1.2; +https://opensiteexplorer.org/dotbot; help@moz.com)"
51.222.253.6 - - [02/Jul/2025:11:32:11 +0000] "GET /tmp/analog/1.html HTTP/1.1" 304 - "-" "Mozilla/5.0 (compatible; AhrefsBot/7.0; +http://ahrefs.com/robot/)"
216.244.66.229 - - [02/Jul/2025:11:32:39 +0000] "GET /?C=M%3BO%3DA HTTP/1.1" 200 2800 "-" "Mozilla/5.0 (compatible; DotBot/1.2; +https://opensiteexplorer.org/dotbot; help@moz.com)"
199.45.155.64 - - [02/Jul/2025:11:36:12 +0000] "GET / HTTP/1.1" 200 2800 "-" "Mozilla/5.0 (compatible; CensysInspect/1.1; +https://about.censys.io/)"
199.45.155.64 - - [02/Jul/2025:11:36:14 +0000] "GET /favicon.ico HTTP/1.1" 404 - "-" "Mozilla/5.0 (compatible; CensysInspect/1.1; +https://about.censys.io/)"
199.45.155.64 - - [02/Jul/2025:11:36:21 +0000] "GET / HTTP/1.1" 200 2800 "-" "Mozilla/5.0 (compatible; CensysInspect/1.1; +https://about.censys.io/)"
