216.73.216.163 - - [01/Jul/2025:22:07:46 +0000] "GET /ssl/keys/?C=S&O=A HTTP/1.1" 200 675 "-" "Mozilla/5.0 AppleWebKit/537.36 (KHTML, like Gecko; compatible; ClaudeBot/1.0; +claudebot@anthropic.com)"
114.119.138.179 - - [01/Jul/2025:22:08:47 +0000] "GET /tmp/awstats/ssl/awstats102023.wrightimagegroup.wrightimagegroup.com.txt HTTP/1.1" 200 69670 "http://wrightimagegroup.org/tmp/awstats/ssl/?C=M%3BO%3DA" "Mozilla/5.0 (Linux; Android 7.0;) AppleWebKit/537.36 (KHTML, like Gecko) Mobile Safari/537.36 (compatible; PetalBot;+https://webmaster.petalsearch.com/site/petalbot)"
114.119.149.89 - - [01/Jul/2025:22:10:08 +0000] "GET /tmp/awstats/awstats032023.wrightimagegroup.wrightimagegroup.com.txt HTTP/1.1" 200 155026 "http://www.wrightimagegroup.org/tmp/awstats/?C=S%3BO%3DD" "Mozilla/5.0 (Linux; Android 7.0;) AppleWebKit/537.36 (KHTML, like Gecko) Mobile Safari/537.36 (compatible; PetalBot;+https://webmaster.petalsearch.com/site/petalbot)"
51.222.253.20 - - [01/Jul/2025:22:11:01 +0000] "GET /tmp/analog/11.html HTTP/1.1" 304 - "-" "Mozilla/5.0 (compatible; AhrefsBot/7.0; +http://ahrefs.com/robot/)"
43.133.14.237 - - [01/Jul/2025:22:12:12 +0000] "GET /access-logs/?C=M;O=A HTTP/1.1" 200 1699 "-" "Mozilla/5.0 (iPhone; CPU iPhone OS 13_2_3 like Mac OS X) AppleWebKit/605.1.15 (KHTML, like Gecko) Version/13.0.3 Mobile/15E148 Safari/604.1"
216.73.216.163 - - [01/Jul/2025:22:12:51 +0000] "GET /tmp/cpbandwidth/?C=N&O=D HTTP/1.1" 200 890 "-" "Mozilla/5.0 AppleWebKit/537.36 (KHTML, like Gecko; compatible; ClaudeBot/1.0; +claudebot@anthropic.com)"
216.73.216.163 - - [01/Jul/2025:22:14:20 +0000] "GET /logs/wrightimagegroup.com-ssl_log-Jul-2025.gz HTTP/1.1" 200 1270 "-" "Mozilla/5.0 AppleWebKit/537.36 (KHTML, like Gecko; compatible; ClaudeBot/1.0; +claudebot@anthropic.com)"
216.73.216.163 - - [01/Jul/2025:22:20:54 +0000] "GET /tmp/webalizer/usage_202506.html HTTP/1.1" 200 112308 "-" "Mozilla/5.0 AppleWebKit/537.36 (KHTML, like Gecko; compatible; ClaudeBot/1.0; +claudebot@anthropic.com)"
43.135.182.43 - - [01/Jul/2025:22:23:19 +0000] "GET /access-logs/wrightimagegroup.wrightimagegroup.com HTTP/1.1" 200 112610 "-" "Mozilla/5.0 (iPhone; CPU iPhone OS 13_2_3 like Mac OS X) AppleWebKit/605.1.15 (KHTML, like Gecko) Version/13.0.3 Mobile/15E148 Safari/604.1"
114.119.138.179 - - [01/Jul/2025:22:24:00 +0000] "GET /tmp/awstats/ssl/awstats052022.wrightimagegroup.wrightimagegroup.com.txt HTTP/1.1" 200 36351 "http://wrightimagegroup.org/tmp/awstats/ssl/?C=M%3BO%3DA" "Mozilla/5.0 (Linux; Android 7.0;) AppleWebKit/537.36 (KHTML, like Gecko) Mobile Safari/537.36 (compatible; PetalBot;+https://webmaster.petalsearch.com/site/petalbot)"
216.244.66.229 - - [01/Jul/2025:22:27:33 +0000] "GET /www/triumphofflight.org/?C=S;O=D HTTP/1.1" 200 885 "-" "Mozilla/5.0 (compatible; DotBot/1.2; +https://opensiteexplorer.org/dotbot; help@moz.com)"
216.244.66.229 - - [01/Jul/2025:22:28:18 +0000] "GET /mail/?C=N;O%3DD HTTP/1.1" 200 2864 "-" "Mozilla/5.0 (compatible; DotBot/1.2; +https://opensiteexplorer.org/dotbot; help@moz.com)"
216.73.216.163 - - [01/Jul/2025:22:28:57 +0000] "GET /ssl/certs/?C=S&O=A HTTP/1.1" 200 677 "-" "Mozilla/5.0 AppleWebKit/537.36 (KHTML, like Gecko; compatible; ClaudeBot/1.0; +claudebot@anthropic.com)"
216.73.216.163 - - [01/Jul/2025:22:28:58 +0000] "GET /tmp/analog/7.html HTTP/1.1" 200 50222 "-" "Mozilla/5.0 AppleWebKit/537.36 (KHTML, like Gecko; compatible; ClaudeBot/1.0; +claudebot@anthropic.com)"
51.222.253.1 - - [01/Jul/2025:22:30:28 +0000] "GET /tmp/analog/1.html HTTP/1.1" 304 - "-" "Mozilla/5.0 (compatible; AhrefsBot/7.0; +http://ahrefs.com/robot/)"
216.244.66.229 - - [01/Jul/2025:22:31:50 +0000] "GET /tmp/awstats/?C=D;O%3DD HTTP/1.1" 200 56356 "-" "Mozilla/5.0 (compatible; DotBot/1.2; +https://opensiteexplorer.org/dotbot; help@moz.com)"
216.244.66.229 - - [01/Jul/2025:22:31:53 +0000] "GET /tmp/awstats/?C=N;O%3DA HTTP/1.1" 200 56356 "-" "Mozilla/5.0 (compatible; DotBot/1.2; +https://opensiteexplorer.org/dotbot; help@moz.com)"
216.244.66.229 - - [01/Jul/2025:22:31:56 +0000] "GET /www/triumphofflight.org/?C=D;O%3DD HTTP/1.1" 200 886 "-" "Mozilla/5.0 (compatible; DotBot/1.2; +https://opensiteexplorer.org/dotbot; help@moz.com)"
170.106.180.153 - - [01/Jul/2025:22:33:13 +0000] "GET /access-logs/wrightimagegroup.wrightimagegroup.com-ssl_log HTTP/1.1" 200 17992 "-" "Mozilla/5.0 (iPhone; CPU iPhone OS 13_2_3 like Mac OS X) AppleWebKit/605.1.15 (KHTML, like Gecko) Version/13.0.3 Mobile/15E148 Safari/604.1"
216.73.216.163 - - [01/Jul/2025:22:33:44 +0000] "GET /tmp/cpbandwidth/?C=M&O=A HTTP/1.1" 200 890 "-" "Mozilla/5.0 AppleWebKit/537.36 (KHTML, like Gecko; compatible; ClaudeBot/1.0; +claudebot@anthropic.com)"
216.73.216.163 - - [01/Jul/2025:22:33:44 +0000] "GET /tmp/analog/?C=S&O=A HTTP/1.1" 200 5836 "-" "Mozilla/5.0 AppleWebKit/537.36 (KHTML, like Gecko; compatible; ClaudeBot/1.0; +claudebot@anthropic.com)"
51.222.253.15 - - [01/Jul/2025:22:34:11 +0000] "GET /cache/?C=D;O=A HTTP/1.1" 200 3999 "-" "Mozilla/5.0 (compatible; AhrefsBot/7.0; +http://ahrefs.com/robot/)"
216.73.216.163 - - [01/Jul/2025:22:36:10 +0000] "GET /tmp/webalizerftp/?C=N&O=D HTTP/1.1" 200 691 "-" "Mozilla/5.0 AppleWebKit/537.36 (KHTML, like Gecko; compatible; ClaudeBot/1.0; +claudebot@anthropic.com)"
216.73.216.163 - - [01/Jul/2025:22:37:06 +0000] "GET /tmp/awstats/awstats072025.wrightimagegroup.com.txt HTTP/1.1" 200 6196 "-" "Mozilla/5.0 AppleWebKit/537.36 (KHTML, like Gecko; compatible; ClaudeBot/1.0; +claudebot@anthropic.com)"
51.222.253.13 - - [01/Jul/2025:22:40:10 +0000] "GET /cache/?C=M;O=A HTTP/1.1" 200 3999 "-" "Mozilla/5.0 (compatible; AhrefsBot/7.0; +http://ahrefs.com/robot/)"
23.21.175.228 - - [01/Jul/2025:22:40:19 +0000] "GET /?locale=nl HTTP/1.1" 200 2799 "-" "Mozilla/5.0 AppleWebKit/537.36 (KHTML, like Gecko; compatible; Amazonbot/0.1; +https://developer.amazon.com/support/amazonbot) Chrome/119.0.6045.214 Safari/537.36"
52.3.102.51 - - [01/Jul/2025:22:40:22 +0000] "GET /tof/cgi-bin/ HTTP/1.1" 200 681 "-" "Mozilla/5.0 AppleWebKit/537.36 (KHTML, like Gecko; compatible; Amazonbot/0.1; +https://developer.amazon.com/support/amazonbot) Chrome/119.0.6045.214 Safari/537.36"
43.157.168.43 - - [01/Jul/2025:22:42:17 +0000] "GET /access-logs/?C=N;O=D HTTP/1.1" 200 1699 "-" "Mozilla/5.0 (iPhone; CPU iPhone OS 13_2_3 like Mac OS X) AppleWebKit/605.1.15 (KHTML, like Gecko) Version/13.0.3 Mobile/15E148 Safari/604.1"
216.73.216.163 - - [01/Jul/2025:22:43:59 +0000] "GET /robots.txt HTTP/1.1" 404 - "-" "Mozilla/5.0 AppleWebKit/537.36 (KHTML, like Gecko; compatible; ClaudeBot/1.0; +claudebot@anthropic.com)"
216.73.216.163 - - [01/Jul/2025:22:44:01 +0000] "GET /tmp/awstats/awstats042025.wrightimagegroup.wrightimagegroup.com.txt HTTP/1.1" 200 164075 "-" "Mozilla/5.0 AppleWebKit/537.36 (KHTML, like Gecko; compatible; ClaudeBot/1.0; +claudebot@anthropic.com)"
51.222.253.17 - - [01/Jul/2025:22:46:24 +0000] "GET /cache/?C=S;O=A HTTP/1.1" 200 3999 "-" "Mozilla/5.0 (compatible; AhrefsBot/7.0; +http://ahrefs.com/robot/)"
216.73.216.163 - - [01/Jul/2025:22:47:39 +0000] "GET /tmp/webalizer/usage_202412.html HTTP/1.1" 200 115939 "-" "Mozilla/5.0 AppleWebKit/537.36 (KHTML, like Gecko; compatible; ClaudeBot/1.0; +claudebot@anthropic.com)"
114.119.146.18 - - [01/Jul/2025:22:47:58 +0000] "GET /tmp/awstats/awstats032025.wrightimagegroup.com.txt HTTP/1.1" 200 34541 "http://www.wrightimagegroup.org/tmp/awstats/?C=S%3BO%3DD" "Mozilla/5.0 (Linux; Android 7.0;) AppleWebKit/537.36 (KHTML, like Gecko) Mobile Safari/537.36 (compatible; PetalBot;+https://webmaster.petalsearch.com/site/petalbot)"
114.119.138.179 - - [01/Jul/2025:22:48:50 +0000] "GET /tmp/awstats/awstats022023.wrightimagegroup.wrightimagegroup.com.txt HTTP/1.1" 200 111228 "http://www.wrightimagegroup.org/tmp/awstats/?C=S%3BO%3DD" "Mozilla/5.0 (Linux; Android 7.0;) AppleWebKit/537.36 (KHTML, like Gecko) Mobile Safari/537.36 (compatible; PetalBot;+https://webmaster.petalsearch.com/site/petalbot)"
51.222.253.1 - - [01/Jul/2025:22:49:32 +0000] "GET /tmp/analog/6.html HTTP/1.1" 304 - "-" "Mozilla/5.0 (compatible; AhrefsBot/7.0; +http://ahrefs.com/robot/)"
114.119.146.18 - - [01/Jul/2025:22:50:13 +0000] "GET /tmp/awstats/awstats112023.wrightimagegroup.com.txt HTTP/1.1" 200 28738 "http://www.wrightimagegroup.org/tmp/awstats/?C=S%3BO%3DD" "Mozilla/5.0 (Linux; Android 7.0;) AppleWebKit/537.36 (KHTML, like Gecko) Mobile Safari/537.36 (compatible; PetalBot;+https://webmaster.petalsearch.com/site/petalbot)"
51.222.253.8 - - [01/Jul/2025:22:52:49 +0000] "GET /tof/ HTTP/1.1" 200 858 "-" "Mozilla/5.0 (compatible; AhrefsBot/7.0; +http://ahrefs.com/robot/)"
162.62.231.139 - - [01/Jul/2025:22:53:01 +0000] "GET /ssl/?C=M;O=A HTTP/1.1" 200 1535 "-" "Mozilla/5.0 (iPhone; CPU iPhone OS 13_2_3 like Mac OS X) AppleWebKit/605.1.15 (KHTML, like Gecko) Version/13.0.3 Mobile/15E148 Safari/604.1"
216.244.66.229 - - [01/Jul/2025:22:53:19 +0000] "GET /robots.txt HTTP/1.1" 404 - "-" "Mozilla/5.0 (compatible; DotBot/1.2; +https://opensiteexplorer.org/dotbot; help@moz.com)"
216.244.66.229 - - [01/Jul/2025:22:53:19 +0000] "GET /robots.txt HTTP/1.1" 404 - "-" "Mozilla/5.0 (compatible; DotBot/1.2; +https://opensiteexplorer.org/dotbot; help@moz.com)"
216.73.216.163 - - [01/Jul/2025:22:54:21 +0000] "GET /tmp/awstats/awstats112024.wrightimagegroup.com.txt HTTP/1.1" 200 34194 "-" "Mozilla/5.0 AppleWebKit/537.36 (KHTML, like Gecko; compatible; ClaudeBot/1.0; +claudebot@anthropic.com)"
216.73.216.163 - - [01/Jul/2025:22:54:22 +0000] "GET /logs/wrightimagegroup.wrightimagegroup.com-ssl_log-Jul-2025.gz HTTP/1.1" 200 4744 "-" "Mozilla/5.0 AppleWebKit/537.36 (KHTML, like Gecko; compatible; ClaudeBot/1.0; +claudebot@anthropic.com)"
114.119.146.18 - - [01/Jul/2025:22:54:31 +0000] "GET /tmp/awstats/ssl/awstats102021.wrightimagegroup.wrightimagegroup.com.txt HTTP/1.1" 200 21002 "http://wrightimagegroup.org/tmp/awstats/ssl/?C=M%3BO%3DA" "Mozilla/5.0 (Linux; Android 7.0;) AppleWebKit/537.36 (KHTML, like Gecko) Mobile Safari/537.36 (compatible; PetalBot;+https://webmaster.petalsearch.com/site/petalbot)"
216.73.216.163 - - [01/Jul/2025:22:55:23 +0000] "GET /tmp/webalizer/usage_202503.html HTTP/1.1" 200 116194 "-" "Mozilla/5.0 AppleWebKit/537.36 (KHTML, like Gecko; compatible; ClaudeBot/1.0; +claudebot@anthropic.com)"
114.119.146.18 - - [01/Jul/2025:22:59:01 +0000] "GET /tmp/cpbandwidth/wrightimagegroup.com-bytes_log HTTP/1.1" 200 375 "http://wrightimagegroup.org/tmp/cpbandwidth/?C=D%3BO%3DA" "Mozilla/5.0 (Linux; Android 7.0;) AppleWebKit/537.36 (KHTML, like Gecko) Mobile Safari/537.36 (compatible; PetalBot;+https://webmaster.petalsearch.com/site/petalbot)"
51.222.253.2 - - [01/Jul/2025:22:59:16 +0000] "GET /triumphofflight.com/ HTTP/1.1" 200 890 "-" "Mozilla/5.0 (compatible; AhrefsBot/7.0; +http://ahrefs.com/robot/)"
43.135.183.82 - - [01/Jul/2025:23:03:30 +0000] "GET /ssl/?C=D;O=A HTTP/1.1" 200 1535 "-" "Mozilla/5.0 (iPhone; CPU iPhone OS 13_2_3 like Mac OS X) AppleWebKit/605.1.15 (KHTML, like Gecko) Version/13.0.3 Mobile/15E148 Safari/604.1"
114.119.135.202 - - [01/Jul/2025:23:03:48 +0000] "GET /tmp/awstats/awstats092021.wrightimagegroup.wrightimagegroup.com.txt HTTP/1.1" 200 54028 "http://wrightimagegroup.org/tmp/awstats/?C=S%3BO%3DA" "Mozilla/5.0 (Linux; Android 7.0;) AppleWebKit/537.36 (KHTML, like Gecko) Mobile Safari/537.36 (compatible; PetalBot;+https://webmaster.petalsearch.com/site/petalbot)"
114.119.140.169 - - [01/Jul/2025:23:05:09 +0000] "GET /tmp/awstats/awstats092021.wrightimagegroup.com.txt HTTP/1.1" 200 18915 "http://wrightimagegroup.org/tmp/awstats/?C=S%3BO%3DA" "Mozilla/5.0 (Linux; Android 7.0;) AppleWebKit/537.36 (KHTML, like Gecko) Mobile Safari/537.36 (compatible; PetalBot;+https://webmaster.petalsearch.com/site/petalbot)"
51.222.253.10 - - [01/Jul/2025:23:05:45 +0000] "GET /mail/ HTTP/1.1" 200 2876 "-" "Mozilla/5.0 (compatible; AhrefsBot/7.0; +http://ahrefs.com/robot/)"
49.51.50.147 - - [01/Jul/2025:23:06:13 +0000] "GET / HTTP/1.1" 200 2812 "-" "Mozilla/5.0 (iPhone; CPU iPhone OS 13_2_3 like Mac OS X) AppleWebKit/605.1.15 (KHTML, like Gecko) Version/13.0.3 Mobile/15E148 Safari/604.1"
51.222.253.4 - - [01/Jul/2025:23:07:56 +0000] "GET /tmp/analog/ssl/wrightimagegroup.wrightimagegroup.com/4.html HTTP/1.1" 304 - "-" "Mozilla/5.0 (compatible; AhrefsBot/7.0; +http://ahrefs.com/robot/)"
114.119.140.169 - - [01/Jul/2025:23:07:58 +0000] "GET /tmp/awstats/awstats092020.wrightimagegroup.wrightimagegroup.com.txt HTTP/1.1" 200 19132 "http://www.wrightimagegroup.org/tmp/awstats/?C=S%3BO%3DD" "Mozilla/5.0 (Linux; Android 7.0;) AppleWebKit/537.36 (KHTML, like Gecko) Mobile Safari/537.36 (compatible; PetalBot;+https://webmaster.petalsearch.com/site/petalbot)"
216.244.66.229 - - [01/Jul/2025:23:08:11 +0000] "GET /tof/cgi-bin/?C=D;O=D HTTP/1.1" 200 686 "-" "Mozilla/5.0 (compatible; DotBot/1.2; +https://opensiteexplorer.org/dotbot; help@moz.com)"
114.119.146.18 - - [01/Jul/2025:23:08:44 +0000] "GET /tmp/awstats/awstats052018.wrightimagegroup.com.txt HTTP/1.1" 200 9923 "http://www.wrightimagegroup.org/tmp/awstats/?C=S%3BO%3DD" "Mozilla/5.0 (Linux; Android 7.0;) AppleWebKit/537.36 (KHTML, like Gecko) Mobile Safari/537.36 (compatible; PetalBot;+https://webmaster.petalsearch.com/site/petalbot)"
216.244.66.229 - - [01/Jul/2025:23:11:31 +0000] "GET /tmp/?C=D%3BO%3DA HTTP/1.1" 200 1556 "-" "Mozilla/5.0 (compatible; DotBot/1.2; +https://opensiteexplorer.org/dotbot; help@moz.com)"
43.157.170.13 - - [01/Jul/2025:23:11:50 +0000] "GET /access-logs/?C=M;O=D HTTP/1.1" 200 1699 "-" "Mozilla/5.0 (iPhone; CPU iPhone OS 13_2_3 like Mac OS X) AppleWebKit/605.1.15 (KHTML, like Gecko) Version/13.0.3 Mobile/15E148 Safari/604.1"
114.119.144.41 - - [01/Jul/2025:23:12:09 +0000] "GET /tmp/awstats/awstats102021.wrightimagegroup.com.txt HTTP/1.1" 200 18778 "http://wrightimagegroup.org/tmp/awstats/?C=S%3BO%3DA" "Mozilla/5.0 (Linux; Android 7.0;) AppleWebKit/537.36 (KHTML, like Gecko) Mobile Safari/537.36 (compatible; PetalBot;+https://webmaster.petalsearch.com/site/petalbot)"
51.222.253.13 - - [01/Jul/2025:23:12:28 +0000] "GET /ssl/?C=D;O=A HTTP/1.1" 200 1552 "-" "Mozilla/5.0 (compatible; AhrefsBot/7.0; +http://ahrefs.com/robot/)"
114.119.152.177 - - [01/Jul/2025:23:12:37 +0000] "GET /tmp/awstats/awstats082024.wrightimagegroup.wrightimagegroup.com.txt HTTP/1.1" 200 99967 "http://wrightimagegroup.org/tmp/awstats/?C=S%3BO%3DA" "Mozilla/5.0 (Linux; Android 7.0;) AppleWebKit/537.36 (KHTML, like Gecko) Mobile Safari/537.36 (compatible; PetalBot;+https://webmaster.petalsearch.com/site/petalbot)"
216.244.66.229 - - [01/Jul/2025:23:13:54 +0000] "GET /tmp/awstats/ssl/awstats072023.wrightimagegroup.com.txt HTTP/1.1" 200 20882 "-" "Mozilla/5.0 (compatible; DotBot/1.2; +https://opensiteexplorer.org/dotbot; help@moz.com)"
216.73.216.9 - - [01/Jul/2025:23:14:42 +0000] "GET /tmp/webalizer/usage_202502.html HTTP/1.1" 200 122354 "-" "Mozilla/5.0 AppleWebKit/537.36 (KHTML, like Gecko; compatible; ClaudeBot/1.0; +claudebot@anthropic.com)"
216.244.66.229 - - [01/Jul/2025:23:14:59 +0000] "GET /mail/tmp/?C=D%3BO%3DA HTTP/1.1" 200 681 "-" "Mozilla/5.0 (compatible; DotBot/1.2; +https://opensiteexplorer.org/dotbot; help@moz.com)"
216.244.66.229 - - [01/Jul/2025:23:15:02 +0000] "GET /mail/tmp/?C=D;O%3DD HTTP/1.1" 200 681 "-" "Mozilla/5.0 (compatible; DotBot/1.2; +https://opensiteexplorer.org/dotbot; help@moz.com)"
114.119.152.177 - - [01/Jul/2025:23:16:45 +0000] "GET /tmp/awstats/awstats022018.wrightimagegroup.com.txt HTTP/1.1" 200 10330 "http://wrightimagegroup.org/tmp/awstats/?C=S%3BO%3DA" "Mozilla/5.0 (Linux; Android 7.0;) AppleWebKit/537.36 (KHTML, like Gecko) Mobile Safari/537.36 (compatible; PetalBot;+https://webmaster.petalsearch.com/site/petalbot)"
216.244.66.229 - - [01/Jul/2025:23:17:46 +0000] "GET /www/triumphofflight.org/cgi-bin/?C=D;O=D HTTP/1.1" 200 746 "-" "Mozilla/5.0 (compatible; DotBot/1.2; +https://opensiteexplorer.org/dotbot; help@moz.com)"
216.73.216.9 - - [01/Jul/2025:23:18:30 +0000] "GET /tmp/awstats/ssl HTTP/1.1" 301 322 "-" "Mozilla/5.0 AppleWebKit/537.36 (KHTML, like Gecko; compatible; ClaudeBot/1.0; +claudebot@anthropic.com)"
216.73.216.9 - - [01/Jul/2025:23:18:30 +0000] "GET /tmp/awstats/ssl/ HTTP/1.1" 200 29832 "http://wrightimagegroup.org/tmp/awstats/ssl" "Mozilla/5.0 AppleWebKit/537.36 (KHTML, like Gecko; compatible; ClaudeBot/1.0; +claudebot@anthropic.com)"
51.222.253.5 - - [01/Jul/2025:23:18:36 +0000] "GET /ssl/?C=M;O=A HTTP/1.1" 200 1552 "-" "Mozilla/5.0 (compatible; AhrefsBot/7.0; +http://ahrefs.com/robot/)"
216.244.66.229 - - [01/Jul/2025:23:19:04 +0000] "GET /tmp/analog/triumphofflight.org.wrightimagegroup.com/?C=D;O%3DA HTTP/1.1" 200 4458 "-" "Mozilla/5.0 (compatible; DotBot/1.2; +https://opensiteexplorer.org/dotbot; help@moz.com)"
216.73.216.9 - - [01/Jul/2025:23:19:32 +0000] "GET /cache/?C=D&O=D HTTP/1.1" 200 3982 "-" "Mozilla/5.0 AppleWebKit/537.36 (KHTML, like Gecko; compatible; ClaudeBot/1.0; +claudebot@anthropic.com)"
114.119.144.41 - - [01/Jul/2025:23:19:57 +0000] "GET /tmp/analog/wrightimagegroup.wrightimagegroup.com/cache.out HTTP/1.1" 200 - "http://wrightimagegroup.org/tmp/analog/wrightimagegroup.wrightimagegroup.com/?C=M%3BO%3DA" "Mozilla/5.0 (Linux; Android 7.0;) AppleWebKit/537.36 (KHTML, like Gecko) Mobile Safari/537.36 (compatible; PetalBot;+https://webmaster.petalsearch.com/site/petalbot)"
43.157.95.239 - - [01/Jul/2025:23:22:20 +0000] "GET /access-logs/triumphofflight.org.wrightimagegroup.com HTTP/1.1" 200 - "-" "Mozilla/5.0 (iPhone; CPU iPhone OS 13_2_3 like Mac OS X) AppleWebKit/605.1.15 (KHTML, like Gecko) Version/13.0.3 Mobile/15E148 Safari/604.1"
51.222.253.2 - - [01/Jul/2025:23:24:57 +0000] "GET /ssl/?C=S;O=A HTTP/1.1" 200 1552 "-" "Mozilla/5.0 (compatible; AhrefsBot/7.0; +http://ahrefs.com/robot/)"
216.73.216.9 - - [01/Jul/2025:23:25:02 +0000] "GET /tof/?C=M&O=D HTTP/1.1" 200 837 "-" "Mozilla/5.0 AppleWebKit/537.36 (KHTML, like Gecko; compatible; ClaudeBot/1.0; +claudebot@anthropic.com)"
216.73.216.9 - - [01/Jul/2025:23:27:18 +0000] "GET /access-logs/?C=M&O=D HTTP/1.1" 200 1699 "-" "Mozilla/5.0 AppleWebKit/537.36 (KHTML, like Gecko; compatible; ClaudeBot/1.0; +claudebot@anthropic.com)"
216.73.216.9 - - [01/Jul/2025:23:29:21 +0000] "GET /tmp/analog/?C=N&O=D HTTP/1.1" 200 5836 "-" "Mozilla/5.0 AppleWebKit/537.36 (KHTML, like Gecko; compatible; ClaudeBot/1.0; +claudebot@anthropic.com)"
216.73.216.9 - - [01/Jul/2025:23:29:59 +0000] "GET /tmp/awstats/awstats042025.wrightimagegroup.com.txt HTTP/1.1" 200 50596 "-" "Mozilla/5.0 AppleWebKit/537.36 (KHTML, like Gecko; compatible; ClaudeBot/1.0; +claudebot@anthropic.com)"
43.159.128.155 - - [01/Jul/2025:23:30:50 +0000] "GET /access-logs/wrightimagegroup.com-ssl_log HTTP/1.1" 200 5753 "-" "Mozilla/5.0 (iPhone; CPU iPhone OS 13_2_3 like Mac OS X) AppleWebKit/605.1.15 (KHTML, like Gecko) Version/13.0.3 Mobile/15E148 Safari/604.1"
51.222.253.3 - - [01/Jul/2025:23:31:01 +0000] "GET /ssl/?C=S;O=D HTTP/1.1" 200 1552 "-" "Mozilla/5.0 (compatible; AhrefsBot/7.0; +http://ahrefs.com/robot/)"
216.244.66.230 - - [01/Jul/2025:23:36:22 +0000] "GET /robots.txt HTTP/1.1" 404 - "-" "Mozilla/5.0 (compatible; DotBot/1.2; +https://opensiteexplorer.org/dotbot; help@moz.com)"
51.222.253.16 - - [01/Jul/2025:23:36:47 +0000] "GET /tmp/?C=S;O=D HTTP/1.1" 200 1568 "-" "Mozilla/5.0 (compatible; AhrefsBot/7.0; +http://ahrefs.com/robot/)"
216.244.66.229 - - [01/Jul/2025:23:39:15 +0000] "GET /robots.txt HTTP/1.1" 404 - "-" "Mozilla/5.0 (compatible; DotBot/1.2; +https://opensiteexplorer.org/dotbot; help@moz.com)"
216.244.66.229 - - [01/Jul/2025:23:39:15 +0000] "GET /robots.txt HTTP/1.1" 404 - "-" "Mozilla/5.0 (compatible; DotBot/1.2; +https://opensiteexplorer.org/dotbot; help@moz.com)"
51.222.253.1 - - [01/Jul/2025:23:40:23 +0000] "GET /tmp/analog/ssl/wrightimagegroup.com/4.html HTTP/1.1" 304 - "-" "Mozilla/5.0 (compatible; AhrefsBot/7.0; +http://ahrefs.com/robot/)"
98.84.200.43 - - [01/Jul/2025:23:41:26 +0000] "GET /public_html/ HTTP/1.1" 301 309 "-" "Mozilla/5.0 AppleWebKit/537.36 (KHTML, like Gecko; compatible; Amazonbot/0.1; +https://developer.amazon.com/support/amazonbot) Chrome/119.0.6045.214 Safari/537.36"
60.188.57.0 - - [01/Jul/2025:23:41:50 +0000] "GET / HTTP/1.1" 200 2795 "-" "Mozilla/5.0 (iPhone; CPU iPhone OS 13_2_3 like Mac OS X) AppleWebKit/605.1.15 (KHTML, like Gecko) Version/13.0.3 Mobile/15E148 Safari/604.1"
43.133.220.37 - - [01/Jul/2025:23:42:16 +0000] "GET /access-logs/?C=N;O=A HTTP/1.1" 200 1699 "-" "Mozilla/5.0 (iPhone; CPU iPhone OS 13_2_3 like Mac OS X) AppleWebKit/605.1.15 (KHTML, like Gecko) Version/13.0.3 Mobile/15E148 Safari/604.1"
51.222.253.13 - - [01/Jul/2025:23:42:57 +0000] "GET /robots.txt HTTP/1.1" 404 - "-" "Mozilla/5.0 (compatible; AhrefsBot/7.0; +http://ahrefs.com/robot/)"
51.222.253.12 - - [01/Jul/2025:23:42:59 +0000] "GET /?C=N;O=A HTTP/1.1" 200 2816 "-" "Mozilla/5.0 (compatible; AhrefsBot/7.0; +http://ahrefs.com/robot/)"
114.119.140.169 - - [01/Jul/2025:23:47:03 +0000] "GET /tmp/awstats/awstats042017.wrightimagegroup.com.txt HTTP/1.1" 200 7322 "http://www.wrightimagegroup.org/tmp/awstats/?C=S%3BO%3DD" "Mozilla/5.0 (Linux; Android 7.0;) AppleWebKit/537.36 (KHTML, like Gecko) Mobile Safari/537.36 (compatible; PetalBot;+https://webmaster.petalsearch.com/site/petalbot)"
216.73.216.78 - - [01/Jul/2025:23:48:08 +0000] "GET /robots.txt HTTP/1.1" 404 - "-" "Mozilla/5.0 AppleWebKit/537.36 (KHTML, like Gecko; compatible; ClaudeBot/1.0; +claudebot@anthropic.com)"
216.73.216.78 - - [01/Jul/2025:23:48:10 +0000] "GET /access-logs/?C=N&O=A HTTP/1.1" 200 1699 "-" "Mozilla/5.0 AppleWebKit/537.36 (KHTML, like Gecko; compatible; ClaudeBot/1.0; +claudebot@anthropic.com)"
114.119.135.202 - - [01/Jul/2025:23:50:12 +0000] "GET /tmp/awstats/ssl/awstats082020.wrightimagegroup.com.txt HTTP/1.1" 200 9338 "http://www.wrightimagegroup.org/tmp/awstats/ssl/?C=M%3BO%3DA" "Mozilla/5.0 (Linux; Android 7.0;) AppleWebKit/537.36 (KHTML, like Gecko) Mobile Safari/537.36 (compatible; PetalBot;+https://webmaster.petalsearch.com/site/petalbot)"
51.222.253.18 - - [01/Jul/2025:23:50:22 +0000] "GET /tmp/webalizer/usage_202504.html HTTP/1.1" 304 - "-" "Mozilla/5.0 (compatible; AhrefsBot/7.0; +http://ahrefs.com/robot/)"
114.119.132.85 - - [01/Jul/2025:23:51:59 +0000] "GET /tmp/webalizer/usage_202207.html HTTP/1.1" 200 101524 "http://wrightimagegroup.org/tmp/webalizer/usage_202207.html" "Mozilla/5.0 (Linux; Android 7.0;) AppleWebKit/537.36 (KHTML, like Gecko) Mobile Safari/537.36 (compatible; PetalBot;+https://webmaster.petalsearch.com/site/petalbot)"
114.119.146.18 - - [01/Jul/2025:23:54:03 +0000] "GET /tmp/awstats/awstats022024.wrightimagegroup.com.txt HTTP/1.1" 200 68452 "http://www.wrightimagegroup.org/tmp/awstats/?C=S%3BO%3DD" "Mozilla/5.0 (Linux; Android 7.0;) AppleWebKit/537.36 (KHTML, like Gecko) Mobile Safari/537.36 (compatible; PetalBot;+https://webmaster.petalsearch.com/site/petalbot)"
170.106.148.137 - - [01/Jul/2025:23:54:12 +0000] "GET /tof/ HTTP/1.1" 200 854 "-" "Mozilla/5.0 (iPhone; CPU iPhone OS 13_2_3 like Mac OS X) AppleWebKit/605.1.15 (KHTML, like Gecko) Version/13.0.3 Mobile/15E148 Safari/604.1"
43.135.182.43 - - [01/Jul/2025:23:55:11 +0000] "GET /tmp/webalizer/usage_202101.html HTTP/1.1" 200 83338 "-" "Mozilla/5.0 (iPhone; CPU iPhone OS 13_2_3 like Mac OS X) AppleWebKit/605.1.15 (KHTML, like Gecko) Version/13.0.3 Mobile/15E148 Safari/604.1"
216.73.216.78 - - [01/Jul/2025:23:55:40 +0000] "GET /tmp/awstats/ssl/awstats032021.wrightimagegroup.com.txt HTTP/1.1" 200 10039 "-" "Mozilla/5.0 AppleWebKit/537.36 (KHTML, like Gecko; compatible; ClaudeBot/1.0; +claudebot@anthropic.com)"
216.244.66.229 - - [01/Jul/2025:23:58:50 +0000] "GET /.htpasswds/?C=N;O%3DD HTTP/1.1" 200 680 "-" "Mozilla/5.0 (compatible; DotBot/1.2; +https://opensiteexplorer.org/dotbot; help@moz.com)"
216.244.66.229 - - [01/Jul/2025:23:58:54 +0000] "GET /mail/?C=D%3BO%3DA HTTP/1.1" 200 2864 "-" "Mozilla/5.0 (compatible; DotBot/1.2; +https://opensiteexplorer.org/dotbot; help@moz.com)"
216.244.66.229 - - [01/Jul/2025:23:58:58 +0000] "GET /mail/?C=N;O%3DA HTTP/1.1" 200 2864 "-" "Mozilla/5.0 (compatible; DotBot/1.2; +https://opensiteexplorer.org/dotbot; help@moz.com)"
51.222.253.2 - - [01/Jul/2025:23:59:08 +0000] "GET /tmp/analog/ssl/wrightimagegroup.wrightimagegroup.com/4.html HTTP/1.1" 304 - "-" "Mozilla/5.0 (compatible; AhrefsBot/7.0; +http://ahrefs.com/robot/)"
44.212.145.46 - - [01/Jul/2025:23:59:30 +0000] "GET /etc/ HTTP/1.1" 200 1201 "-" "Mozilla/5.0 AppleWebKit/537.36 (KHTML, like Gecko; compatible; Amazonbot/0.1; +https://developer.amazon.com/support/amazonbot) Chrome/119.0.6045.214 Safari/537.36"
3.220.148.166 - - [01/Jul/2025:23:59:35 +0000] "GET /?locale=ms HTTP/1.1" 200 2795 "-" "Mozilla/5.0 AppleWebKit/537.36 (KHTML, like Gecko; compatible; Amazonbot/0.1; +https://developer.amazon.com/support/amazonbot) Chrome/119.0.6045.214 Safari/537.36"
44.221.105.234 - - [01/Jul/2025:23:59:38 +0000] "GET /mail/subscriptions HTTP/1.1" 200 10 "-" "Mozilla/5.0 AppleWebKit/537.36 (KHTML, like Gecko; compatible; Amazonbot/0.1; +https://developer.amazon.com/support/amazonbot) Chrome/119.0.6045.214 Safari/537.36"
52.6.5.24 - - [01/Jul/2025:23:59:46 +0000] "GET /?locale=no HTTP/1.1" 200 2799 "-" "Mozilla/5.0 AppleWebKit/537.36 (KHTML, like Gecko; compatible; Amazonbot/0.1; +https://developer.amazon.com/support/amazonbot) Chrome/119.0.6045.214 Safari/537.36"
34.193.2.57 - - [01/Jul/2025:23:59:50 +0000] "GET /ssl/csrs/ HTTP/1.1" 200 679 "-" "Mozilla/5.0 AppleWebKit/537.36 (KHTML, like Gecko; compatible; Amazonbot/0.1; +https://developer.amazon.com/support/amazonbot) Chrome/119.0.6045.214 Safari/537.36"
216.244.66.229 - - [02/Jul/2025:00:00:18 +0000] "GET /mail/wrightimagegroup.com/?C=D;O=D HTTP/1.1" 200 710 "-" "Mozilla/5.0 (compatible; DotBot/1.2; +https://opensiteexplorer.org/dotbot; help@moz.com)"
114.119.132.85 - - [02/Jul/2025:00:00:28 +0000] "GET /tmp/awstats/awstats012017.wrightimagegroup.com.txt HTTP/1.1" 200 6406 "http://wrightimagegroup.org/tmp/awstats/?C=S%3BO%3DA" "Mozilla/5.0 (Linux; Android 7.0;) AppleWebKit/537.36 (KHTML, like Gecko) Mobile Safari/537.36 (compatible; PetalBot;+https://webmaster.petalsearch.com/site/petalbot)"
216.244.66.229 - - [02/Jul/2025:00:01:15 +0000] "GET /ssl/certs/?C=D;O%3DA HTTP/1.1" 200 682 "-" "Mozilla/5.0 (compatible; DotBot/1.2; +https://opensiteexplorer.org/dotbot; help@moz.com)"
216.244.66.229 - - [02/Jul/2025:00:01:17 +0000] "GET /tmp/analog/?C=S;O%3DD HTTP/1.1" 200 5841 "-" "Mozilla/5.0 (compatible; DotBot/1.2; +https://opensiteexplorer.org/dotbot; help@moz.com)"
43.155.129.131 - - [02/Jul/2025:00:02:20 +0000] "GET /tmp/ HTTP/1.1" 200 1568 "-" "Mozilla/5.0 (iPhone; CPU iPhone OS 13_2_3 like Mac OS X) AppleWebKit/605.1.15 (KHTML, like Gecko) Version/13.0.3 Mobile/15E148 Safari/604.1"
216.244.66.229 - - [02/Jul/2025:00:02:20 +0000] "GET /?locale=bg HTTP/1.1" 200 2800 "-" "Mozilla/5.0 (compatible; DotBot/1.2; +https://opensiteexplorer.org/dotbot; help@moz.com)"
216.73.216.78 - - [02/Jul/2025:00:05:09 +0000] "GET /tof/cgi-bin/?C=S&O=D HTTP/1.1" 200 681 "-" "Mozilla/5.0 AppleWebKit/537.36 (KHTML, like Gecko; compatible; ClaudeBot/1.0; +claudebot@anthropic.com)"
216.73.216.78 - - [02/Jul/2025:00:05:53 +0000] "GET /ssl/csrs/?C=M&O=D HTTP/1.1" 200 675 "-" "Mozilla/5.0 AppleWebKit/537.36 (KHTML, like Gecko; compatible; ClaudeBot/1.0; +claudebot@anthropic.com)"
216.244.66.230 - - [02/Jul/2025:00:08:30 +0000] "GET /?C=M;O%3DA HTTP/1.1" 200 2816 "-" "Mozilla/5.0 (compatible; DotBot/1.2; +https://opensiteexplorer.org/dotbot; help@moz.com)"
216.244.66.230 - - [02/Jul/2025:00:08:34 +0000] "GET /?C=M;O%3DD HTTP/1.1" 200 2816 "-" "Mozilla/5.0 (compatible; DotBot/1.2; +https://opensiteexplorer.org/dotbot; help@moz.com)"
51.222.253.15 - - [02/Jul/2025:00:08:41 +0000] "GET /tmp/webalizer/usage_202504.html HTTP/1.1" 304 - "-" "Mozilla/5.0 (compatible; AhrefsBot/7.0; +http://ahrefs.com/robot/)"
216.244.66.229 - - [02/Jul/2025:00:10:05 +0000] "GET /?%27+print%289347655345-4954366%29+%27 HTTP/1.1" 200 2800 "-" "Mozilla/5.0 (compatible; DotBot/1.2; +https://opensiteexplorer.org/dotbot; help@moz.com)"
114.119.152.177 - - [02/Jul/2025:00:12:03 +0000] "GET /tmp/awstats/ssl/awstats032020.wrightimagegroup.com.txt HTTP/1.1" 200 6686 "http://wrightimagegroup.org/tmp/awstats/ssl/?C=M%3BO%3DA" "Mozilla/5.0 (Linux; Android 7.0;) AppleWebKit/537.36 (KHTML, like Gecko) Mobile Safari/537.36 (compatible; PetalBot;+https://webmaster.petalsearch.com/site/petalbot)"
43.135.140.225 - - [02/Jul/2025:00:16:50 +0000] "GET /ssl/ HTTP/1.1" 200 1552 "-" "Mozilla/5.0 (iPhone; CPU iPhone OS 13_2_3 like Mac OS X) AppleWebKit/605.1.15 (KHTML, like Gecko) Version/13.0.3 Mobile/15E148 Safari/604.1"
43.153.27.244 - - [02/Jul/2025:00:17:03 +0000] "GET /access-logs/?C=D;O=A HTTP/1.1" 200 1699 "-" "Mozilla/5.0 (iPhone; CPU iPhone OS 13_2_3 like Mac OS X) AppleWebKit/605.1.15 (KHTML, like Gecko) Version/13.0.3 Mobile/15E148 Safari/604.1"
51.222.253.20 - - [02/Jul/2025:00:18:13 +0000] "GET /tmp/analog/ssl/wrightimagegroup.com/4.html HTTP/1.1" 304 - "-" "Mozilla/5.0 (compatible; AhrefsBot/7.0; +http://ahrefs.com/robot/)"
51.222.253.5 - - [02/Jul/2025:00:18:44 +0000] "GET /tmp/webalizer/usage_202410.html HTTP/1.1" 304 - "-" "Mozilla/5.0 (compatible; AhrefsBot/7.0; +http://ahrefs.com/robot/)"
43.156.204.134 - - [02/Jul/2025:00:24:34 +0000] "GET /triumphofflight.com/ HTTP/1.1" 200 886 "-" "Mozilla/5.0 (iPhone; CPU iPhone OS 13_2_3 like Mac OS X) AppleWebKit/605.1.15 (KHTML, like Gecko) Version/13.0.3 Mobile/15E148 Safari/604.1"
216.244.66.229 - - [02/Jul/2025:00:25:25 +0000] "GET /robots.txt HTTP/1.1" 404 - "-" "Mozilla/5.0 (compatible; DotBot/1.2; +https://opensiteexplorer.org/dotbot; help@moz.com)"
216.244.66.229 - - [02/Jul/2025:00:25:25 +0000] "GET /robots.txt HTTP/1.1" 404 - "-" "Mozilla/5.0 (compatible; DotBot/1.2; +https://opensiteexplorer.org/dotbot; help@moz.com)"
51.222.253.5 - - [02/Jul/2025:00:25:36 +0000] "GET /tmp/webalizer/usage_202502.html HTTP/1.1" 304 - "-" "Mozilla/5.0 (compatible; AhrefsBot/7.0; +http://ahrefs.com/robot/)"
43.135.144.81 - - [02/Jul/2025:00:26:38 +0000] "GET /ssl/ssl.db HTTP/1.1" 200 211 "-" "Mozilla/5.0 (iPhone; CPU iPhone OS 13_2_3 like Mac OS X) AppleWebKit/605.1.15 (KHTML, like Gecko) Version/13.0.3 Mobile/15E148 Safari/604.1"
43.166.247.82 - - [02/Jul/2025:00:32:21 +0000] "GET /ssl/csrs/ HTTP/1.1" 200 675 "-" "Mozilla/5.0 (iPhone; CPU iPhone OS 13_2_3 like Mac OS X) AppleWebKit/605.1.15 (KHTML, like Gecko) Version/13.0.3 Mobile/15E148 Safari/604.1"
51.222.253.15 - - [02/Jul/2025:00:32:41 +0000] "GET /tmp/webalizer/usage_202412.html HTTP/1.1" 304 - "-" "Mozilla/5.0 (compatible; AhrefsBot/7.0; +http://ahrefs.com/robot/)"
216.73.216.78 - - [02/Jul/2025:00:34:10 +0000] "GET /tmp/awstats/awstats122018.wrightimagegroup.wrightimagegroup.com.txt HTTP/1.1" 200 10833 "-" "Mozilla/5.0 AppleWebKit/537.36 (KHTML, like Gecko; compatible; ClaudeBot/1.0; +claudebot@anthropic.com)"
216.73.216.78 - - [02/Jul/2025:00:34:11 +0000] "GET /tmp/webalizer/usage_202403.html HTTP/1.1" 200 114507 "-" "Mozilla/5.0 AppleWebKit/537.36 (KHTML, like Gecko; compatible; ClaudeBot/1.0; +claudebot@anthropic.com)"
216.73.216.78 - - [02/Jul/2025:00:34:57 +0000] "GET /tmp/awstats/awstats042018.wrightimagegroup.com.txt HTTP/1.1" 200 8154 "-" "Mozilla/5.0 AppleWebKit/537.36 (KHTML, like Gecko; compatible; ClaudeBot/1.0; +claudebot@anthropic.com)"
49.51.204.74 - - [02/Jul/2025:00:36:38 +0000] "GET /cache/ HTTP/1.1" 200 3999 "-" "Mozilla/5.0 (iPhone; CPU iPhone OS 13_2_3 like Mac OS X) AppleWebKit/605.1.15 (KHTML, like Gecko) Version/13.0.3 Mobile/15E148 Safari/604.1"
216.244.66.229 - - [02/Jul/2025:00:39:19 +0000] "GET /mail/tmp/?C=S;O=A HTTP/1.1" 200 676 "-" "Mozilla/5.0 (compatible; DotBot/1.2; +https://opensiteexplorer.org/dotbot; help@moz.com)"
114.119.138.179 - - [02/Jul/2025:00:39:41 +0000] "GET /cache/cache_8c1e2d0573ed1f99fd247768110f872f HTTP/1.1" 200 7 "http://www.wrightimagegroup.org/cache/?C=S%3BO%3DD" "Mozilla/5.0 (Linux; Android 7.0;) AppleWebKit/537.36 (KHTML, like Gecko) Mobile Safari/537.36 (compatible; PetalBot;+https://webmaster.petalsearch.com/site/petalbot)"
51.222.253.18 - - [02/Jul/2025:00:39:56 +0000] "GET /tmp/webalizer/usage_202504.html HTTP/1.1" 304 - "-" "Mozilla/5.0 (compatible; AhrefsBot/7.0; +http://ahrefs.com/robot/)"
216.244.66.229 - - [02/Jul/2025:00:44:14 +0000] "GET /etc/?C=S%3BO%3DA HTTP/1.1" 200 1206 "-" "Mozilla/5.0 (compatible; DotBot/1.2; +https://opensiteexplorer.org/dotbot; help@moz.com)"
216.244.66.229 - - [02/Jul/2025:00:44:18 +0000] "GET /logs/?C=M;O%3DA HTTP/1.1" 200 3284 "-" "Mozilla/5.0 (compatible; DotBot/1.2; +https://opensiteexplorer.org/dotbot; help@moz.com)"
216.244.66.229 - - [02/Jul/2025:00:44:21 +0000] "GET /ssl/?C=S;O%3DD HTTP/1.1" 200 1540 "-" "Mozilla/5.0 (compatible; DotBot/1.2; +https://opensiteexplorer.org/dotbot; help@moz.com)"
216.244.66.229 - - [02/Jul/2025:00:46:40 +0000] "GET /.cpaddons/moderation/?C=N;O%3DD HTTP/1.1" 200 710 "-" "Mozilla/5.0 (compatible; DotBot/1.2; +https://opensiteexplorer.org/dotbot; help@moz.com)"
216.244.66.229 - - [02/Jul/2025:00:46:43 +0000] "GET /public_ftp/incoming/?C=S;O%3DA HTTP/1.1" 200 709 "-" "Mozilla/5.0 (compatible; DotBot/1.2; +https://opensiteexplorer.org/dotbot; help@moz.com)"
216.244.66.229 - - [02/Jul/2025:00:46:44 +0000] "GET /ssl/csrs/?C=D;O%3DA HTTP/1.1" 200 680 "-" "Mozilla/5.0 (compatible; DotBot/1.2; +https://opensiteexplorer.org/dotbot; help@moz.com)"
51.222.253.1 - - [02/Jul/2025:00:47:04 +0000] "GET /tmp/webalizer/usage_202501.html HTTP/1.1" 304 - "-" "Mozilla/5.0 (compatible; AhrefsBot/7.0; +http://ahrefs.com/robot/)"
43.159.143.190 - - [02/Jul/2025:00:48:07 +0000] "GET /cgi-bin/ HTTP/1.1" 404 - "-" "Mozilla/5.0 (iPhone; CPU iPhone OS 13_2_3 like Mac OS X) AppleWebKit/605.1.15 (KHTML, like Gecko) Version/13.0.3 Mobile/15E148 Safari/604.1"
51.222.253.4 - - [02/Jul/2025:00:48:20 +0000] "GET /tmp/analog/10.html HTTP/1.1" 304 - "-" "Mozilla/5.0 (compatible; AhrefsBot/7.0; +http://ahrefs.com/robot/)"
216.73.216.78 - - [02/Jul/2025:00:49:08 +0000] "GET /robots.txt HTTP/1.1" 404 - "-" "Mozilla/5.0 AppleWebKit/537.36 (KHTML, like Gecko; compatible; ClaudeBot/1.0; +claudebot@anthropic.com)"
216.73.216.78 - - [02/Jul/2025:00:49:08 +0000] "GET /tmp/awstats/ssl/awstats022020.wrightimagegroup.com.txt HTTP/1.1" 200 11917 "-" "Mozilla/5.0 AppleWebKit/537.36 (KHTML, like Gecko; compatible; ClaudeBot/1.0; +claudebot@anthropic.com)"
216.244.66.229 - - [02/Jul/2025:00:49:33 +0000] "GET /www/triumphofflight.org/cgi-bin/?C=M;O=D HTTP/1.1" 200 741 "-" "Mozilla/5.0 (compatible; DotBot/1.2; +https://opensiteexplorer.org/dotbot; help@moz.com)"
216.73.216.78 - - [02/Jul/2025:00:50:28 +0000] "GET /tof/cgi-bin/?C=M&O=D HTTP/1.1" 200 681 "-" "Mozilla/5.0 AppleWebKit/537.36 (KHTML, like Gecko; compatible; ClaudeBot/1.0; +claudebot@anthropic.com)"
216.244.66.229 - - [02/Jul/2025:00:51:26 +0000] "GET /tmp/analog/ssl/wrightimagegroup.com/?C=D;O%3DA HTTP/1.1" 200 5132 "-" "Mozilla/5.0 (compatible; DotBot/1.2; +https://opensiteexplorer.org/dotbot; help@moz.com)"
216.73.216.78 - - [02/Jul/2025:00:51:54 +0000] "GET /tmp/webalizer/usage_202305.html HTTP/1.1" 200 106272 "-" "Mozilla/5.0 AppleWebKit/537.36 (KHTML, like Gecko; compatible; ClaudeBot/1.0; +claudebot@anthropic.com)"
43.166.136.153 - - [02/Jul/2025:00:52:30 +0000] "GET / HTTP/1.1" 200 2816 "-" "Mozilla/5.0 (iPhone; CPU iPhone OS 13_2_3 like Mac OS X) AppleWebKit/605.1.15 (KHTML, like Gecko) Version/13.0.3 Mobile/15E148 Safari/604.1"
43.166.1.243 - - [02/Jul/2025:00:53:20 +0000] "GET /tof/?C=D;O=A HTTP/1.1" 200 854 "-" "Mozilla/5.0 (iPhone; CPU iPhone OS 13_2_3 like Mac OS X) AppleWebKit/605.1.15 (KHTML, like Gecko) Version/13.0.3 Mobile/15E148 Safari/604.1"
51.222.253.18 - - [02/Jul/2025:00:54:02 +0000] "GET /tmp/webalizer/usage_202503.html HTTP/1.1" 304 - "-" "Mozilla/5.0 (compatible; AhrefsBot/7.0; +http://ahrefs.com/robot/)"
114.119.152.177 - - [02/Jul/2025:00:56:37 +0000] "GET /tmp/webalizer/usage_202207.html HTTP/1.1" 200 101524 "http://www.wrightimagegroup.org/tmp/webalizer/usage_202207.html" "Mozilla/5.0 (Linux; Android 7.0;) AppleWebKit/537.36 (KHTML, like Gecko) Mobile Safari/537.36 (compatible; PetalBot;+https://webmaster.petalsearch.com/site/petalbot)"
114.119.132.85 - - [02/Jul/2025:00:58:02 +0000] "GET /tmp/webalizer/hourly_usage_202203.png HTTP/1.1" 200 2010 "http://wrightimagegroup.org/tmp/webalizer/usage_202203.html" "Mozilla/5.0 (Linux; Android 7.0;) AppleWebKit/537.36 (KHTML, like Gecko) Mobile Safari/537.36 (compatible; PetalBot;+https://webmaster.petalsearch.com/site/petalbot)"
51.222.253.6 - - [02/Jul/2025:00:58:34 +0000] "GET /tmp/analog/11.html HTTP/1.1" 304 - "-" "Mozilla/5.0 (compatible; AhrefsBot/7.0; +http://ahrefs.com/robot/)"
51.222.253.7 - - [02/Jul/2025:01:01:46 +0000] "GET /tmp/analog/1.html HTTP/1.1" 304 - "-" "Mozilla/5.0 (compatible; AhrefsBot/7.0; +http://ahrefs.com/robot/)"
114.119.135.202 - - [02/Jul/2025:01:01:52 +0000] "GET /tmp/awstats/awstats022016.wrightimagegroup.com.txt HTTP/1.1" 200 6424 "http://www.wrightimagegroup.org/tmp/awstats/?C=S%3BO%3DD" "Mozilla/5.0 (Linux; Android 7.0;) AppleWebKit/537.36 (KHTML, like Gecko) Mobile Safari/537.36 (compatible; PetalBot;+https://webmaster.petalsearch.com/site/petalbot)"
43.166.253.94 - - [02/Jul/2025:01:03:13 +0000] "GET /tof/?C=N;O=D HTTP/1.1" 200 854 "-" "Mozilla/5.0 (iPhone; CPU iPhone OS 13_2_3 like Mac OS X) AppleWebKit/605.1.15 (KHTML, like Gecko) Version/13.0.3 Mobile/15E148 Safari/604.1"
114.119.152.177 - - [02/Jul/2025:01:03:36 +0000] "GET /tmp/webalizer/usage_202201.html HTTP/1.1" 200 99777 "http://wrightimagegroup.org/tmp/webalizer/usage_202201.html" "Mozilla/5.0 (Linux; Android 7.0;) AppleWebKit/537.36 (KHTML, like Gecko) Mobile Safari/537.36 (compatible; PetalBot;+https://webmaster.petalsearch.com/site/petalbot)"
216.73.216.78 - - [02/Jul/2025:01:04:20 +0000] "GET /ssl/csrs/?C=S&O=D HTTP/1.1" 200 675 "-" "Mozilla/5.0 AppleWebKit/537.36 (KHTML, like Gecko; compatible; ClaudeBot/1.0; +claudebot@anthropic.com)"
216.73.216.78 - - [02/Jul/2025:01:05:53 +0000] "GET /tmp/awstats/awstats092018.wrightimagegroup.wrightimagegroup.com.txt HTTP/1.1" 200 8361 "-" "Mozilla/5.0 AppleWebKit/537.36 (KHTML, like Gecko; compatible; ClaudeBot/1.0; +claudebot@anthropic.com)"
51.222.253.18 - - [02/Jul/2025:01:08:44 +0000] "GET /tmp/analog/10.html HTTP/1.1" 304 - "-" "Mozilla/5.0 (compatible; AhrefsBot/7.0; +http://ahrefs.com/robot/)"
114.119.138.179 - - [02/Jul/2025:01:08:45 +0000] "GET /tmp/awstats/ssl/awstats032023.wrightimagegroup.wrightimagegroup.com.txt HTTP/1.1" 200 51060 "http://wrightimagegroup.org/tmp/awstats/ssl/?C=M%3BO%3DA" "Mozilla/5.0 (Linux; Android 7.0;) AppleWebKit/537.36 (KHTML, like Gecko) Mobile Safari/537.36 (compatible; PetalBot;+https://webmaster.petalsearch.com/site/petalbot)"
216.244.66.230 - - [02/Jul/2025:01:08:56 +0000] "GET /robots.txt HTTP/1.1" 404 - "-" "Mozilla/5.0 (compatible; DotBot/1.2; +https://opensiteexplorer.org/dotbot; help@moz.com)"
51.222.253.6 - - [02/Jul/2025:01:09:39 +0000] "GET /robots.txt HTTP/1.1" 404 - "-" "Mozilla/5.0 (compatible; AhrefsBot/7.0; +http://ahrefs.com/robot/)"
51.222.253.7 - - [02/Jul/2025:01:09:41 +0000] "GET /tmp/analog/ssl/wrightimagegroup.wrightimagegroup.com/4.html HTTP/1.1" 304 - "-" "Mozilla/5.0 (compatible; AhrefsBot/7.0; +http://ahrefs.com/robot/)"
114.119.135.202 - - [02/Jul/2025:01:11:13 +0000] "GET /tmp/awstats/awstats062018.wrightimagegroup.com.txt HTTP/1.1" 200 9147 "http://wrightimagegroup.org/tmp/awstats/?C=S%3BO%3DA" "Mozilla/5.0 (Linux; Android 7.0;) AppleWebKit/537.36 (KHTML, like Gecko) Mobile Safari/537.36 (compatible; PetalBot;+https://webmaster.petalsearch.com/site/petalbot)"
43.157.95.239 - - [02/Jul/2025:01:11:35 +0000] "GET /tof/?C=M;O=A HTTP/1.1" 200 854 "-" "Mozilla/5.0 (iPhone; CPU iPhone OS 13_2_3 like Mac OS X) AppleWebKit/605.1.15 (KHTML, like Gecko) Version/13.0.3 Mobile/15E148 Safari/604.1"
216.244.66.229 - - [02/Jul/2025:01:12:12 +0000] "GET /robots.txt HTTP/1.1" 404 - "-" "Mozilla/5.0 (compatible; DotBot/1.2; +https://opensiteexplorer.org/dotbot; help@moz.com)"
216.244.66.229 - - [02/Jul/2025:01:12:12 +0000] "GET /robots.txt HTTP/1.1" 404 - "-" "Mozilla/5.0 (compatible; DotBot/1.2; +https://opensiteexplorer.org/dotbot; help@moz.com)"
114.119.140.169 - - [02/Jul/2025:01:12:51 +0000] "GET /tmp/awstats/awstats082019.wrightimagegroup.com.txt HTTP/1.1" 200 13145 "http://wrightimagegroup.org/tmp/awstats/?C=S%3BO%3DA" "Mozilla/5.0 (Linux; Android 7.0;) AppleWebKit/537.36 (KHTML, like Gecko) Mobile Safari/537.36 (compatible; PetalBot;+https://webmaster.petalsearch.com/site/petalbot)"
114.119.132.85 - - [02/Jul/2025:01:15:39 +0000] "GET /tmp/awstats/ssl/awstats042022.wrightimagegroup.com.txt HTTP/1.1" 200 14278 "http://wrightimagegroup.org/tmp/awstats/ssl/?C=M%3BO%3DA" "Mozilla/5.0 (Linux; Android 7.0;) AppleWebKit/537.36 (KHTML, like Gecko) Mobile Safari/537.36 (compatible; PetalBot;+https://webmaster.petalsearch.com/site/petalbot)"
114.119.132.85 - - [02/Jul/2025:01:17:06 +0000] "GET /tmp/awstats/awstats032021.wrightimagegroup.wrightimagegroup.com.txt HTTP/1.1" 200 45985 "http://wrightimagegroup.org/tmp/awstats/?C=S%3BO%3DA" "Mozilla/5.0 (Linux; Android 7.0;) AppleWebKit/537.36 (KHTML, like Gecko) Mobile Safari/537.36 (compatible; PetalBot;+https://webmaster.petalsearch.com/site/petalbot)"
162.62.231.139 - - [02/Jul/2025:01:17:53 +0000] "GET / HTTP/1.1" 200 2799 "-" "Mozilla/5.0 (iPhone; CPU iPhone OS 13_2_3 like Mac OS X) AppleWebKit/605.1.15 (KHTML, like Gecko) Version/13.0.3 Mobile/15E148 Safari/604.1"
51.222.253.6 - - [02/Jul/2025:01:22:15 +0000] "GET /tmp/analog/12.html HTTP/1.1" 304 - "-" "Mozilla/5.0 (compatible; AhrefsBot/7.0; +http://ahrefs.com/robot/)"
216.73.216.78 - - [02/Jul/2025:01:22:16 +0000] "GET /tmp/awstats/awstats082017.triumphofflight.org.wrightimagegroup.com.txt HTTP/1.1" 200 7943 "-" "Mozilla/5.0 AppleWebKit/537.36 (KHTML, like Gecko; compatible; ClaudeBot/1.0; +claudebot@anthropic.com)"
216.244.66.230 - - [02/Jul/2025:01:22:44 +0000] "GET /tmp/cpbandwidth/?C=M;O=D HTTP/1.1" 200 911 "-" "Mozilla/5.0 (compatible; DotBot/1.2; +https://opensiteexplorer.org/dotbot; help@moz.com)"
216.244.66.230 - - [02/Jul/2025:01:25:05 +0000] "GET /ssl/keys/?C=M%3BO%3DA HTTP/1.1" 200 696 "-" "Mozilla/5.0 (compatible; DotBot/1.2; +https://opensiteexplorer.org/dotbot; help@moz.com)"
216.244.66.230 - - [02/Jul/2025:01:25:09 +0000] "GET /tmp/cpbandwidth/?C=N;O%3DD HTTP/1.1" 200 911 "-" "Mozilla/5.0 (compatible; DotBot/1.2; +https://opensiteexplorer.org/dotbot; help@moz.com)"
216.244.66.230 - - [02/Jul/2025:01:25:12 +0000] "GET /tof/cgi-bin/?C=N%3BO%3DD HTTP/1.1" 200 702 "-" "Mozilla/5.0 (compatible; DotBot/1.2; +https://opensiteexplorer.org/dotbot; help@moz.com)"
216.244.66.230 - - [02/Jul/2025:01:25:47 +0000] "GET /public_ftp/incoming/?C=M%3BO%3DA HTTP/1.1" 200 725 "-" "Mozilla/5.0 (compatible; DotBot/1.2; +https://opensiteexplorer.org/dotbot; help@moz.com)"
43.165.135.242 - - [02/Jul/2025:01:26:30 +0000] "GET /tof/?C=S;O=A HTTP/1.1" 200 854 "-" "Mozilla/5.0 (iPhone; CPU iPhone OS 13_2_3 like Mac OS X) AppleWebKit/605.1.15 (KHTML, like Gecko) Version/13.0.3 Mobile/15E148 Safari/604.1"
51.222.253.13 - - [02/Jul/2025:01:29:26 +0000] "GET /tmp/analog/2.html HTTP/1.1" 304 - "-" "Mozilla/5.0 (compatible; AhrefsBot/7.0; +http://ahrefs.com/robot/)"
43.133.91.48 - - [02/Jul/2025:01:32:44 +0000] "GET /tof/cgi-bin/ HTTP/1.1" 200 698 "-" "Mozilla/5.0 (iPhone; CPU iPhone OS 13_2_3 like Mac OS X) AppleWebKit/605.1.15 (KHTML, like Gecko) Version/13.0.3 Mobile/15E148 Safari/604.1"
216.73.216.78 - - [02/Jul/2025:01:33:52 +0000] "GET /ssl/csrs/?C=N&O=A HTTP/1.1" 200 675 "-" "Mozilla/5.0 AppleWebKit/537.36 (KHTML, like Gecko; compatible; ClaudeBot/1.0; +claudebot@anthropic.com)"
66.249.65.41 - - [02/Jul/2025:01:35:39 +0000] "GET /robots.txt HTTP/1.1" 404 - "-" "Mozilla/5.0 (compatible; Googlebot/2.1; +http://www.google.com/bot.html)"
66.249.65.41 - - [02/Jul/2025:01:35:41 +0000] "GET /?locale=es_419 HTTP/1.1" 200 2812 "-" "Mozilla/5.0 (Linux; Android 6.0.1; Nexus 5X Build/MMB29P) AppleWebKit/537.36 (KHTML, like Gecko) Chrome/137.0.7151.103 Mobile Safari/537.36 (compatible; Googlebot/2.1; +http://www.google.com/bot.html)"
66.249.65.39 - - [02/Jul/2025:01:35:43 +0000] "GET /?20.127.146.25 HTTP/1.1" 200 2812 "-" "Mozilla/5.0 (Linux; Android 6.0.1; Nexus 5X Build/MMB29P) AppleWebKit/537.36 (KHTML, like Gecko) Chrome/137.0.7151.103 Mobile Safari/537.36 (compatible; Googlebot/2.1; +http://www.google.com/bot.html)"
216.244.66.229 - - [02/Jul/2025:01:36:13 +0000] "GET /www/triumphofflight.org/cgi-bin/?C=N;O=A HTTP/1.1" 200 746 "-" "Mozilla/5.0 (compatible; DotBot/1.2; +https://opensiteexplorer.org/dotbot; help@moz.com)"
114.119.132.85 - - [02/Jul/2025:01:36:17 +0000] "GET /tmp/awstats/ssl/awstats032021.wrightimagegroup.com.txt HTTP/1.1" 200 10039 "http://www.wrightimagegroup.org/tmp/awstats/ssl/?C=M%3BO%3DA" "Mozilla/5.0 (Linux; Android 7.0;) AppleWebKit/537.36 (KHTML, like Gecko) Mobile Safari/537.36 (compatible; PetalBot;+https://webmaster.petalsearch.com/site/petalbot)"
51.222.253.13 - - [02/Jul/2025:01:36:26 +0000] "GET /tmp/analog/3.html HTTP/1.1" 304 - "-" "Mozilla/5.0 (compatible; AhrefsBot/7.0; +http://ahrefs.com/robot/)"
216.244.66.229 - - [02/Jul/2025:01:37:02 +0000] "GET /tmp/awstats/ssl/awstats012024.wrightimagegroup.com.txt HTTP/1.1" 200 27665 "-" "Mozilla/5.0 (compatible; DotBot/1.2; +https://opensiteexplorer.org/dotbot; help@moz.com)"
216.244.66.229 - - [02/Jul/2025:01:37:37 +0000] "GET /ssl/keys/?C=N;O%3DA HTTP/1.1" 200 680 "-" "Mozilla/5.0 (compatible; DotBot/1.2; +https://opensiteexplorer.org/dotbot; help@moz.com)"
216.244.66.229 - - [02/Jul/2025:01:39:09 +0000] "GET /www/triumphofflight.org/cgi-bin/?C=S;O=D HTTP/1.1" 200 746 "-" "Mozilla/5.0 (compatible; DotBot/1.2; +https://opensiteexplorer.org/dotbot; help@moz.com)"
216.244.66.229 - - [02/Jul/2025:01:39:52 +0000] "GET /tmp/awstats/ssl/?C=D;O%3DA HTTP/1.1" 200 29837 "-" "Mozilla/5.0 (compatible; DotBot/1.2; +https://opensiteexplorer.org/dotbot; help@moz.com)"
114.119.146.18 - - [02/Jul/2025:01:40:32 +0000] "GET /tmp/awstats/awstats062019.wrightimagegroup.wrightimagegroup.com.txt HTTP/1.1" 200 12990 "http://www.wrightimagegroup.org/tmp/awstats/?C=S%3BO%3DD" "Mozilla/5.0 (Linux; Android 7.0;) AppleWebKit/537.36 (KHTML, like Gecko) Mobile Safari/537.36 (compatible; PetalBot;+https://webmaster.petalsearch.com/site/petalbot)"
114.119.146.18 - - [02/Jul/2025:01:42:01 +0000] "GET /tmp/awstats/ssl/awstats062022.wrightimagegroup.com.txt HTTP/1.1" 200 14960 "http://wrightimagegroup.org/tmp/awstats/ssl/?C=M%3BO%3DA" "Mozilla/5.0 (Linux; Android 7.0;) AppleWebKit/537.36 (KHTML, like Gecko) Mobile Safari/537.36 (compatible; PetalBot;+https://webmaster.petalsearch.com/site/petalbot)"
114.119.138.179 - - [02/Jul/2025:01:42:37 +0000] "GET /tmp/awstats/awstats042016.wrightimagegroup.com.txt HTTP/1.1" 200 6822 "http://wrightimagegroup.org/tmp/awstats/?C=S%3BO%3DA" "Mozilla/5.0 (Linux; Android 7.0;) AppleWebKit/537.36 (KHTML, like Gecko) Mobile Safari/537.36 (compatible; PetalBot;+https://webmaster.petalsearch.com/site/petalbot)"
51.222.253.5 - - [02/Jul/2025:01:43:05 +0000] "GET /tmp/analog/4.html HTTP/1.1" 304 - "-" "Mozilla/5.0 (compatible; AhrefsBot/7.0; +http://ahrefs.com/robot/)"
51.222.253.16 - - [02/Jul/2025:01:43:36 +0000] "GET /tmp/analog/ssl/wrightimagegroup.com/4.html HTTP/1.1" 304 - "-" "Mozilla/5.0 (compatible; AhrefsBot/7.0; +http://ahrefs.com/robot/)"
43.131.36.84 - - [02/Jul/2025:01:43:42 +0000] "GET /ssl/?C=S;O=A HTTP/1.1" 200 1552 "-" "Mozilla/5.0 (iPhone; CPU iPhone OS 13_2_3 like Mac OS X) AppleWebKit/605.1.15 (KHTML, like Gecko) Version/13.0.3 Mobile/15E148 Safari/604.1"
216.73.216.78 - - [02/Jul/2025:01:45:39 +0000] "GET /ssl/certs/?C=D&O=D HTTP/1.1" 200 677 "-" "Mozilla/5.0 AppleWebKit/537.36 (KHTML, like Gecko; compatible; ClaudeBot/1.0; +claudebot@anthropic.com)"
51.222.253.15 - - [02/Jul/2025:01:49:54 +0000] "GET /tmp/analog/5.html HTTP/1.1" 304 - "-" "Mozilla/5.0 (compatible; AhrefsBot/7.0; +http://ahrefs.com/robot/)"
43.157.156.190 - - [02/Jul/2025:01:52:21 +0000] "GET /triumphofflight.com/?C=M;O=A HTTP/1.1" 200 886 "-" "Mozilla/5.0 (iPhone; CPU iPhone OS 13_2_3 like Mac OS X) AppleWebKit/605.1.15 (KHTML, like Gecko) Version/13.0.3 Mobile/15E148 Safari/604.1"
216.244.66.230 - - [02/Jul/2025:01:53:49 +0000] "GET /robots.txt HTTP/1.1" 404 - "-" "Mozilla/5.0 (compatible; DotBot/1.2; +https://opensiteexplorer.org/dotbot; help@moz.com)"
216.73.216.78 - - [02/Jul/2025:01:54:01 +0000] "GET /robots.txt HTTP/1.1" 404 - "-" "Mozilla/5.0 AppleWebKit/537.36 (KHTML, like Gecko; compatible; ClaudeBot/1.0; +claudebot@anthropic.com)"
216.73.216.78 - - [02/Jul/2025:01:54:04 +0000] "GET /tmp/analog/ssl/wrightimagegroup.com/8.html HTTP/1.1" 200 112896 "-" "Mozilla/5.0 AppleWebKit/537.36 (KHTML, like Gecko; compatible; ClaudeBot/1.0; +claudebot@anthropic.com)"
216.73.216.78 - - [02/Jul/2025:01:56:01 +0000] "GET /ssl/certs/?C=N&O=A HTTP/1.1" 200 677 "-" "Mozilla/5.0 AppleWebKit/537.36 (KHTML, like Gecko; compatible; ClaudeBot/1.0; +claudebot@anthropic.com)"
51.222.253.19 - - [02/Jul/2025:01:56:42 +0000] "GET /tmp/analog/6.html HTTP/1.1" 304 - "-" "Mozilla/5.0 (compatible; AhrefsBot/7.0; +http://ahrefs.com/robot/)"
114.119.140.169 - - [02/Jul/2025:01:56:37 +0000] "GET /tmp/webalizer/usage_202408.html HTTP/1.1" 200 110836 "http://www.wrightimagegroup.org/tmp/webalizer/" "Mozilla/5.0 (Linux; Android 7.0;) AppleWebKit/537.36 (KHTML, like Gecko) Mobile Safari/537.36 (compatible; PetalBot;+https://webmaster.petalsearch.com/site/petalbot)"
114.119.132.85 - - [02/Jul/2025:01:58:02 +0000] "GET /tmp/awstats/awstats082022.wrightimagegroup.com.txt HTTP/1.1" 200 21651 "http://www.wrightimagegroup.org/tmp/awstats/?C=S%3BO%3DD" "Mozilla/5.0 (Linux; Android 7.0;) AppleWebKit/537.36 (KHTML, like Gecko) Mobile Safari/537.36 (compatible; PetalBot;+https://webmaster.petalsearch.com/site/petalbot)"
216.244.66.229 - - [02/Jul/2025:01:58:38 +0000] "GET /robots.txt HTTP/1.1" 404 - "-" "Mozilla/5.0 (compatible; DotBot/1.2; +https://opensiteexplorer.org/dotbot; help@moz.com)"
